{"id":3394,"date":"2025-03-21T15:42:24","date_gmt":"2025-03-21T14:42:24","guid":{"rendered":"https:\/\/dev.bertakomm-v3.berta-bewegt.ch\/mitarbeiter\/michel-thoma\/"},"modified":"2026-01-09T16:02:03","modified_gmt":"2026-01-09T15:02:03","slug":"michel-thoma","status":"publish","type":"mitarbeiter","link":"https:\/\/bertakomm.ch\/it\/team-member\/michel-thoma\/","title":{"rendered":"Michel Thoma"},"content":{"rendered":"\n<h2 class=\"wp-block-heading\" id=\"h-\"><\/h2>\n\n\n\n<p>Michel Thoma \u00e8 Multimedia Producer e si occupa di produzioni video e fotografiche \u2013 in studio come sul set. Con un occhio attento al dettaglio, cura la postproduzione, incluso il color grading, e garantisce risultati visivi di alta qualit\u00e0. Come pilota di droni \u2013 anche con voli FPV \u2013 realizza riprese aeree impressionanti. Dall\u2019idea alla realizzazione, apporta concetti creativi e unisce competenze tecniche e storytelling visivo. Michel Thoma dispone di un certificato di filmmaking di Studio 1.<\/p>\n","protected":false},"featured_media":3396,"template":"","mitarbeiter_tag":[100],"class_list":["post-3394","mitarbeiter","type-mitarbeiter","status-publish","has-post-thumbnail","hentry","mitarbeiter_tag-multimedia-it"],"acf":[],"yoast_head":"<!-- This site is optimized with the Yoast SEO Premium plugin v27.2 (Yoast SEO v27.2) - https:\/\/yoast.com\/product\/yoast-seo-premium-wordpress\/ -->\n<title>Michel Thoma - Multimedia Producer | BERTAKOMM<\/title>\n<meta name=\"description\" content=\"Michel Thoma \u00e8 Multimedia Producer e si occupa di produzioni video e fotografiche \u2013 in studio come sul set. Con un occhio attento al dettaglio, cura la postproduzione, incluso il color grading, e garantisce risultati visivi di alta qualit\u00e0.\" \/>\n<meta name=\"robots\" content=\"index, follow, max-snippet:-1, max-image-preview:large, max-video-preview:-1\" \/>\n<link rel=\"canonical\" href=\"https:\/\/bertakomm.ch\/it\/team-member\/michel-thoma\/\" \/>\n<meta property=\"og:locale\" content=\"it_IT\" \/>\n<meta property=\"og:type\" content=\"article\" \/>\n<meta property=\"og:title\" content=\"Michel Thoma\" \/>\n<meta property=\"og:description\" content=\"Michel Thoma \u00e8 Multimedia Producer e si occupa di produzioni video e fotografiche \u2013 in studio come sul set. Con un occhio attento al dettaglio, cura la postproduzione, incluso il color grading, e garantisce risultati visivi di alta qualit\u00e0.\" \/>\n<meta property=\"og:url\" content=\"https:\/\/bertakomm.ch\/it\/team-member\/michel-thoma\/\" \/>\n<meta property=\"og:site_name\" content=\"BERTAKOMM\" \/>\n<meta property=\"article:modified_time\" content=\"2026-01-09T15:02:03+00:00\" \/>\n<meta property=\"og:image\" content=\"https:\/\/bertakomm.ch\/wp-content\/uploads\/2025\/03\/bertakomm_portraits_michel-5-72pixel-scaled.jpg\" \/>\n\t<meta property=\"og:image:width\" content=\"1707\" \/>\n\t<meta property=\"og:image:height\" content=\"2560\" \/>\n\t<meta property=\"og:image:type\" content=\"image\/jpeg\" \/>\n<meta name=\"twitter:card\" content=\"summary_large_image\" \/>\n<meta name=\"twitter:label1\" content=\"Est. reading time\" \/>\n\t<meta name=\"twitter:data1\" content=\"2 minuti\" \/>\n<!-- \/ Yoast SEO Premium plugin. -->","yoast_head_json":{"title":"Michel Thoma - Multimedia Producer | BERTAKOMM","description":"Michel Thoma \u00e8 Multimedia Producer e si occupa di produzioni video e fotografiche \u2013 in studio come sul set. Con un occhio attento al dettaglio, cura la postproduzione, incluso il color grading, e garantisce risultati visivi di alta qualit\u00e0.","robots":{"index":"index","follow":"follow","max-snippet":"max-snippet:-1","max-image-preview":"max-image-preview:large","max-video-preview":"max-video-preview:-1"},"canonical":"https:\/\/bertakomm.ch\/it\/team-member\/michel-thoma\/","og_locale":"it_IT","og_type":"article","og_title":"Michel Thoma","og_description":"Michel Thoma \u00e8 Multimedia Producer e si occupa di produzioni video e fotografiche \u2013 in studio come sul set. Con un occhio attento al dettaglio, cura la postproduzione, incluso il color grading, e garantisce risultati visivi di alta qualit\u00e0.","og_url":"https:\/\/bertakomm.ch\/it\/team-member\/michel-thoma\/","og_site_name":"BERTAKOMM","article_modified_time":"2026-01-09T15:02:03+00:00","og_image":[{"width":1707,"height":2560,"url":"https:\/\/bertakomm.ch\/wp-content\/uploads\/2025\/03\/bertakomm_portraits_michel-5-72pixel-scaled.jpg","type":"image\/jpeg"}],"twitter_card":"summary_large_image","twitter_misc":{"Est. reading time":"2 minuti"},"schema":{"@context":"https:\/\/schema.org","@graph":[{"@type":["WebPage","ProfilePage"],"@id":"https:\/\/bertakomm.ch\/it\/team-member\/michel-thoma\/","url":"https:\/\/bertakomm.ch\/it\/team-member\/michel-thoma\/","name":"Michel Thoma - Multimedia Producer | BERTAKOMM","isPartOf":{"@id":"https:\/\/bertakomm.ch\/#website"},"primaryImageOfPage":{"@id":"https:\/\/bertakomm.ch\/it\/team-member\/michel-thoma\/#primaryimage"},"image":{"@id":"https:\/\/bertakomm.ch\/it\/team-member\/michel-thoma\/#primaryimage"},"thumbnailUrl":"https:\/\/bertakomm.ch\/wp-content\/uploads\/2025\/03\/bertakomm_portraits_michel-5-72pixel-scaled.jpg","datePublished":"2025-03-21T14:42:24+00:00","dateModified":"2026-01-09T15:02:03+00:00","description":"Michel Thoma \u00e8 Multimedia Producer e si occupa di produzioni video e fotografiche \u2013 in studio come sul set. Con un occhio attento al dettaglio, cura la postproduzione, incluso il color grading, e garantisce risultati visivi di alta qualit\u00e0.","breadcrumb":{"@id":"https:\/\/bertakomm.ch\/it\/team-member\/michel-thoma\/#breadcrumb"},"inLanguage":"it-IT","potentialAction":[{"@type":"ReadAction","target":["https:\/\/bertakomm.ch\/it\/team-member\/michel-thoma\/"]}]},{"@type":"ImageObject","inLanguage":"it-IT","@id":"https:\/\/bertakomm.ch\/it\/team-member\/michel-thoma\/#primaryimage","url":"https:\/\/bertakomm.ch\/wp-content\/uploads\/2025\/03\/bertakomm_portraits_michel-5-72pixel-scaled.jpg","contentUrl":"https:\/\/bertakomm.ch\/wp-content\/uploads\/2025\/03\/bertakomm_portraits_michel-5-72pixel-scaled.jpg","width":1707,"height":2560},{"@type":"BreadcrumbList","@id":"https:\/\/bertakomm.ch\/it\/team-member\/michel-thoma\/#breadcrumb","itemListElement":[{"@type":"ListItem","position":1,"name":"Home","item":"https:\/\/bertakomm.ch\/it\/"},{"@type":"ListItem","position":2,"name":"Mitarbeiter","item":"https:\/\/bertakomm.ch\/mitarbeiter\/"},{"@type":"ListItem","position":3,"name":"Michel Thoma"}]},{"@type":"WebSite","@id":"https:\/\/bertakomm.ch\/#website","url":"https:\/\/bertakomm.ch\/","name":"BERTAKOMM","description":"Strategisch. Kreativ. Auf den Punkt.","publisher":{"@id":"https:\/\/bertakomm.ch\/#organization"},"potentialAction":[{"@type":"SearchAction","target":{"@type":"EntryPoint","urlTemplate":"https:\/\/bertakomm.ch\/?s={search_term_string}"},"query-input":{"@type":"PropertyValueSpecification","valueRequired":true,"valueName":"search_term_string"}}],"inLanguage":"it-IT"},{"@type":"Organization","@id":"https:\/\/bertakomm.ch\/#organization","name":"BERTAKOMM","url":"https:\/\/bertakomm.ch\/","logo":{"@type":"ImageObject","inLanguage":"it-IT","@id":"https:\/\/bertakomm.ch\/#\/schema\/logo\/image\/","url":"","contentUrl":"","caption":"BERTAKOMM"},"image":{"@id":"https:\/\/bertakomm.ch\/#\/schema\/logo\/image\/"},"sameAs":["https:\/\/www.instagram.com\/bertakomm\/","https:\/\/www.linkedin.com\/company\/bertakomm"],"mainEntityOfPage":{"@id":"https:\/\/bertakomm.ch\/it\/team-member\/michel-thoma\/"},"description":"BERTAKOMM beherrscht die gesamte Klaviatur anspruchsvoller Kommunikation und bietet L\u00f6sungen aus einer Hand. Mit rund 40 Mitarbeitenden an Standorten in der ganzen Schweiz \u00fcbersetzen wir komplexe Inhalte in verst\u00e4ndliche Kommunikation \u2013 von der ersten Idee bis zur aussagekr\u00e4ftigen Visualisierung, von der konzisen Strategie bis zur reibungslosen Umsetzung.","email":"gruezi@bertakomm.ch","telephone":"+41445204080","legalName":"BERTA KOMM","foundingDate":"2025-01-01","numberOfEmployees":{"@type":"QuantitativeValue","minValue":"51","maxValue":"200"}}]}},"_links":{"self":[{"href":"https:\/\/bertakomm.ch\/it\/wp-json\/wp\/v2\/mitarbeiter\/3394","targetHints":{"allow":["GET"]}}],"collection":[{"href":"https:\/\/bertakomm.ch\/it\/wp-json\/wp\/v2\/mitarbeiter"}],"about":[{"href":"https:\/\/bertakomm.ch\/it\/wp-json\/wp\/v2\/types\/mitarbeiter"}],"version-history":[{"count":2,"href":"https:\/\/bertakomm.ch\/it\/wp-json\/wp\/v2\/mitarbeiter\/3394\/revisions"}],"predecessor-version":[{"id":7265,"href":"https:\/\/bertakomm.ch\/it\/wp-json\/wp\/v2\/mitarbeiter\/3394\/revisions\/7265"}],"wp:featuredmedia":[{"embeddable":true,"href":"https:\/\/bertakomm.ch\/it\/wp-json\/wp\/v2\/media\/3396"}],"wp:attachment":[{"href":"https:\/\/bertakomm.ch\/it\/wp-json\/wp\/v2\/media?parent=3394"}],"wp:term":[{"taxonomy":"mitarbeiter_tag","embeddable":true,"href":"https:\/\/bertakomm.ch\/it\/wp-json\/wp\/v2\/mitarbeiter_tag?post=3394"}],"curies":[{"name":"wp","href":"https:\/\/api.w.org\/{rel}","templated":true}]}}

<h2 class="wp-block-heading" id="h-"></h2>



<p>Michel Thoma è Multimedia Producer e si occupa di produzioni video e fotografiche – in studio come sul set. Con un occhio attento al dettaglio, cura la postproduzione, incluso il color grading, e garantisce risultati visivi di alta qualità. Come pilota di droni – anche con voli FPV – realizza riprese aeree impressionanti. Dall’idea alla realizzazione, apporta concetti creativi e unisce competenze tecniche e storytelling visivo. Michel Thoma dispone di un certificato di filmmaking di Studio 1.</p>

<!-- This site is optimized with the Yoast SEO Premium plugin v27.2 (Yoast SEO v27.2) - https://yoast.com/product/yoast-seo-premium-wordpress/ -->
<title>Michel Thoma - Multimedia Producer | BERTAKOMM</title>
<meta name="description" content="Michel Thoma è Multimedia Producer e si occupa di produzioni video e fotografiche – in studio come sul set. Con un occhio attento al dettaglio, cura la postproduzione, incluso il color grading, e garantisce risultati visivi di alta qualità." />
<meta name="robots" content="index, follow, max-snippet:-1, max-image-preview:large, max-video-preview:-1" />
<link rel="canonical" href="https://bertakomm.ch/it/team-member/michel-thoma/" />
<meta property="og:locale" content="it_IT" />
<meta property="og:type" content="article" />
<meta property="og:title" content="Michel Thoma" />
<meta property="og:description" content="Michel Thoma è Multimedia Producer e si occupa di produzioni video e fotografiche – in studio come sul set. Con un occhio attento al dettaglio, cura la postproduzione, incluso il color grading, e garantisce risultati visivi di alta qualità." />
<meta property="og:url" content="https://bertakomm.ch/it/team-member/michel-thoma/" />
<meta property="og:site_name" content="BERTAKOMM" />
<meta property="article:modified_time" content="2026-01-09T15:02:03+00:00" />
<meta property="og:image" content="https://bertakomm.ch/wp-content/uploads/2025/03/bertakomm_portraits_michel-5-72pixel-scaled.jpg" />
	<meta property="og:image:width" content="1707" />
	<meta property="og:image:height" content="2560" />
	<meta property="og:image:type" content="image/jpeg" />
<meta name="twitter:card" content="summary_large_image" />
<meta name="twitter:label1" content="Est. reading time" />
	<meta name="twitter:data1" content="2 minuti" />
<!-- / Yoast SEO Premium plugin. -->

Michel Thoma è Multimedia Producer e si occupa di produzioni video e fotografiche – in studio come sul set. Con un occhio attento al dettaglio, cura la postproduzione, incluso il color grading, e garantisce risultati visivi di alta qualità.

BERTAKOMM beherrscht die gesamte Klaviatur anspruchsvoller Kommunikation und bietet Lösungen aus einer Hand. Mit rund 40 Mitarbeitenden an Standorten in der ganzen Schweiz übersetzen wir komplexe Inhalte in verständliche Kommunikation – von der ersten Idee bis zur aussagekräftigen Visualisierung, von der konzisen Strategie bis zur reibungslosen Umsetzung.
