{"id":3214,"date":"2025-03-21T15:48:14","date_gmt":"2025-03-21T14:48:14","guid":{"rendered":"https:\/\/dev.bertakomm-v3.berta-bewegt.ch\/mitarbeiter\/urs-rellstab\/"},"modified":"2026-01-09T15:38:28","modified_gmt":"2026-01-09T14:38:28","slug":"urs-rellstab","status":"publish","type":"mitarbeiter","link":"https:\/\/bertakomm.ch\/it\/team-member\/urs-rellstab\/","title":{"rendered":"Dr. Urs Rellstab"},"content":{"rendered":"\n<h2 class=\"wp-block-heading\" id=\"h-\"><\/h2>\n\n\n\n<p>Urs Rellstab \u00e8 consulente politico strategico e campaigner con grande esperienza. Conosce l\u2019interazione tra economia, politica e opinione pubblica da diverse prospettive \u2013 sia dal lato agenzia sia dal lato associativo. Tra il 2000 e il 2010 \u00e8 stato responsabile della comunicazione presso economiesuisse e responsabile di tutte le campagne dell\u2019organizzazione mantello. In precedenza ha lavorato come giornalista e caporedattore. Urs Rellstab ha studiato economia all\u2019Universit\u00e0 di San Gallo (HSG).<\/p>\n","protected":false},"featured_media":3216,"template":"","mitarbeiter_tag":[103,85],"class_list":["post-3214","mitarbeiter","type-mitarbeiter","status-publish","has-post-thumbnail","hentry","mitarbeiter_tag-partner-it","mitarbeiter_tag-consulting-it"],"acf":[],"yoast_head":"<!-- This site is optimized with the Yoast SEO Premium plugin v27.2 (Yoast SEO v27.2) - https:\/\/yoast.com\/product\/yoast-seo-premium-wordpress\/ -->\n<title>Urs Rellstab - Chairman of the Board | BERTAKOMM<\/title>\n<meta name=\"description\" content=\"Urs Rellstab \u00e8 consulente politico strategico e campaigner con grande esperienza. Conosce l\u2019interazione tra economia, politica e opinione pubblica da diverse prospettive \u2013 sia dal lato agenzia sia dal lato associativo.\" \/>\n<meta name=\"robots\" content=\"index, follow, max-snippet:-1, max-image-preview:large, max-video-preview:-1\" \/>\n<link rel=\"canonical\" href=\"https:\/\/bertakomm.ch\/it\/team-member\/urs-rellstab\/\" \/>\n<meta property=\"og:locale\" content=\"it_IT\" \/>\n<meta property=\"og:type\" content=\"article\" \/>\n<meta property=\"og:title\" content=\"Dr. Urs Rellstab\" \/>\n<meta property=\"og:description\" content=\"Urs Rellstab \u00e8 consulente politico strategico e campaigner con grande esperienza. Conosce l\u2019interazione tra economia, politica e opinione pubblica da diverse prospettive \u2013 sia dal lato agenzia sia dal lato associativo.\" \/>\n<meta property=\"og:url\" content=\"https:\/\/bertakomm.ch\/it\/team-member\/urs-rellstab\/\" \/>\n<meta property=\"og:site_name\" content=\"BERTAKOMM\" \/>\n<meta property=\"article:modified_time\" content=\"2026-01-09T14:38:28+00:00\" \/>\n<meta property=\"og:image\" content=\"https:\/\/bertakomm.ch\/wp-content\/uploads\/2025\/03\/urs-3-72pixel-scaled.jpg\" \/>\n\t<meta property=\"og:image:width\" content=\"1707\" \/>\n\t<meta property=\"og:image:height\" content=\"2560\" \/>\n\t<meta property=\"og:image:type\" content=\"image\/jpeg\" \/>\n<meta name=\"twitter:card\" content=\"summary_large_image\" \/>\n<meta name=\"twitter:label1\" content=\"Est. reading time\" \/>\n\t<meta name=\"twitter:data1\" content=\"2 minuti\" \/>\n<!-- \/ Yoast SEO Premium plugin. -->","yoast_head_json":{"title":"Urs Rellstab - Chairman of the Board | BERTAKOMM","description":"Urs Rellstab \u00e8 consulente politico strategico e campaigner con grande esperienza. Conosce l\u2019interazione tra economia, politica e opinione pubblica da diverse prospettive \u2013 sia dal lato agenzia sia dal lato associativo.","robots":{"index":"index","follow":"follow","max-snippet":"max-snippet:-1","max-image-preview":"max-image-preview:large","max-video-preview":"max-video-preview:-1"},"canonical":"https:\/\/bertakomm.ch\/it\/team-member\/urs-rellstab\/","og_locale":"it_IT","og_type":"article","og_title":"Dr. Urs Rellstab","og_description":"Urs Rellstab \u00e8 consulente politico strategico e campaigner con grande esperienza. Conosce l\u2019interazione tra economia, politica e opinione pubblica da diverse prospettive \u2013 sia dal lato agenzia sia dal lato associativo.","og_url":"https:\/\/bertakomm.ch\/it\/team-member\/urs-rellstab\/","og_site_name":"BERTAKOMM","article_modified_time":"2026-01-09T14:38:28+00:00","og_image":[{"width":1707,"height":2560,"url":"https:\/\/bertakomm.ch\/wp-content\/uploads\/2025\/03\/urs-3-72pixel-scaled.jpg","type":"image\/jpeg"}],"twitter_card":"summary_large_image","twitter_misc":{"Est. reading time":"2 minuti"},"schema":{"@context":"https:\/\/schema.org","@graph":[{"@type":["WebPage","ProfilePage"],"@id":"https:\/\/bertakomm.ch\/it\/team-member\/urs-rellstab\/","url":"https:\/\/bertakomm.ch\/it\/team-member\/urs-rellstab\/","name":"Urs Rellstab - Chairman of the Board | BERTAKOMM","isPartOf":{"@id":"https:\/\/bertakomm.ch\/#website"},"primaryImageOfPage":{"@id":"https:\/\/bertakomm.ch\/it\/team-member\/urs-rellstab\/#primaryimage"},"image":{"@id":"https:\/\/bertakomm.ch\/it\/team-member\/urs-rellstab\/#primaryimage"},"thumbnailUrl":"https:\/\/bertakomm.ch\/wp-content\/uploads\/2025\/03\/urs-3-72pixel-scaled.jpg","datePublished":"2025-03-21T14:48:14+00:00","dateModified":"2026-01-09T14:38:28+00:00","description":"Urs Rellstab \u00e8 consulente politico strategico e campaigner con grande esperienza. Conosce l\u2019interazione tra economia, politica e opinione pubblica da diverse prospettive \u2013 sia dal lato agenzia sia dal lato associativo.","breadcrumb":{"@id":"https:\/\/bertakomm.ch\/it\/team-member\/urs-rellstab\/#breadcrumb"},"inLanguage":"it-IT","potentialAction":[{"@type":"ReadAction","target":["https:\/\/bertakomm.ch\/it\/team-member\/urs-rellstab\/"]}]},{"@type":"ImageObject","inLanguage":"it-IT","@id":"https:\/\/bertakomm.ch\/it\/team-member\/urs-rellstab\/#primaryimage","url":"https:\/\/bertakomm.ch\/wp-content\/uploads\/2025\/03\/urs-3-72pixel-scaled.jpg","contentUrl":"https:\/\/bertakomm.ch\/wp-content\/uploads\/2025\/03\/urs-3-72pixel-scaled.jpg","width":1707,"height":2560},{"@type":"BreadcrumbList","@id":"https:\/\/bertakomm.ch\/it\/team-member\/urs-rellstab\/#breadcrumb","itemListElement":[{"@type":"ListItem","position":1,"name":"Home","item":"https:\/\/bertakomm.ch\/it\/"},{"@type":"ListItem","position":2,"name":"Mitarbeiter","item":"https:\/\/bertakomm.ch\/mitarbeiter\/"},{"@type":"ListItem","position":3,"name":"Dr. Urs Rellstab"}]},{"@type":"WebSite","@id":"https:\/\/bertakomm.ch\/#website","url":"https:\/\/bertakomm.ch\/","name":"BERTAKOMM","description":"Strategisch. Kreativ. Auf den Punkt.","publisher":{"@id":"https:\/\/bertakomm.ch\/#organization"},"potentialAction":[{"@type":"SearchAction","target":{"@type":"EntryPoint","urlTemplate":"https:\/\/bertakomm.ch\/?s={search_term_string}"},"query-input":{"@type":"PropertyValueSpecification","valueRequired":true,"valueName":"search_term_string"}}],"inLanguage":"it-IT"},{"@type":"Organization","@id":"https:\/\/bertakomm.ch\/#organization","name":"BERTAKOMM","url":"https:\/\/bertakomm.ch\/","logo":{"@type":"ImageObject","inLanguage":"it-IT","@id":"https:\/\/bertakomm.ch\/#\/schema\/logo\/image\/","url":"","contentUrl":"","caption":"BERTAKOMM"},"image":{"@id":"https:\/\/bertakomm.ch\/#\/schema\/logo\/image\/"},"sameAs":["https:\/\/www.instagram.com\/bertakomm\/","https:\/\/www.linkedin.com\/company\/bertakomm"],"mainEntityOfPage":{"@id":"https:\/\/bertakomm.ch\/it\/team-member\/urs-rellstab\/"},"description":"BERTAKOMM beherrscht die gesamte Klaviatur anspruchsvoller Kommunikation und bietet L\u00f6sungen aus einer Hand. Mit rund 40 Mitarbeitenden an Standorten in der ganzen Schweiz \u00fcbersetzen wir komplexe Inhalte in verst\u00e4ndliche Kommunikation \u2013 von der ersten Idee bis zur aussagekr\u00e4ftigen Visualisierung, von der konzisen Strategie bis zur reibungslosen Umsetzung.","email":"gruezi@bertakomm.ch","telephone":"+41445204080","legalName":"BERTA KOMM","foundingDate":"2025-01-01","numberOfEmployees":{"@type":"QuantitativeValue","minValue":"51","maxValue":"200"}}]}},"_links":{"self":[{"href":"https:\/\/bertakomm.ch\/it\/wp-json\/wp\/v2\/mitarbeiter\/3214","targetHints":{"allow":["GET"]}}],"collection":[{"href":"https:\/\/bertakomm.ch\/it\/wp-json\/wp\/v2\/mitarbeiter"}],"about":[{"href":"https:\/\/bertakomm.ch\/it\/wp-json\/wp\/v2\/types\/mitarbeiter"}],"version-history":[{"count":1,"href":"https:\/\/bertakomm.ch\/it\/wp-json\/wp\/v2\/mitarbeiter\/3214\/revisions"}],"predecessor-version":[{"id":7090,"href":"https:\/\/bertakomm.ch\/it\/wp-json\/wp\/v2\/mitarbeiter\/3214\/revisions\/7090"}],"wp:featuredmedia":[{"embeddable":true,"href":"https:\/\/bertakomm.ch\/it\/wp-json\/wp\/v2\/media\/3216"}],"wp:attachment":[{"href":"https:\/\/bertakomm.ch\/it\/wp-json\/wp\/v2\/media?parent=3214"}],"wp:term":[{"taxonomy":"mitarbeiter_tag","embeddable":true,"href":"https:\/\/bertakomm.ch\/it\/wp-json\/wp\/v2\/mitarbeiter_tag?post=3214"}],"curies":[{"name":"wp","href":"https:\/\/api.w.org\/{rel}","templated":true}]}}

<h2 class="wp-block-heading" id="h-"></h2>



<p>Urs Rellstab è consulente politico strategico e campaigner con grande esperienza. Conosce l’interazione tra economia, politica e opinione pubblica da diverse prospettive – sia dal lato agenzia sia dal lato associativo. Tra il 2000 e il 2010 è stato responsabile della comunicazione presso economiesuisse e responsabile di tutte le campagne dell’organizzazione mantello. In precedenza ha lavorato come giornalista e caporedattore. Urs Rellstab ha studiato economia all’Università di San Gallo (HSG).</p>

<!-- This site is optimized with the Yoast SEO Premium plugin v27.2 (Yoast SEO v27.2) - https://yoast.com/product/yoast-seo-premium-wordpress/ -->
<title>Urs Rellstab - Chairman of the Board | BERTAKOMM</title>
<meta name="description" content="Urs Rellstab è consulente politico strategico e campaigner con grande esperienza. Conosce l’interazione tra economia, politica e opinione pubblica da diverse prospettive – sia dal lato agenzia sia dal lato associativo." />
<meta name="robots" content="index, follow, max-snippet:-1, max-image-preview:large, max-video-preview:-1" />
<link rel="canonical" href="https://bertakomm.ch/it/team-member/urs-rellstab/" />
<meta property="og:locale" content="it_IT" />
<meta property="og:type" content="article" />
<meta property="og:title" content="Dr. Urs Rellstab" />
<meta property="og:description" content="Urs Rellstab è consulente politico strategico e campaigner con grande esperienza. Conosce l’interazione tra economia, politica e opinione pubblica da diverse prospettive – sia dal lato agenzia sia dal lato associativo." />
<meta property="og:url" content="https://bertakomm.ch/it/team-member/urs-rellstab/" />
<meta property="og:site_name" content="BERTAKOMM" />
<meta property="article:modified_time" content="2026-01-09T14:38:28+00:00" />
<meta property="og:image" content="https://bertakomm.ch/wp-content/uploads/2025/03/urs-3-72pixel-scaled.jpg" />
	<meta property="og:image:width" content="1707" />
	<meta property="og:image:height" content="2560" />
	<meta property="og:image:type" content="image/jpeg" />
<meta name="twitter:card" content="summary_large_image" />
<meta name="twitter:label1" content="Est. reading time" />
	<meta name="twitter:data1" content="2 minuti" />
<!-- / Yoast SEO Premium plugin. -->

Urs Rellstab è consulente politico strategico e campaigner con grande esperienza. Conosce l’interazione tra economia, politica e opinione pubblica da diverse prospettive – sia dal lato agenzia sia dal lato associativo.

BERTAKOMM beherrscht die gesamte Klaviatur anspruchsvoller Kommunikation und bietet Lösungen aus einer Hand. Mit rund 40 Mitarbeitenden an Standorten in der ganzen Schweiz übersetzen wir komplexe Inhalte in verständliche Kommunikation – von der ersten Idee bis zur aussagekräftigen Visualisierung, von der konzisen Strategie bis zur reibungslosen Umsetzung.
