{"id":3141,"date":"2025-03-21T16:03:04","date_gmt":"2025-03-21T15:03:04","guid":{"rendered":"https:\/\/dev.bertakomm-v3.berta-bewegt.ch\/mitarbeiter\/carla-de-vizzi\/"},"modified":"2026-01-09T16:45:14","modified_gmt":"2026-01-09T15:45:14","slug":"carla-de-vizzi","status":"publish","type":"mitarbeiter","link":"https:\/\/bertakomm.ch\/it\/team-member\/carla-de-vizzi\/","title":{"rendered":"Carla De-Vizzi"},"content":{"rendered":"\n<h2 class=\"wp-block-heading\" id=\"h-\"><\/h2>\n\n\n\n<p>Carla De-Vizzi \u00e8 specialista in comunicazione con un background giornalistico. Sa tradurre informazioni complesse in storie chiare e comprensibili. Ha iniziato la sua carriera nel giornalismo locale, in seguito ha lavorato per la Radiotelevisione Svizzera (SRF). Pi\u00f9 recentemente ha lavorato nella newsroom di Blick. Carla De-Vizzi ha studiato pubblicistica e scienze della comunicazione con materia secondaria politica all\u2019Universit\u00e0 di Zurigo e ha conseguito un Master of Science in Corporate Communication presso l\u2019Universit\u00e0 di Amsterdam.<\/p>\n","protected":false},"featured_media":3143,"template":"","mitarbeiter_tag":[85],"class_list":["post-3141","mitarbeiter","type-mitarbeiter","status-publish","has-post-thumbnail","hentry","mitarbeiter_tag-consulting-it"],"acf":[],"yoast_head":"<!-- This site is optimized with the Yoast SEO Premium plugin v27.2 (Yoast SEO v27.2) - https:\/\/yoast.com\/product\/yoast-seo-premium-wordpress\/ -->\n<title>Carla De-Vizzi - Consultant | BERTAKOMM<\/title>\n<meta name=\"description\" content=\"Carla De-Vizzi \u00e8 specialista in comunicazione con un background giornalistico. Sa tradurre informazioni complesse in storie chiare e comprensibili.\" \/>\n<meta name=\"robots\" content=\"index, follow, max-snippet:-1, max-image-preview:large, max-video-preview:-1\" \/>\n<link rel=\"canonical\" href=\"https:\/\/bertakomm.ch\/it\/team-member\/carla-de-vizzi\/\" \/>\n<meta property=\"og:locale\" content=\"it_IT\" \/>\n<meta property=\"og:type\" content=\"article\" \/>\n<meta property=\"og:title\" content=\"Carla De-Vizzi\" \/>\n<meta property=\"og:description\" content=\"Carla De-Vizzi \u00e8 specialista in comunicazione con un background giornalistico. Sa tradurre informazioni complesse in storie chiare e comprensibili.\" \/>\n<meta property=\"og:url\" content=\"https:\/\/bertakomm.ch\/it\/team-member\/carla-de-vizzi\/\" \/>\n<meta property=\"og:site_name\" content=\"BERTAKOMM\" \/>\n<meta property=\"article:modified_time\" content=\"2026-01-09T15:45:14+00:00\" \/>\n<meta property=\"og:image\" content=\"https:\/\/bertakomm.ch\/wp-content\/uploads\/2025\/03\/bertakomm_portraits_carla-4-72pixel-scaled.jpg\" \/>\n\t<meta property=\"og:image:width\" content=\"1707\" \/>\n\t<meta property=\"og:image:height\" content=\"2560\" \/>\n\t<meta property=\"og:image:type\" content=\"image\/jpeg\" \/>\n<meta name=\"twitter:card\" content=\"summary_large_image\" \/>\n<meta name=\"twitter:label1\" content=\"Est. reading time\" \/>\n\t<meta name=\"twitter:data1\" content=\"2 minuti\" \/>\n<!-- \/ Yoast SEO Premium plugin. -->","yoast_head_json":{"title":"Carla De-Vizzi - Consultant | BERTAKOMM","description":"Carla De-Vizzi \u00e8 specialista in comunicazione con un background giornalistico. Sa tradurre informazioni complesse in storie chiare e comprensibili.","robots":{"index":"index","follow":"follow","max-snippet":"max-snippet:-1","max-image-preview":"max-image-preview:large","max-video-preview":"max-video-preview:-1"},"canonical":"https:\/\/bertakomm.ch\/it\/team-member\/carla-de-vizzi\/","og_locale":"it_IT","og_type":"article","og_title":"Carla De-Vizzi","og_description":"Carla De-Vizzi \u00e8 specialista in comunicazione con un background giornalistico. Sa tradurre informazioni complesse in storie chiare e comprensibili.","og_url":"https:\/\/bertakomm.ch\/it\/team-member\/carla-de-vizzi\/","og_site_name":"BERTAKOMM","article_modified_time":"2026-01-09T15:45:14+00:00","og_image":[{"width":1707,"height":2560,"url":"https:\/\/bertakomm.ch\/wp-content\/uploads\/2025\/03\/bertakomm_portraits_carla-4-72pixel-scaled.jpg","type":"image\/jpeg"}],"twitter_card":"summary_large_image","twitter_misc":{"Est. reading time":"2 minuti"},"schema":{"@context":"https:\/\/schema.org","@graph":[{"@type":["WebPage","ProfilePage"],"@id":"https:\/\/bertakomm.ch\/it\/team-member\/carla-de-vizzi\/","url":"https:\/\/bertakomm.ch\/it\/team-member\/carla-de-vizzi\/","name":"Carla De-Vizzi - Consultant | BERTAKOMM","isPartOf":{"@id":"https:\/\/bertakomm.ch\/#website"},"primaryImageOfPage":{"@id":"https:\/\/bertakomm.ch\/it\/team-member\/carla-de-vizzi\/#primaryimage"},"image":{"@id":"https:\/\/bertakomm.ch\/it\/team-member\/carla-de-vizzi\/#primaryimage"},"thumbnailUrl":"https:\/\/bertakomm.ch\/wp-content\/uploads\/2025\/03\/bertakomm_portraits_carla-4-72pixel-scaled.jpg","datePublished":"2025-03-21T15:03:04+00:00","dateModified":"2026-01-09T15:45:14+00:00","description":"Carla De-Vizzi \u00e8 specialista in comunicazione con un background giornalistico. Sa tradurre informazioni complesse in storie chiare e comprensibili.","breadcrumb":{"@id":"https:\/\/bertakomm.ch\/it\/team-member\/carla-de-vizzi\/#breadcrumb"},"inLanguage":"it-IT","potentialAction":[{"@type":"ReadAction","target":["https:\/\/bertakomm.ch\/it\/team-member\/carla-de-vizzi\/"]}]},{"@type":"ImageObject","inLanguage":"it-IT","@id":"https:\/\/bertakomm.ch\/it\/team-member\/carla-de-vizzi\/#primaryimage","url":"https:\/\/bertakomm.ch\/wp-content\/uploads\/2025\/03\/bertakomm_portraits_carla-4-72pixel-scaled.jpg","contentUrl":"https:\/\/bertakomm.ch\/wp-content\/uploads\/2025\/03\/bertakomm_portraits_carla-4-72pixel-scaled.jpg","width":1707,"height":2560},{"@type":"BreadcrumbList","@id":"https:\/\/bertakomm.ch\/it\/team-member\/carla-de-vizzi\/#breadcrumb","itemListElement":[{"@type":"ListItem","position":1,"name":"Home","item":"https:\/\/bertakomm.ch\/it\/"},{"@type":"ListItem","position":2,"name":"Mitarbeiter","item":"https:\/\/bertakomm.ch\/mitarbeiter\/"},{"@type":"ListItem","position":3,"name":"Carla De-Vizzi"}]},{"@type":"WebSite","@id":"https:\/\/bertakomm.ch\/#website","url":"https:\/\/bertakomm.ch\/","name":"BERTAKOMM","description":"Strategisch. Kreativ. Auf den Punkt.","publisher":{"@id":"https:\/\/bertakomm.ch\/#organization"},"potentialAction":[{"@type":"SearchAction","target":{"@type":"EntryPoint","urlTemplate":"https:\/\/bertakomm.ch\/?s={search_term_string}"},"query-input":{"@type":"PropertyValueSpecification","valueRequired":true,"valueName":"search_term_string"}}],"inLanguage":"it-IT"},{"@type":"Organization","@id":"https:\/\/bertakomm.ch\/#organization","name":"BERTAKOMM","url":"https:\/\/bertakomm.ch\/","logo":{"@type":"ImageObject","inLanguage":"it-IT","@id":"https:\/\/bertakomm.ch\/#\/schema\/logo\/image\/","url":"","contentUrl":"","caption":"BERTAKOMM"},"image":{"@id":"https:\/\/bertakomm.ch\/#\/schema\/logo\/image\/"},"sameAs":["https:\/\/www.instagram.com\/bertakomm\/","https:\/\/www.linkedin.com\/company\/bertakomm"],"mainEntityOfPage":{"@id":"https:\/\/bertakomm.ch\/it\/team-member\/carla-de-vizzi\/"},"description":"BERTAKOMM beherrscht die gesamte Klaviatur anspruchsvoller Kommunikation und bietet L\u00f6sungen aus einer Hand. Mit rund 40 Mitarbeitenden an Standorten in der ganzen Schweiz \u00fcbersetzen wir komplexe Inhalte in verst\u00e4ndliche Kommunikation \u2013 von der ersten Idee bis zur aussagekr\u00e4ftigen Visualisierung, von der konzisen Strategie bis zur reibungslosen Umsetzung.","email":"gruezi@bertakomm.ch","telephone":"+41445204080","legalName":"BERTA KOMM","foundingDate":"2025-01-01","numberOfEmployees":{"@type":"QuantitativeValue","minValue":"51","maxValue":"200"}}]}},"_links":{"self":[{"href":"https:\/\/bertakomm.ch\/it\/wp-json\/wp\/v2\/mitarbeiter\/3141","targetHints":{"allow":["GET"]}}],"collection":[{"href":"https:\/\/bertakomm.ch\/it\/wp-json\/wp\/v2\/mitarbeiter"}],"about":[{"href":"https:\/\/bertakomm.ch\/it\/wp-json\/wp\/v2\/types\/mitarbeiter"}],"version-history":[{"count":1,"href":"https:\/\/bertakomm.ch\/it\/wp-json\/wp\/v2\/mitarbeiter\/3141\/revisions"}],"predecessor-version":[{"id":7466,"href":"https:\/\/bertakomm.ch\/it\/wp-json\/wp\/v2\/mitarbeiter\/3141\/revisions\/7466"}],"wp:featuredmedia":[{"embeddable":true,"href":"https:\/\/bertakomm.ch\/it\/wp-json\/wp\/v2\/media\/3143"}],"wp:attachment":[{"href":"https:\/\/bertakomm.ch\/it\/wp-json\/wp\/v2\/media?parent=3141"}],"wp:term":[{"taxonomy":"mitarbeiter_tag","embeddable":true,"href":"https:\/\/bertakomm.ch\/it\/wp-json\/wp\/v2\/mitarbeiter_tag?post=3141"}],"curies":[{"name":"wp","href":"https:\/\/api.w.org\/{rel}","templated":true}]}}

<h2 class="wp-block-heading" id="h-"></h2>



<p>Carla De-Vizzi è specialista in comunicazione con un background giornalistico. Sa tradurre informazioni complesse in storie chiare e comprensibili. Ha iniziato la sua carriera nel giornalismo locale, in seguito ha lavorato per la Radiotelevisione Svizzera (SRF). Più recentemente ha lavorato nella newsroom di Blick. Carla De-Vizzi ha studiato pubblicistica e scienze della comunicazione con materia secondaria politica all’Università di Zurigo e ha conseguito un Master of Science in Corporate Communication presso l’Università di Amsterdam.</p>

<!-- This site is optimized with the Yoast SEO Premium plugin v27.2 (Yoast SEO v27.2) - https://yoast.com/product/yoast-seo-premium-wordpress/ -->
<title>Carla De-Vizzi - Consultant | BERTAKOMM</title>
<meta name="description" content="Carla De-Vizzi è specialista in comunicazione con un background giornalistico. Sa tradurre informazioni complesse in storie chiare e comprensibili." />
<meta name="robots" content="index, follow, max-snippet:-1, max-image-preview:large, max-video-preview:-1" />
<link rel="canonical" href="https://bertakomm.ch/it/team-member/carla-de-vizzi/" />
<meta property="og:locale" content="it_IT" />
<meta property="og:type" content="article" />
<meta property="og:title" content="Carla De-Vizzi" />
<meta property="og:description" content="Carla De-Vizzi è specialista in comunicazione con un background giornalistico. Sa tradurre informazioni complesse in storie chiare e comprensibili." />
<meta property="og:url" content="https://bertakomm.ch/it/team-member/carla-de-vizzi/" />
<meta property="og:site_name" content="BERTAKOMM" />
<meta property="article:modified_time" content="2026-01-09T15:45:14+00:00" />
<meta property="og:image" content="https://bertakomm.ch/wp-content/uploads/2025/03/bertakomm_portraits_carla-4-72pixel-scaled.jpg" />
	<meta property="og:image:width" content="1707" />
	<meta property="og:image:height" content="2560" />
	<meta property="og:image:type" content="image/jpeg" />
<meta name="twitter:card" content="summary_large_image" />
<meta name="twitter:label1" content="Est. reading time" />
	<meta name="twitter:data1" content="2 minuti" />
<!-- / Yoast SEO Premium plugin. -->

Carla De-Vizzi è specialista in comunicazione con un background giornalistico. Sa tradurre informazioni complesse in storie chiare e comprensibili.

BERTAKOMM beherrscht die gesamte Klaviatur anspruchsvoller Kommunikation und bietet Lösungen aus einer Hand. Mit rund 40 Mitarbeitenden an Standorten in der ganzen Schweiz übersetzen wir komplexe Inhalte in verständliche Kommunikation – von der ersten Idee bis zur aussagekräftigen Visualisierung, von der konzisen Strategie bis zur reibungslosen Umsetzung.
