{"id":3074,"date":"2025-02-25T17:43:40","date_gmt":"2025-02-25T16:43:40","guid":{"rendered":"https:\/\/dev.bertakomm-v3.berta-bewegt.ch\/mitarbeiter\/claudia-eugster\/"},"modified":"2026-01-15T13:37:39","modified_gmt":"2026-01-15T12:37:39","slug":"claudia-eugster","status":"publish","type":"mitarbeiter","link":"https:\/\/bertakomm.ch\/it\/team-member\/claudia-eugster\/","title":{"rendered":"Claudia Eugster"},"content":{"rendered":"\n<h2 class=\"wp-block-heading\" id=\"h-\"><\/h2>\n\n\n\n<p>Claudia Eugster \u00e8 esperta di comunicazione e responsabile di progetto con ampia esperienza. Si sente a suo agio in grandi progetti con numerosi stakeholders. In qualit\u00e0 di ex responsabile della comunicazione del Dipartimento costruzioni e ambiente del Cantone di San Gallo, conosce a fondo la comunicazione istituzionale. Comprende i processi politici e sa come amministrazione e politica debbano indirizzare le proprie istanze. Come membro del comitato direttivo dell\u2019Associazione Svizzera di Public Relations (SPRV) \u00e8 ben collegata a livello nazionale. Claudia Eugster \u00e8 in possesso di un MAS in Communication Management and Leadership.<\/p>\n","protected":false},"featured_media":3076,"template":"","mitarbeiter_tag":[94,85],"class_list":["post-3074","mitarbeiter","type-mitarbeiter","status-publish","has-post-thumbnail","hentry","mitarbeiter_tag-management-it","mitarbeiter_tag-consulting-it"],"acf":[],"yoast_head":"<!-- This site is optimized with the Yoast SEO Premium plugin v27.2 (Yoast SEO v27.2) - https:\/\/yoast.com\/product\/yoast-seo-premium-wordpress\/ -->\n<title>Claudia Eugster - Director | Head Office St. Gallen | BERTAKOMM<\/title>\n<meta name=\"description\" content=\"Claudia Eugster \u00e8 esperta di comunicazione e responsabile di progetto con ampia esperienza. Si sente a suo agio in grandi progetti con numerosi stakeholders.\" \/>\n<meta name=\"robots\" content=\"index, follow, max-snippet:-1, max-image-preview:large, max-video-preview:-1\" \/>\n<link rel=\"canonical\" href=\"https:\/\/bertakomm.ch\/it\/team-member\/claudia-eugster\/\" \/>\n<meta property=\"og:locale\" content=\"it_IT\" \/>\n<meta property=\"og:type\" content=\"article\" \/>\n<meta property=\"og:title\" content=\"Claudia Eugster\" \/>\n<meta property=\"og:description\" content=\"Claudia Eugster \u00e8 esperta di comunicazione e responsabile di progetto con ampia esperienza. Si sente a suo agio in grandi progetti con numerosi stakeholders.\" \/>\n<meta property=\"og:url\" content=\"https:\/\/bertakomm.ch\/it\/team-member\/claudia-eugster\/\" \/>\n<meta property=\"og:site_name\" content=\"BERTAKOMM\" \/>\n<meta property=\"article:modified_time\" content=\"2026-01-15T12:37:39+00:00\" \/>\n<meta property=\"og:image\" content=\"https:\/\/bertakomm.ch\/wp-content\/uploads\/2025\/02\/bertakomm_portraits_claudia-4-72pixel-scaled.jpg\" \/>\n\t<meta property=\"og:image:width\" content=\"1707\" \/>\n\t<meta property=\"og:image:height\" content=\"2560\" \/>\n\t<meta property=\"og:image:type\" content=\"image\/jpeg\" \/>\n<meta name=\"twitter:card\" content=\"summary_large_image\" \/>\n<meta name=\"twitter:label1\" content=\"Est. reading time\" \/>\n\t<meta name=\"twitter:data1\" content=\"2 minuti\" \/>\n<!-- \/ Yoast SEO Premium plugin. -->","yoast_head_json":{"title":"Claudia Eugster - Director | Head Office St. Gallen | BERTAKOMM","description":"Claudia Eugster \u00e8 esperta di comunicazione e responsabile di progetto con ampia esperienza. Si sente a suo agio in grandi progetti con numerosi stakeholders.","robots":{"index":"index","follow":"follow","max-snippet":"max-snippet:-1","max-image-preview":"max-image-preview:large","max-video-preview":"max-video-preview:-1"},"canonical":"https:\/\/bertakomm.ch\/it\/team-member\/claudia-eugster\/","og_locale":"it_IT","og_type":"article","og_title":"Claudia Eugster","og_description":"Claudia Eugster \u00e8 esperta di comunicazione e responsabile di progetto con ampia esperienza. Si sente a suo agio in grandi progetti con numerosi stakeholders.","og_url":"https:\/\/bertakomm.ch\/it\/team-member\/claudia-eugster\/","og_site_name":"BERTAKOMM","article_modified_time":"2026-01-15T12:37:39+00:00","og_image":[{"width":1707,"height":2560,"url":"https:\/\/bertakomm.ch\/wp-content\/uploads\/2025\/02\/bertakomm_portraits_claudia-4-72pixel-scaled.jpg","type":"image\/jpeg"}],"twitter_card":"summary_large_image","twitter_misc":{"Est. reading time":"2 minuti"},"schema":{"@context":"https:\/\/schema.org","@graph":[{"@type":["WebPage","ProfilePage"],"@id":"https:\/\/bertakomm.ch\/it\/team-member\/claudia-eugster\/","url":"https:\/\/bertakomm.ch\/it\/team-member\/claudia-eugster\/","name":"Claudia Eugster - Director | Head Office St. Gallen | BERTAKOMM","isPartOf":{"@id":"https:\/\/bertakomm.ch\/#website"},"primaryImageOfPage":{"@id":"https:\/\/bertakomm.ch\/it\/team-member\/claudia-eugster\/#primaryimage"},"image":{"@id":"https:\/\/bertakomm.ch\/it\/team-member\/claudia-eugster\/#primaryimage"},"thumbnailUrl":"https:\/\/bertakomm.ch\/wp-content\/uploads\/2025\/02\/bertakomm_portraits_claudia-4-72pixel-scaled.jpg","datePublished":"2025-02-25T16:43:40+00:00","dateModified":"2026-01-15T12:37:39+00:00","description":"Claudia Eugster \u00e8 esperta di comunicazione e responsabile di progetto con ampia esperienza. Si sente a suo agio in grandi progetti con numerosi stakeholders.","breadcrumb":{"@id":"https:\/\/bertakomm.ch\/it\/team-member\/claudia-eugster\/#breadcrumb"},"inLanguage":"it-IT","potentialAction":[{"@type":"ReadAction","target":["https:\/\/bertakomm.ch\/it\/team-member\/claudia-eugster\/"]}]},{"@type":"ImageObject","inLanguage":"it-IT","@id":"https:\/\/bertakomm.ch\/it\/team-member\/claudia-eugster\/#primaryimage","url":"https:\/\/bertakomm.ch\/wp-content\/uploads\/2025\/02\/bertakomm_portraits_claudia-4-72pixel-scaled.jpg","contentUrl":"https:\/\/bertakomm.ch\/wp-content\/uploads\/2025\/02\/bertakomm_portraits_claudia-4-72pixel-scaled.jpg","width":1707,"height":2560},{"@type":"BreadcrumbList","@id":"https:\/\/bertakomm.ch\/it\/team-member\/claudia-eugster\/#breadcrumb","itemListElement":[{"@type":"ListItem","position":1,"name":"Home","item":"https:\/\/bertakomm.ch\/it\/"},{"@type":"ListItem","position":2,"name":"Mitarbeiter","item":"https:\/\/bertakomm.ch\/mitarbeiter\/"},{"@type":"ListItem","position":3,"name":"Claudia Eugster"}]},{"@type":"WebSite","@id":"https:\/\/bertakomm.ch\/#website","url":"https:\/\/bertakomm.ch\/","name":"BERTAKOMM","description":"Strategisch. Kreativ. Auf den Punkt.","publisher":{"@id":"https:\/\/bertakomm.ch\/#organization"},"potentialAction":[{"@type":"SearchAction","target":{"@type":"EntryPoint","urlTemplate":"https:\/\/bertakomm.ch\/?s={search_term_string}"},"query-input":{"@type":"PropertyValueSpecification","valueRequired":true,"valueName":"search_term_string"}}],"inLanguage":"it-IT"},{"@type":"Organization","@id":"https:\/\/bertakomm.ch\/#organization","name":"BERTAKOMM","url":"https:\/\/bertakomm.ch\/","logo":{"@type":"ImageObject","inLanguage":"it-IT","@id":"https:\/\/bertakomm.ch\/#\/schema\/logo\/image\/","url":"","contentUrl":"","caption":"BERTAKOMM"},"image":{"@id":"https:\/\/bertakomm.ch\/#\/schema\/logo\/image\/"},"sameAs":["https:\/\/www.instagram.com\/bertakomm\/","https:\/\/www.linkedin.com\/company\/bertakomm"],"mainEntityOfPage":{"@id":"https:\/\/bertakomm.ch\/it\/team-member\/claudia-eugster\/"},"description":"BERTAKOMM beherrscht die gesamte Klaviatur anspruchsvoller Kommunikation und bietet L\u00f6sungen aus einer Hand. Mit rund 40 Mitarbeitenden an Standorten in der ganzen Schweiz \u00fcbersetzen wir komplexe Inhalte in verst\u00e4ndliche Kommunikation \u2013 von der ersten Idee bis zur aussagekr\u00e4ftigen Visualisierung, von der konzisen Strategie bis zur reibungslosen Umsetzung.","email":"gruezi@bertakomm.ch","telephone":"+41445204080","legalName":"BERTA KOMM","foundingDate":"2025-01-01","numberOfEmployees":{"@type":"QuantitativeValue","minValue":"51","maxValue":"200"}}]}},"_links":{"self":[{"href":"https:\/\/bertakomm.ch\/it\/wp-json\/wp\/v2\/mitarbeiter\/3074","targetHints":{"allow":["GET"]}}],"collection":[{"href":"https:\/\/bertakomm.ch\/it\/wp-json\/wp\/v2\/mitarbeiter"}],"about":[{"href":"https:\/\/bertakomm.ch\/it\/wp-json\/wp\/v2\/types\/mitarbeiter"}],"version-history":[{"count":2,"href":"https:\/\/bertakomm.ch\/it\/wp-json\/wp\/v2\/mitarbeiter\/3074\/revisions"}],"predecessor-version":[{"id":7113,"href":"https:\/\/bertakomm.ch\/it\/wp-json\/wp\/v2\/mitarbeiter\/3074\/revisions\/7113"}],"wp:featuredmedia":[{"embeddable":true,"href":"https:\/\/bertakomm.ch\/it\/wp-json\/wp\/v2\/media\/3076"}],"wp:attachment":[{"href":"https:\/\/bertakomm.ch\/it\/wp-json\/wp\/v2\/media?parent=3074"}],"wp:term":[{"taxonomy":"mitarbeiter_tag","embeddable":true,"href":"https:\/\/bertakomm.ch\/it\/wp-json\/wp\/v2\/mitarbeiter_tag?post=3074"}],"curies":[{"name":"wp","href":"https:\/\/api.w.org\/{rel}","templated":true}]}}

<h2 class="wp-block-heading" id="h-"></h2>



<p>Claudia Eugster è esperta di comunicazione e responsabile di progetto con ampia esperienza. Si sente a suo agio in grandi progetti con numerosi stakeholders. In qualità di ex responsabile della comunicazione del Dipartimento costruzioni e ambiente del Cantone di San Gallo, conosce a fondo la comunicazione istituzionale. Comprende i processi politici e sa come amministrazione e politica debbano indirizzare le proprie istanze. Come membro del comitato direttivo dell’Associazione Svizzera di Public Relations (SPRV) è ben collegata a livello nazionale. Claudia Eugster è in possesso di un MAS in Communication Management and Leadership.</p>

<!-- This site is optimized with the Yoast SEO Premium plugin v27.2 (Yoast SEO v27.2) - https://yoast.com/product/yoast-seo-premium-wordpress/ -->
<title>Claudia Eugster - Director | Head Office St. Gallen | BERTAKOMM</title>
<meta name="description" content="Claudia Eugster è esperta di comunicazione e responsabile di progetto con ampia esperienza. Si sente a suo agio in grandi progetti con numerosi stakeholders." />
<meta name="robots" content="index, follow, max-snippet:-1, max-image-preview:large, max-video-preview:-1" />
<link rel="canonical" href="https://bertakomm.ch/it/team-member/claudia-eugster/" />
<meta property="og:locale" content="it_IT" />
<meta property="og:type" content="article" />
<meta property="og:title" content="Claudia Eugster" />
<meta property="og:description" content="Claudia Eugster è esperta di comunicazione e responsabile di progetto con ampia esperienza. Si sente a suo agio in grandi progetti con numerosi stakeholders." />
<meta property="og:url" content="https://bertakomm.ch/it/team-member/claudia-eugster/" />
<meta property="og:site_name" content="BERTAKOMM" />
<meta property="article:modified_time" content="2026-01-15T12:37:39+00:00" />
<meta property="og:image" content="https://bertakomm.ch/wp-content/uploads/2025/02/bertakomm_portraits_claudia-4-72pixel-scaled.jpg" />
	<meta property="og:image:width" content="1707" />
	<meta property="og:image:height" content="2560" />
	<meta property="og:image:type" content="image/jpeg" />
<meta name="twitter:card" content="summary_large_image" />
<meta name="twitter:label1" content="Est. reading time" />
	<meta name="twitter:data1" content="2 minuti" />
<!-- / Yoast SEO Premium plugin. -->

Claudia Eugster è esperta di comunicazione e responsabile di progetto con ampia esperienza. Si sente a suo agio in grandi progetti con numerosi stakeholders.

BERTAKOMM beherrscht die gesamte Klaviatur anspruchsvoller Kommunikation und bietet Lösungen aus einer Hand. Mit rund 40 Mitarbeitenden an Standorten in der ganzen Schweiz übersetzen wir komplexe Inhalte in verständliche Kommunikation – von der ersten Idee bis zur aussagekräftigen Visualisierung, von der konzisen Strategie bis zur reibungslosen Umsetzung.
