{"id":5948,"date":"2025-02-28T10:30:01","date_gmt":"2025-02-28T09:30:01","guid":{"rendered":"https:\/\/dev.bertakomm-v3.berta-bewegt.ch\/kontakt\/"},"modified":"2026-01-08T11:44:03","modified_gmt":"2026-01-08T10:44:03","slug":"contact","status":"publish","type":"page","link":"https:\/\/bertakomm.ch\/fr\/contact\/","title":{"rendered":"Contact"},"content":{"rendered":"\n    <section class=\"standorte-block block-paddings\" id=\"\">\n        <div class=\"standorte-block-inner-container\">\n            <h2 class=\"mb_0 scrollMagic-block visibleInBackend\" data-uid=\"69f18db30a7f7\">VOICI COMMENT NOUS CONTACTER<\/h2>\n            <div class=\"title-divider\"><\/div>\n\n                            <div class=\"firma-kontakt-part scrollMagic-block visibleInBackend\" data-uid=\"69f18db30a7fa\">\n                                            <div class=\"firma-kontakt-wrapper\">\n                            <a href=\"tel:044 508 84 84\" class=\"main-button-border\">044 508 84 84<\/a>\n                        <\/div>\n                    \n                                            <div class=\"firma-kontakt-wrapper\">\n                            <a href=\"mailto:gruezi@bertakomm.ch\" class=\"main-button-border\">gruezi@bertakomm.ch<\/a>\n                        <\/div>\n                                    <\/div>\n            \n                                                \n                                            <div class=\"standorte-land-wrapper\">\n                            <h3 class=\"standorte-title mb_0 scrollMagic-block visibleInBackend\" data-uid=\"69f18db30dbcb\">Suisse<\/h3>\n                            <div class=\"country-divider\"><\/div>\n\n                                                            <div class=\"standorte-hauptburo-wrapper\">\n                                                                            <div class=\"standorte-card scrollMagic-block  visibleInBackend\" data-uid=\"69f18db30dbcf\">\n                                            <div class=\"standorte-card-inner-wrapper\">\n                                                <h3 class=\"text-orange medium-2 mb_0\">Bureau Zurich<\/h3>\n\n                                                                                                    <div class=\"small-text-wrapper default-text-wrapper medium-text-wrapper-v2\">\n                                                        <p>Josefstrasse 212\u2028<br \/>\n8005 Z\u00fcrich<\/p>\n                                                    <\/div>\n                                                                                            <\/div>\n                                        <\/div>\n                                                                            <div class=\"standorte-card scrollMagic-block delay-1 visibleInBackend\" data-uid=\"69f18db30e3ee\">\n                                            <div class=\"standorte-card-inner-wrapper\">\n                                                <h3 class=\"text-orange medium-2 mb_0\">Bureau Berne<\/h3>\n\n                                                                                                    <div class=\"small-text-wrapper default-text-wrapper medium-text-wrapper-v2\">\n                                                        <p>Aarbergergasse 46\u2028<br \/>\n3011 Bern<\/p>\n                                                    <\/div>\n                                                                                            <\/div>\n                                        <\/div>\n                                                                    <\/div>\n                            \n                                                            <div class=\"standorte-small-wrapper\">\n                                                                            <div class=\"standorte-card scrollMagic-block  visibleInBackend\" data-uid=\"69f18db30e5d0\">\n                                            <div class=\"standorte-card-inner-wrapper\">\n                                                <h3 class=\"small mb_0\">Bureau B\u00e2le<\/h3>\n\n                                                                                                    <div class=\"small-text-wrapper default-text-wrapper medium-text-wrapper-v2\">\n                                                        <p>St. Alban-Rheinweg 74<br \/>\n4052 B\u00e2le<\/p>\n                                                    <\/div>\n                                                                                            <\/div>\n                                        <\/div>\n                                                                            <div class=\"standorte-card scrollMagic-block delay-1 visibleInBackend\" data-uid=\"69f18db30e71b\">\n                                            <div class=\"standorte-card-inner-wrapper\">\n                                                <h3 class=\"small mb_0\">Bureau St. Gallen<\/h3>\n\n                                                                                                    <div class=\"small-text-wrapper default-text-wrapper medium-text-wrapper-v2\">\n                                                        <p>Rosenbergstrasse 85\u2028<br \/>\n9000 St.Gallen<\/p>\n                                                    <\/div>\n                                                                                            <\/div>\n                                        <\/div>\n                                                                            <div class=\"standorte-card scrollMagic-block  visibleInBackend\" data-uid=\"69f18db30e857\">\n                                            <div class=\"standorte-card-inner-wrapper\">\n                                                <h3 class=\"small mb_0\">Bureau Tessin<\/h3>\n\n                                                                                                    <div class=\"small-text-wrapper default-text-wrapper medium-text-wrapper-v2\">\n                                                        <p>Via Giuseppe Andreoni 20\u2028<br \/>\n6850 Mendrisio<\/p>\n                                                    <\/div>\n                                                                                            <\/div>\n                                        <\/div>\n                                                                            <div class=\"standorte-card scrollMagic-block delay-1 visibleInBackend\" data-uid=\"69f18db30e977\">\n                                            <div class=\"standorte-card-inner-wrapper\">\n                                                <h3 class=\"small mb_0\">Bureau Lausanne<\/h3>\n\n                                                                                                    <div class=\"small-text-wrapper default-text-wrapper medium-text-wrapper-v2\">\n                                                        <p>Avenue de Senal\u00e8che 41<br \/>\n1009 Pully<\/p>\n                                                    <\/div>\n                                                                                            <\/div>\n                                        <\/div>\n                                                                    <\/div>\n                                                    <\/div>\n                                                        \n                                            <div class=\"standorte-land-wrapper\">\n                            <h3 class=\"standorte-title mb_0 scrollMagic-block visibleInBackend\" data-uid=\"69f18db312340\">Autriche<\/h3>\n                            <div class=\"country-divider\"><\/div>\n\n                            \n                                                            <div class=\"standorte-small-wrapper\">\n                                                                            <div class=\"standorte-card scrollMagic-block  visibleInBackend\" data-uid=\"69f18db312348\">\n                                            <div class=\"standorte-card-inner-wrapper\">\n                                                <h3 class=\"small mb_0\">Bureau Vienne<\/h3>\n\n                                                                                                    <div class=\"small-text-wrapper default-text-wrapper medium-text-wrapper-v2\">\n                                                        <p>Berta Kommunikationsplan AG<br \/>\nPostgasse 8b<br \/>\n1010 Wien<\/p>\n                                                    <\/div>\n                                                                                            <\/div>\n                                        <\/div>\n                                                                    <\/div>\n                                                    <\/div>\n                                                        <\/div>\n\n            <\/section>\n\n\n\n\n\n\n\n    <section class=\"images-slider-block block-margins\" id=\"\">\n        \n                    <div class=\"images-as-block\">\n                                                            <div class=\"image-inner-container scrollMagic-block  visibleInBackend\" data-uid=\"69f18db31c772\">\n                            <div class=\"image-wrapper image-wrapper-left\" style=\"background-image: url('https:\/\/bertakomm.ch\/wp-content\/uploads\/2025\/12\/DSC09373-scaled.jpg')\">\n                                <img decoding=\"async\" src=\"https:\/\/bertakomm.ch\/wp-content\/themes\/bertakomm_new\/assets\/images\/placeholder_square.png\" alt=\"Placeholder\" \/>\n                            <\/div>\n                        <\/div>\n                                                                                <div class=\"image-inner-container scrollMagic-block delay-1 visibleInBackend\" data-uid=\"69f18db31c7a6\">\n                            <div class=\"image-wrapper image-wrapper-right\" style=\"background-image: url('https:\/\/bertakomm.ch\/wp-content\/uploads\/2025\/12\/office_bern-4-scaled.jpg')\">\n                                <img decoding=\"async\" src=\"https:\/\/bertakomm.ch\/wp-content\/themes\/bertakomm_new\/assets\/images\/placeholder_square.png\" alt=\"Placeholder\" \/>\n                            <\/div>\n                        <\/div>\n                                                                                <div class=\"image-inner-container scrollMagic-block  visibleInBackend\" data-uid=\"69f18db31c7bd\">\n                            <div class=\"image-wrapper image-wrapper-left\" style=\"background-image: url('https:\/\/bertakomm.ch\/wp-content\/uploads\/2025\/12\/P2380929-scaled.jpg')\">\n                                <img decoding=\"async\" src=\"https:\/\/bertakomm.ch\/wp-content\/themes\/bertakomm_new\/assets\/images\/placeholder_square.png\" alt=\"Placeholder\" \/>\n                            <\/div>\n                        <\/div>\n                                                                                <div class=\"image-inner-container scrollMagic-block delay-1 visibleInBackend\" data-uid=\"69f18db31c7d1\">\n                            <div class=\"image-wrapper image-wrapper-right\" style=\"background-image: url('https:\/\/bertakomm.ch\/wp-content\/uploads\/2025\/12\/PHOTO-2025-09-08-08-54-24.jpg')\">\n                                <img decoding=\"async\" src=\"https:\/\/bertakomm.ch\/wp-content\/themes\/bertakomm_new\/assets\/images\/placeholder_square.png\" alt=\"Placeholder\" \/>\n                            <\/div>\n                        <\/div>\n                                                <\/div>\n            <\/section>\n\n\n\n\n","protected":false},"excerpt":{"rendered":"","protected":false},"author":1,"featured_media":0,"parent":0,"menu_order":0,"comment_status":"closed","ping_status":"closed","template":"","meta":{"_acf_changed":false,"inline_featured_image":false,"footnotes":""},"class_list":["post-5948","page","type-page","status-publish","hentry"],"acf":[],"yoast_head":"<!-- This site is optimized with the Yoast SEO Premium plugin v27.2 (Yoast SEO v27.2) - https:\/\/yoast.com\/product\/yoast-seo-premium-wordpress\/ -->\n<title>Nous contacter | Berta Kommunikationsplan AG<\/title>\n<meta name=\"description\" content=\"Vous avez une question ou vous souhaitez nous rencontrer ? Appelez-nous ou \u00e9crivez-nous. Nous nous r\u00e9jouissons de vous rencontrer.\" \/>\n<meta name=\"robots\" content=\"index, follow, max-snippet:-1, max-image-preview:large, max-video-preview:-1\" \/>\n<link rel=\"canonical\" href=\"https:\/\/bertakomm.ch\/fr\/contact\/\" \/>\n<meta property=\"og:locale\" content=\"fr_FR\" \/>\n<meta property=\"og:type\" content=\"article\" \/>\n<meta property=\"og:title\" content=\"Contact\" \/>\n<meta property=\"og:description\" content=\"Vous avez une question ou vous souhaitez nous rencontrer ? Appelez-nous ou \u00e9crivez-nous. Nous nous r\u00e9jouissons de vous rencontrer.\" \/>\n<meta property=\"og:url\" content=\"https:\/\/bertakomm.ch\/fr\/contact\/\" \/>\n<meta property=\"og:site_name\" content=\"BERTAKOMM\" \/>\n<meta property=\"article:modified_time\" content=\"2026-01-08T10:44:03+00:00\" \/>\n<meta property=\"og:image\" content=\"https:\/\/bertakomm.ch\/wp-content\/uploads\/2025\/05\/Sprechblase-Orange-600x315.png\" \/>\n<meta name=\"twitter:card\" content=\"summary_large_image\" \/>\n<meta name=\"twitter:label1\" content=\"Est. reading time\" \/>\n\t<meta name=\"twitter:data1\" content=\"1 minute\" \/>\n<!-- \/ Yoast SEO Premium plugin. -->","yoast_head_json":{"title":"Nous contacter | Berta Kommunikationsplan AG","description":"Vous avez une question ou vous souhaitez nous rencontrer ? Appelez-nous ou \u00e9crivez-nous. Nous nous r\u00e9jouissons de vous rencontrer.","robots":{"index":"index","follow":"follow","max-snippet":"max-snippet:-1","max-image-preview":"max-image-preview:large","max-video-preview":"max-video-preview:-1"},"canonical":"https:\/\/bertakomm.ch\/fr\/contact\/","og_locale":"fr_FR","og_type":"article","og_title":"Contact","og_description":"Vous avez une question ou vous souhaitez nous rencontrer ? Appelez-nous ou \u00e9crivez-nous. Nous nous r\u00e9jouissons de vous rencontrer.","og_url":"https:\/\/bertakomm.ch\/fr\/contact\/","og_site_name":"BERTAKOMM","article_modified_time":"2026-01-08T10:44:03+00:00","og_image":[{"url":"https:\/\/bertakomm.ch\/wp-content\/uploads\/2025\/05\/Sprechblase-Orange-600x315.png","type":"","width":"","height":""}],"twitter_card":"summary_large_image","twitter_misc":{"Est. reading time":"1 minute"},"schema":{"@context":"https:\/\/schema.org","@graph":[{"@type":"WebPage","@id":"https:\/\/bertakomm.ch\/fr\/contact\/","url":"https:\/\/bertakomm.ch\/fr\/contact\/","name":"Nous contacter | Berta Kommunikationsplan AG","isPartOf":{"@id":"https:\/\/bertakomm.ch\/#website"},"datePublished":"2025-02-28T09:30:01+00:00","dateModified":"2026-01-08T10:44:03+00:00","description":"Vous avez une question ou vous souhaitez nous rencontrer ? Appelez-nous ou \u00e9crivez-nous. Nous nous r\u00e9jouissons de vous rencontrer.","breadcrumb":{"@id":"https:\/\/bertakomm.ch\/fr\/contact\/#breadcrumb"},"inLanguage":"fr-FR","potentialAction":[{"@type":"ReadAction","target":["https:\/\/bertakomm.ch\/fr\/contact\/"]}]},{"@type":"BreadcrumbList","@id":"https:\/\/bertakomm.ch\/fr\/contact\/#breadcrumb","itemListElement":[{"@type":"ListItem","position":1,"name":"Home","item":"https:\/\/bertakomm.ch\/fr\/"},{"@type":"ListItem","position":2,"name":"Contact"}]},{"@type":"WebSite","@id":"https:\/\/bertakomm.ch\/#website","url":"https:\/\/bertakomm.ch\/","name":"BERTAKOMM","description":"Strategisch. Kreativ. Auf den Punkt.","publisher":{"@id":"https:\/\/bertakomm.ch\/#organization"},"potentialAction":[{"@type":"SearchAction","target":{"@type":"EntryPoint","urlTemplate":"https:\/\/bertakomm.ch\/?s={search_term_string}"},"query-input":{"@type":"PropertyValueSpecification","valueRequired":true,"valueName":"search_term_string"}}],"inLanguage":"fr-FR"},{"@type":"Organization","@id":"https:\/\/bertakomm.ch\/#organization","name":"BERTAKOMM","url":"https:\/\/bertakomm.ch\/","logo":{"@type":"ImageObject","inLanguage":"fr-FR","@id":"https:\/\/bertakomm.ch\/#\/schema\/logo\/image\/","url":"","contentUrl":"","caption":"BERTAKOMM"},"image":{"@id":"https:\/\/bertakomm.ch\/#\/schema\/logo\/image\/"},"sameAs":["https:\/\/www.instagram.com\/bertakomm\/","https:\/\/www.linkedin.com\/company\/bertakomm"],"description":"BERTAKOMM beherrscht die gesamte Klaviatur anspruchsvoller Kommunikation und bietet L\u00f6sungen aus einer Hand. Mit rund 40 Mitarbeitenden an Standorten in der ganzen Schweiz \u00fcbersetzen wir komplexe Inhalte in verst\u00e4ndliche Kommunikation \u2013 von der ersten Idee bis zur aussagekr\u00e4ftigen Visualisierung, von der konzisen Strategie bis zur reibungslosen Umsetzung.","email":"gruezi@bertakomm.ch","telephone":"+41445204080","legalName":"BERTA KOMM","foundingDate":"2025-01-01","numberOfEmployees":{"@type":"QuantitativeValue","minValue":"51","maxValue":"200"}}]}},"_links":{"self":[{"href":"https:\/\/bertakomm.ch\/fr\/wp-json\/wp\/v2\/pages\/5948","targetHints":{"allow":["GET"]}}],"collection":[{"href":"https:\/\/bertakomm.ch\/fr\/wp-json\/wp\/v2\/pages"}],"about":[{"href":"https:\/\/bertakomm.ch\/fr\/wp-json\/wp\/v2\/types\/page"}],"author":[{"embeddable":true,"href":"https:\/\/bertakomm.ch\/fr\/wp-json\/wp\/v2\/users\/1"}],"replies":[{"embeddable":true,"href":"https:\/\/bertakomm.ch\/fr\/wp-json\/wp\/v2\/comments?post=5948"}],"version-history":[{"count":3,"href":"https:\/\/bertakomm.ch\/fr\/wp-json\/wp\/v2\/pages\/5948\/revisions"}],"predecessor-version":[{"id":6312,"href":"https:\/\/bertakomm.ch\/fr\/wp-json\/wp\/v2\/pages\/5948\/revisions\/6312"}],"wp:attachment":[{"href":"https:\/\/bertakomm.ch\/fr\/wp-json\/wp\/v2\/media?parent=5948"}],"curies":[{"name":"wp","href":"https:\/\/api.w.org\/{rel}","templated":true}]}}

<section class="standorte-block block-paddings" id="">
        <div class="standorte-block-inner-container">
            <h2 class="mb_0 scrollMagic-block visibleInBackend" data-uid="69f18db30a7f7">VOICI COMMENT NOUS CONTACTER</h2>
            <div class="title-divider"></div>

                            <div class="firma-kontakt-part scrollMagic-block visibleInBackend" data-uid="69f18db30a7fa">
                                            <div class="firma-kontakt-wrapper">
                            <a href="tel:044 508 84 84" class="main-button-border">044 508 84 84</a>
                        </div>
                    
                                            <div class="firma-kontakt-wrapper">
                            <a href="mailto:gruezi@bertakomm.ch" class="main-button-border">gruezi@bertakomm.ch</a>
                        </div>
                                    </div>
            
                                                
                                            <div class="standorte-land-wrapper">
                            <h3 class="standorte-title mb_0 scrollMagic-block visibleInBackend" data-uid="69f18db30dbcb">Suisse</h3>
                            <div class="country-divider"></div>

                                                            <div class="standorte-hauptburo-wrapper">
                                                                            <div class="standorte-card scrollMagic-block  visibleInBackend" data-uid="69f18db30dbcf">
                                            <div class="standorte-card-inner-wrapper">
                                                <h3 class="text-orange medium-2 mb_0">Bureau Zurich</h3>

                                                                                                    <div class="small-text-wrapper default-text-wrapper medium-text-wrapper-v2">
                                                        <p>Josefstrasse 212 <br />
8005 Zürich</p>
                                                    </div>
                                                                                            </div>
                                        </div>
                                                                            <div class="standorte-card scrollMagic-block delay-1 visibleInBackend" data-uid="69f18db30e3ee">
                                            <div class="standorte-card-inner-wrapper">
                                                <h3 class="text-orange medium-2 mb_0">Bureau Berne</h3>

                                                                                                    <div class="small-text-wrapper default-text-wrapper medium-text-wrapper-v2">
                                                        <p>Aarbergergasse 46 <br />
3011 Bern</p>
                                                    </div>
                                                                                            </div>
                                        </div>
                                                                    </div>
                            
                                                            <div class="standorte-small-wrapper">
                                                                            <div class="standorte-card scrollMagic-block  visibleInBackend" data-uid="69f18db30e5d0">
                                            <div class="standorte-card-inner-wrapper">
                                                <h3 class="small mb_0">Bureau Bâle</h3>

                                                                                                    <div class="small-text-wrapper default-text-wrapper medium-text-wrapper-v2">
                                                        <p>St. Alban-Rheinweg 74<br />
4052 Bâle</p>
                                                    </div>
                                                                                            </div>
                                        </div>
                                                                            <div class="standorte-card scrollMagic-block delay-1 visibleInBackend" data-uid="69f18db30e71b">
                                            <div class="standorte-card-inner-wrapper">
                                                <h3 class="small mb_0">Bureau St. Gallen</h3>

                                                                                                    <div class="small-text-wrapper default-text-wrapper medium-text-wrapper-v2">
                                                        <p>Rosenbergstrasse 85 <br />
9000 St.Gallen</p>
                                                    </div>
                                                                                            </div>
                                        </div>
                                                                            <div class="standorte-card scrollMagic-block  visibleInBackend" data-uid="69f18db30e857">
                                            <div class="standorte-card-inner-wrapper">
                                                <h3 class="small mb_0">Bureau Tessin</h3>

                                                                                                    <div class="small-text-wrapper default-text-wrapper medium-text-wrapper-v2">
                                                        <p>Via Giuseppe Andreoni 20 <br />
6850 Mendrisio</p>
                                                    </div>
                                                                                            </div>
                                        </div>
                                                                            <div class="standorte-card scrollMagic-block delay-1 visibleInBackend" data-uid="69f18db30e977">
                                            <div class="standorte-card-inner-wrapper">
                                                <h3 class="small mb_0">Bureau Lausanne</h3>

                                                                                                    <div class="small-text-wrapper default-text-wrapper medium-text-wrapper-v2">
                                                        <p>Avenue de Senalèche 41<br />
1009 Pully</p>
                                                    </div>
                                                                                            </div>
                                        </div>
                                                                    </div>
                                                    </div>
                                                        
                                            <div class="standorte-land-wrapper">
                            <h3 class="standorte-title mb_0 scrollMagic-block visibleInBackend" data-uid="69f18db312340">Autriche</h3>
                            <div class="country-divider"></div>

                            
                                                            <div class="standorte-small-wrapper">
                                                                            <div class="standorte-card scrollMagic-block  visibleInBackend" data-uid="69f18db312348">
                                            <div class="standorte-card-inner-wrapper">
                                                <h3 class="small mb_0">Bureau Vienne</h3>

                                                                                                    <div class="small-text-wrapper default-text-wrapper medium-text-wrapper-v2">
                                                        <p>Berta Kommunikationsplan AG<br />
Postgasse 8b<br />
1010 Wien</p>
                                                    </div>
                                                                                            </div>
                                        </div>
                                                                    </div>
                                                    </div>
                                                        </div>

            </section>







    <section class="images-slider-block block-margins" id="">
        
                    <div class="images-as-block">
                                                            <div class="image-inner-container scrollMagic-block  visibleInBackend" data-uid="69f18db31c772">
                            <div class="image-wrapper image-wrapper-left" style="background-image: url('https://bertakomm.ch/wp-content/uploads/2025/12/DSC09373-scaled.jpg')">
                                <img decoding="async" src="https://bertakomm.ch/wp-content/themes/bertakomm_new/assets/images/placeholder_square.png" alt="Placeholder" />
                            </div>
                        </div>
                                                                                <div class="image-inner-container scrollMagic-block delay-1 visibleInBackend" data-uid="69f18db31c7a6">
                            <div class="image-wrapper image-wrapper-right" style="background-image: url('https://bertakomm.ch/wp-content/uploads/2025/12/office_bern-4-scaled.jpg')">
                                <img decoding="async" src="https://bertakomm.ch/wp-content/themes/bertakomm_new/assets/images/placeholder_square.png" alt="Placeholder" />
                            </div>
                        </div>
                                                                                <div class="image-inner-container scrollMagic-block  visibleInBackend" data-uid="69f18db31c7bd">
                            <div class="image-wrapper image-wrapper-left" style="background-image: url('https://bertakomm.ch/wp-content/uploads/2025/12/P2380929-scaled.jpg')">
                                <img decoding="async" src="https://bertakomm.ch/wp-content/themes/bertakomm_new/assets/images/placeholder_square.png" alt="Placeholder" />
                            </div>
                        </div>
                                                                                <div class="image-inner-container scrollMagic-block delay-1 visibleInBackend" data-uid="69f18db31c7d1">
                            <div class="image-wrapper image-wrapper-right" style="background-image: url('https://bertakomm.ch/wp-content/uploads/2025/12/PHOTO-2025-09-08-08-54-24.jpg')">
                                <img decoding="async" src="https://bertakomm.ch/wp-content/themes/bertakomm_new/assets/images/placeholder_square.png" alt="Placeholder" />
                            </div>
                        </div>
                                                </div>
            </section>

<!-- This site is optimized with the Yoast SEO Premium plugin v27.2 (Yoast SEO v27.2) - https://yoast.com/product/yoast-seo-premium-wordpress/ -->
<title>Nous contacter | Berta Kommunikationsplan AG</title>
<meta name="description" content="Vous avez une question ou vous souhaitez nous rencontrer ? Appelez-nous ou écrivez-nous. Nous nous réjouissons de vous rencontrer." />
<meta name="robots" content="index, follow, max-snippet:-1, max-image-preview:large, max-video-preview:-1" />
<link rel="canonical" href="https://bertakomm.ch/fr/contact/" />
<meta property="og:locale" content="fr_FR" />
<meta property="og:type" content="article" />
<meta property="og:title" content="Contact" />
<meta property="og:description" content="Vous avez une question ou vous souhaitez nous rencontrer ? Appelez-nous ou écrivez-nous. Nous nous réjouissons de vous rencontrer." />
<meta property="og:url" content="https://bertakomm.ch/fr/contact/" />
<meta property="og:site_name" content="BERTAKOMM" />
<meta property="article:modified_time" content="2026-01-08T10:44:03+00:00" />
<meta property="og:image" content="https://bertakomm.ch/wp-content/uploads/2025/05/Sprechblase-Orange-600x315.png" />
<meta name="twitter:card" content="summary_large_image" />
<meta name="twitter:label1" content="Est. reading time" />
	<meta name="twitter:data1" content="1 minute" />
<!-- / Yoast SEO Premium plugin. -->

Vous avez une question ou vous souhaitez nous rencontrer ? Appelez-nous ou écrivez-nous. Nous nous réjouissons de vous rencontrer.

BERTAKOMM beherrscht die gesamte Klaviatur anspruchsvoller Kommunikation und bietet Lösungen aus einer Hand. Mit rund 40 Mitarbeitenden an Standorten in der ganzen Schweiz übersetzen wir komplexe Inhalte in verständliche Kommunikation – von der ersten Idee bis zur aussagekräftigen Visualisierung, von der konzisen Strategie bis zur reibungslosen Umsetzung.
