{"id":6052,"date":"2026-01-07T22:21:42","date_gmt":"2026-01-07T21:21:42","guid":{"rendered":"https:\/\/dev.bertakomm-v3.berta-bewegt.ch\/?post_type=mitarbeiter&#038;p=6052"},"modified":"2026-02-19T21:15:09","modified_gmt":"2026-02-19T20:15:09","slug":"corina-liebi","status":"publish","type":"mitarbeiter","link":"https:\/\/bertakomm.ch\/fr\/memre-equipe\/corina-liebi\/","title":{"rendered":"Corina Liebi"},"content":{"rendered":"\n<h2 class=\"wp-block-heading\" id=\"h-\"><\/h2>\n\n\n\n<p>Corina Liebi est conseill\u00e8re politique et en communication. Elle accompagne organisations, autorit\u00e9s et entreprises dans la communication de th\u00e9matiques complexes ainsi que dans des projets de transformation num\u00e9rique. Conseill\u00e8re municipale \u00e0 Berne, elle allie savoir-faire politique, profondeur d&rsquo;analyse et comp\u00e9tences num\u00e9riques. Avant de rejoindre Bertakomm, Corina a dirig\u00e9 une association ainsi qu\u2019un groupe de r\u00e9flexion politique. Elle a d\u00e9but\u00e9 sa carri\u00e8re professionnelle en tant qu\u2019employ\u00e9e de commerce dans l&rsquo;administration publique. Titulaire d\u2019un master en histoire, elle pr\u00e9pare actuellement un doctorat en science des donn\u00e9es historiques \u00e0 l&rsquo;universit\u00e9 de Berne.<\/p>\n","protected":false},"featured_media":6072,"template":"","mitarbeiter_tag":[84],"class_list":["post-6052","mitarbeiter","type-mitarbeiter","status-publish","has-post-thumbnail","hentry","mitarbeiter_tag-consulting-fr"],"acf":[],"yoast_head":"<!-- This site is optimized with the Yoast SEO Premium plugin v27.2 (Yoast SEO v27.2) - https:\/\/yoast.com\/product\/yoast-seo-premium-wordpress\/ -->\n<title>Corina Liebi - Consultante | BERTAKOMM<\/title>\n<meta name=\"description\" content=\"Corina Liebi est consultante en communication et en relations politiques. Elle accompagne les organisations, les autorit\u00e9s publiques et les entreprises dans leur communication sur des sujets complexes et dans leurs projets de transformation num\u00e9rique.\" \/>\n<meta name=\"robots\" content=\"index, follow, max-snippet:-1, max-image-preview:large, max-video-preview:-1\" \/>\n<link rel=\"canonical\" href=\"https:\/\/bertakomm.ch\/fr\/memre-equipe\/corina-liebi\/\" \/>\n<meta property=\"og:locale\" content=\"fr_FR\" \/>\n<meta property=\"og:type\" content=\"article\" \/>\n<meta property=\"og:title\" content=\"Corina Liebi\" \/>\n<meta property=\"og:description\" content=\"Corina Liebi est consultante en communication et en relations politiques. Elle accompagne les organisations, les autorit\u00e9s publiques et les entreprises dans leur communication sur des sujets complexes et dans leurs projets de transformation num\u00e9rique.\" \/>\n<meta property=\"og:url\" content=\"https:\/\/bertakomm.ch\/fr\/memre-equipe\/corina-liebi\/\" \/>\n<meta property=\"og:site_name\" content=\"BERTAKOMM\" \/>\n<meta property=\"article:modified_time\" content=\"2026-02-19T20:15:09+00:00\" \/>\n<meta property=\"og:image\" content=\"https:\/\/bertakomm.ch\/wp-content\/uploads\/2026\/01\/20260105_bk-mitarbeiter-portrait-origami_corinaDSC07506-scaled.jpg\" \/>\n\t<meta property=\"og:image:width\" content=\"1707\" \/>\n\t<meta property=\"og:image:height\" content=\"2560\" \/>\n\t<meta property=\"og:image:type\" content=\"image\/jpeg\" \/>\n<meta name=\"twitter:card\" content=\"summary_large_image\" \/>\n<meta name=\"twitter:label1\" content=\"Est. reading time\" \/>\n\t<meta name=\"twitter:data1\" content=\"1 minute\" \/>\n<!-- \/ Yoast SEO Premium plugin. -->","yoast_head_json":{"title":"Corina Liebi - Consultante | BERTAKOMM","description":"Corina Liebi est consultante en communication et en relations politiques. Elle accompagne les organisations, les autorit\u00e9s publiques et les entreprises dans leur communication sur des sujets complexes et dans leurs projets de transformation num\u00e9rique.","robots":{"index":"index","follow":"follow","max-snippet":"max-snippet:-1","max-image-preview":"max-image-preview:large","max-video-preview":"max-video-preview:-1"},"canonical":"https:\/\/bertakomm.ch\/fr\/memre-equipe\/corina-liebi\/","og_locale":"fr_FR","og_type":"article","og_title":"Corina Liebi","og_description":"Corina Liebi est consultante en communication et en relations politiques. Elle accompagne les organisations, les autorit\u00e9s publiques et les entreprises dans leur communication sur des sujets complexes et dans leurs projets de transformation num\u00e9rique.","og_url":"https:\/\/bertakomm.ch\/fr\/memre-equipe\/corina-liebi\/","og_site_name":"BERTAKOMM","article_modified_time":"2026-02-19T20:15:09+00:00","og_image":[{"width":1707,"height":2560,"url":"https:\/\/bertakomm.ch\/wp-content\/uploads\/2026\/01\/20260105_bk-mitarbeiter-portrait-origami_corinaDSC07506-scaled.jpg","type":"image\/jpeg"}],"twitter_card":"summary_large_image","twitter_misc":{"Est. reading time":"1 minute"},"schema":{"@context":"https:\/\/schema.org","@graph":[{"@type":["WebPage","ProfilePage"],"@id":"https:\/\/bertakomm.ch\/fr\/memre-equipe\/corina-liebi\/","url":"https:\/\/bertakomm.ch\/fr\/memre-equipe\/corina-liebi\/","name":"Corina Liebi - Consultante | BERTAKOMM","isPartOf":{"@id":"https:\/\/bertakomm.ch\/#website"},"primaryImageOfPage":{"@id":"https:\/\/bertakomm.ch\/fr\/memre-equipe\/corina-liebi\/#primaryimage"},"image":{"@id":"https:\/\/bertakomm.ch\/fr\/memre-equipe\/corina-liebi\/#primaryimage"},"thumbnailUrl":"https:\/\/bertakomm.ch\/wp-content\/uploads\/2026\/01\/20260105_bk-mitarbeiter-portrait-origami_corinaDSC07506-scaled.jpg","datePublished":"2026-01-07T21:21:42+00:00","dateModified":"2026-02-19T20:15:09+00:00","description":"Corina Liebi est consultante en communication et en relations politiques. Elle accompagne les organisations, les autorit\u00e9s publiques et les entreprises dans leur communication sur des sujets complexes et dans leurs projets de transformation num\u00e9rique.","breadcrumb":{"@id":"https:\/\/bertakomm.ch\/fr\/memre-equipe\/corina-liebi\/#breadcrumb"},"inLanguage":"fr-FR","potentialAction":[{"@type":"ReadAction","target":["https:\/\/bertakomm.ch\/fr\/memre-equipe\/corina-liebi\/"]}]},{"@type":"ImageObject","inLanguage":"fr-FR","@id":"https:\/\/bertakomm.ch\/fr\/memre-equipe\/corina-liebi\/#primaryimage","url":"https:\/\/bertakomm.ch\/wp-content\/uploads\/2026\/01\/20260105_bk-mitarbeiter-portrait-origami_corinaDSC07506-scaled.jpg","contentUrl":"https:\/\/bertakomm.ch\/wp-content\/uploads\/2026\/01\/20260105_bk-mitarbeiter-portrait-origami_corinaDSC07506-scaled.jpg","width":1707,"height":2560},{"@type":"BreadcrumbList","@id":"https:\/\/bertakomm.ch\/fr\/memre-equipe\/corina-liebi\/#breadcrumb","itemListElement":[{"@type":"ListItem","position":1,"name":"Home","item":"https:\/\/bertakomm.ch\/fr\/"},{"@type":"ListItem","position":2,"name":"Mitarbeiter","item":"https:\/\/bertakomm.ch\/mitarbeiter\/"},{"@type":"ListItem","position":3,"name":"Corina Liebi"}]},{"@type":"WebSite","@id":"https:\/\/bertakomm.ch\/#website","url":"https:\/\/bertakomm.ch\/","name":"BERTAKOMM","description":"Strategisch. Kreativ. Auf den Punkt.","publisher":{"@id":"https:\/\/bertakomm.ch\/#organization"},"potentialAction":[{"@type":"SearchAction","target":{"@type":"EntryPoint","urlTemplate":"https:\/\/bertakomm.ch\/?s={search_term_string}"},"query-input":{"@type":"PropertyValueSpecification","valueRequired":true,"valueName":"search_term_string"}}],"inLanguage":"fr-FR"},{"@type":"Organization","@id":"https:\/\/bertakomm.ch\/#organization","name":"BERTAKOMM","url":"https:\/\/bertakomm.ch\/","logo":{"@type":"ImageObject","inLanguage":"fr-FR","@id":"https:\/\/bertakomm.ch\/#\/schema\/logo\/image\/","url":"","contentUrl":"","caption":"BERTAKOMM"},"image":{"@id":"https:\/\/bertakomm.ch\/#\/schema\/logo\/image\/"},"sameAs":["https:\/\/www.instagram.com\/bertakomm\/","https:\/\/www.linkedin.com\/company\/bertakomm"],"mainEntityOfPage":{"@id":"https:\/\/bertakomm.ch\/fr\/memre-equipe\/corina-liebi\/"},"description":"BERTAKOMM beherrscht die gesamte Klaviatur anspruchsvoller Kommunikation und bietet L\u00f6sungen aus einer Hand. Mit rund 40 Mitarbeitenden an Standorten in der ganzen Schweiz \u00fcbersetzen wir komplexe Inhalte in verst\u00e4ndliche Kommunikation \u2013 von der ersten Idee bis zur aussagekr\u00e4ftigen Visualisierung, von der konzisen Strategie bis zur reibungslosen Umsetzung.","email":"gruezi@bertakomm.ch","telephone":"+41445204080","legalName":"BERTA KOMM","foundingDate":"2025-01-01","numberOfEmployees":{"@type":"QuantitativeValue","minValue":"51","maxValue":"200"}}]}},"_links":{"self":[{"href":"https:\/\/bertakomm.ch\/fr\/wp-json\/wp\/v2\/mitarbeiter\/6052","targetHints":{"allow":["GET"]}}],"collection":[{"href":"https:\/\/bertakomm.ch\/fr\/wp-json\/wp\/v2\/mitarbeiter"}],"about":[{"href":"https:\/\/bertakomm.ch\/fr\/wp-json\/wp\/v2\/types\/mitarbeiter"}],"version-history":[{"count":2,"href":"https:\/\/bertakomm.ch\/fr\/wp-json\/wp\/v2\/mitarbeiter\/6052\/revisions"}],"predecessor-version":[{"id":6836,"href":"https:\/\/bertakomm.ch\/fr\/wp-json\/wp\/v2\/mitarbeiter\/6052\/revisions\/6836"}],"wp:featuredmedia":[{"embeddable":true,"href":"https:\/\/bertakomm.ch\/fr\/wp-json\/wp\/v2\/media\/6072"}],"wp:attachment":[{"href":"https:\/\/bertakomm.ch\/fr\/wp-json\/wp\/v2\/media?parent=6052"}],"wp:term":[{"taxonomy":"mitarbeiter_tag","embeddable":true,"href":"https:\/\/bertakomm.ch\/fr\/wp-json\/wp\/v2\/mitarbeiter_tag?post=6052"}],"curies":[{"name":"wp","href":"https:\/\/api.w.org\/{rel}","templated":true}]}}

<h2 class="wp-block-heading" id="h-"></h2>



<p>Corina Liebi est conseillère politique et en communication. Elle accompagne organisations, autorités et entreprises dans la communication de thématiques complexes ainsi que dans des projets de transformation numérique. Conseillère municipale à Berne, elle allie savoir-faire politique, profondeur d&rsquo;analyse et compétences numériques. Avant de rejoindre Bertakomm, Corina a dirigé une association ainsi qu’un groupe de réflexion politique. Elle a débuté sa carrière professionnelle en tant qu’employée de commerce dans l&rsquo;administration publique. Titulaire d’un master en histoire, elle prépare actuellement un doctorat en science des données historiques à l&rsquo;université de Berne.</p>

<!-- This site is optimized with the Yoast SEO Premium plugin v27.2 (Yoast SEO v27.2) - https://yoast.com/product/yoast-seo-premium-wordpress/ -->
<title>Corina Liebi - Consultante | BERTAKOMM</title>
<meta name="description" content="Corina Liebi est consultante en communication et en relations politiques. Elle accompagne les organisations, les autorités publiques et les entreprises dans leur communication sur des sujets complexes et dans leurs projets de transformation numérique." />
<meta name="robots" content="index, follow, max-snippet:-1, max-image-preview:large, max-video-preview:-1" />
<link rel="canonical" href="https://bertakomm.ch/fr/memre-equipe/corina-liebi/" />
<meta property="og:locale" content="fr_FR" />
<meta property="og:type" content="article" />
<meta property="og:title" content="Corina Liebi" />
<meta property="og:description" content="Corina Liebi est consultante en communication et en relations politiques. Elle accompagne les organisations, les autorités publiques et les entreprises dans leur communication sur des sujets complexes et dans leurs projets de transformation numérique." />
<meta property="og:url" content="https://bertakomm.ch/fr/memre-equipe/corina-liebi/" />
<meta property="og:site_name" content="BERTAKOMM" />
<meta property="article:modified_time" content="2026-02-19T20:15:09+00:00" />
<meta property="og:image" content="https://bertakomm.ch/wp-content/uploads/2026/01/20260105_bk-mitarbeiter-portrait-origami_corinaDSC07506-scaled.jpg" />
	<meta property="og:image:width" content="1707" />
	<meta property="og:image:height" content="2560" />
	<meta property="og:image:type" content="image/jpeg" />
<meta name="twitter:card" content="summary_large_image" />
<meta name="twitter:label1" content="Est. reading time" />
	<meta name="twitter:data1" content="1 minute" />
<!-- / Yoast SEO Premium plugin. -->

Corina Liebi est consultante en communication et en relations politiques. Elle accompagne les organisations, les autorités publiques et les entreprises dans leur communication sur des sujets complexes et dans leurs projets de transformation numérique.

BERTAKOMM beherrscht die gesamte Klaviatur anspruchsvoller Kommunikation und bietet Lösungen aus einer Hand. Mit rund 40 Mitarbeitenden an Standorten in der ganzen Schweiz übersetzen wir komplexe Inhalte in verständliche Kommunikation – von der ersten Idee bis zur aussagekräftigen Visualisierung, von der konzisen Strategie bis zur reibungslosen Umsetzung.
