{"id":4041,"date":"2025-06-16T11:18:23","date_gmt":"2025-06-16T09:18:23","guid":{"rendered":"https:\/\/dev.bertakomm-v3.berta-bewegt.ch\/teammitglied\/mo-klotz\/"},"modified":"2026-02-19T21:04:54","modified_gmt":"2026-02-19T20:04:54","slug":"mo-klotz","status":"publish","type":"mitarbeiter","link":"https:\/\/bertakomm.ch\/fr\/memre-equipe\/mo-klotz\/","title":{"rendered":"Mo Klotz"},"content":{"rendered":"\n<h2 class=\"wp-block-heading\" id=\"h-\"><\/h2>\n\n\n\n<p><br>Mo Klotz est directeur artistique et concepteur. Il d\u00e9veloppe des id\u00e9es fortes et les transforme en univers visuels percutants \u2013 des campagnes cross-m\u00e9dia aux exp\u00e9riences digitales, jusqu\u2019au print classique. Dot\u00e9 d\u2019un sens strat\u00e9gique aff\u00fbt\u00e9 et d\u2019un \u0153il aiguis\u00e9 pour la typographie, l\u2019image et les nouvelles technologies, il con\u00e7oit des identit\u00e9s de marque claires, audacieuses et durables. Fort de plus de 20 ans d\u2019exp\u00e9rience au sein d\u2019agences r\u00e9put\u00e9es en Suisse et aux \u00c9tats-Unis, il s\u2019appuie aussi sur sa formation \u00e0 l\u2019ADC\/BSW Kreativschule de Zurich, dont il est dipl\u00f4m\u00e9. Mo est par ailleurs membre de l\u2019ADC Suisse.<br><\/p>\n","protected":false},"featured_media":4014,"template":"","mitarbeiter_tag":[96],"class_list":["post-4041","mitarbeiter","type-mitarbeiter","status-publish","has-post-thumbnail","hentry","mitarbeiter_tag-graphic-design-fr"],"acf":[],"yoast_head":"<!-- This site is optimized with the Yoast SEO Premium plugin v27.2 (Yoast SEO v27.2) - https:\/\/yoast.com\/product\/yoast-seo-premium-wordpress\/ -->\n<title>Mo Klotz - Directeur artistique | BERTAKOMM<\/title>\n<meta name=\"description\" content=\"Mo Klotz - Directeur artistique | BERTAKOMM donne vie \u00e0 des id\u00e9es cr\u00e9atives. D\u00e9couvrez son parcours et ses projets chez BERTAKOMM ici.\" \/>\n<meta name=\"robots\" content=\"index, follow, max-snippet:-1, max-image-preview:large, max-video-preview:-1\" \/>\n<link rel=\"canonical\" href=\"https:\/\/bertakomm.ch\/fr\/memre-equipe\/mo-klotz\/\" \/>\n<meta property=\"og:locale\" content=\"fr_FR\" \/>\n<meta property=\"og:type\" content=\"article\" \/>\n<meta property=\"og:title\" content=\"Mo Klotz\" \/>\n<meta property=\"og:description\" content=\"Mo Klotz - Directeur artistique | BERTAKOMM donne vie \u00e0 des id\u00e9es cr\u00e9atives. D\u00e9couvrez son parcours et ses projets chez BERTAKOMM ici.\" \/>\n<meta property=\"og:url\" content=\"https:\/\/bertakomm.ch\/fr\/memre-equipe\/mo-klotz\/\" \/>\n<meta property=\"og:site_name\" content=\"BERTAKOMM\" \/>\n<meta property=\"article:modified_time\" content=\"2026-02-19T20:04:54+00:00\" \/>\n<meta property=\"og:image\" content=\"https:\/\/bertakomm.ch\/wp-content\/uploads\/2025\/06\/portrait_hochformat_mit_origami-scaled.jpg\" \/>\n\t<meta property=\"og:image:width\" content=\"1\" \/>\n\t<meta property=\"og:image:height\" content=\"1\" \/>\n\t<meta property=\"og:image:type\" content=\"image\/jpeg\" \/>\n<meta name=\"twitter:card\" content=\"summary_large_image\" \/>\n<meta name=\"twitter:label1\" content=\"Est. reading time\" \/>\n\t<meta name=\"twitter:data1\" content=\"1 minute\" \/>\n<!-- \/ Yoast SEO Premium plugin. -->","yoast_head_json":{"title":"Mo Klotz - Directeur artistique | BERTAKOMM","description":"Mo Klotz - Directeur artistique | BERTAKOMM donne vie \u00e0 des id\u00e9es cr\u00e9atives. D\u00e9couvrez son parcours et ses projets chez BERTAKOMM ici.","robots":{"index":"index","follow":"follow","max-snippet":"max-snippet:-1","max-image-preview":"max-image-preview:large","max-video-preview":"max-video-preview:-1"},"canonical":"https:\/\/bertakomm.ch\/fr\/memre-equipe\/mo-klotz\/","og_locale":"fr_FR","og_type":"article","og_title":"Mo Klotz","og_description":"Mo Klotz - Directeur artistique | BERTAKOMM donne vie \u00e0 des id\u00e9es cr\u00e9atives. D\u00e9couvrez son parcours et ses projets chez BERTAKOMM ici.","og_url":"https:\/\/bertakomm.ch\/fr\/memre-equipe\/mo-klotz\/","og_site_name":"BERTAKOMM","article_modified_time":"2026-02-19T20:04:54+00:00","og_image":[{"url":"https:\/\/bertakomm.ch\/wp-content\/uploads\/2025\/06\/portrait_hochformat_mit_origami-scaled.jpg","width":1,"height":1,"type":"image\/jpeg"}],"twitter_card":"summary_large_image","twitter_misc":{"Est. reading time":"1 minute"},"schema":{"@context":"https:\/\/schema.org","@graph":[{"@type":["WebPage","ProfilePage"],"@id":"https:\/\/bertakomm.ch\/fr\/memre-equipe\/mo-klotz\/","url":"https:\/\/bertakomm.ch\/fr\/memre-equipe\/mo-klotz\/","name":"Mo Klotz - Directeur artistique | BERTAKOMM","isPartOf":{"@id":"https:\/\/bertakomm.ch\/#website"},"primaryImageOfPage":{"@id":"https:\/\/bertakomm.ch\/fr\/memre-equipe\/mo-klotz\/#primaryimage"},"image":{"@id":"https:\/\/bertakomm.ch\/fr\/memre-equipe\/mo-klotz\/#primaryimage"},"thumbnailUrl":"https:\/\/bertakomm.ch\/wp-content\/uploads\/2025\/06\/portrait_hochformat_mit_origami-scaled.jpg","datePublished":"2025-06-16T09:18:23+00:00","dateModified":"2026-02-19T20:04:54+00:00","description":"Mo Klotz - Directeur artistique | BERTAKOMM donne vie \u00e0 des id\u00e9es cr\u00e9atives. D\u00e9couvrez son parcours et ses projets chez BERTAKOMM ici.","breadcrumb":{"@id":"https:\/\/bertakomm.ch\/fr\/memre-equipe\/mo-klotz\/#breadcrumb"},"inLanguage":"fr-FR","potentialAction":[{"@type":"ReadAction","target":["https:\/\/bertakomm.ch\/fr\/memre-equipe\/mo-klotz\/"]}]},{"@type":"ImageObject","inLanguage":"fr-FR","@id":"https:\/\/bertakomm.ch\/fr\/memre-equipe\/mo-klotz\/#primaryimage","url":"https:\/\/bertakomm.ch\/wp-content\/uploads\/2025\/06\/portrait_hochformat_mit_origami-scaled.jpg","contentUrl":"https:\/\/bertakomm.ch\/wp-content\/uploads\/2025\/06\/portrait_hochformat_mit_origami-scaled.jpg"},{"@type":"BreadcrumbList","@id":"https:\/\/bertakomm.ch\/fr\/memre-equipe\/mo-klotz\/#breadcrumb","itemListElement":[{"@type":"ListItem","position":1,"name":"Home","item":"https:\/\/bertakomm.ch\/fr\/"},{"@type":"ListItem","position":2,"name":"Mitarbeiter","item":"https:\/\/bertakomm.ch\/mitarbeiter\/"},{"@type":"ListItem","position":3,"name":"Mo Klotz"}]},{"@type":"WebSite","@id":"https:\/\/bertakomm.ch\/#website","url":"https:\/\/bertakomm.ch\/","name":"BERTAKOMM","description":"Strategisch. Kreativ. Auf den Punkt.","publisher":{"@id":"https:\/\/bertakomm.ch\/#organization"},"potentialAction":[{"@type":"SearchAction","target":{"@type":"EntryPoint","urlTemplate":"https:\/\/bertakomm.ch\/?s={search_term_string}"},"query-input":{"@type":"PropertyValueSpecification","valueRequired":true,"valueName":"search_term_string"}}],"inLanguage":"fr-FR"},{"@type":"Organization","@id":"https:\/\/bertakomm.ch\/#organization","name":"BERTAKOMM","url":"https:\/\/bertakomm.ch\/","logo":{"@type":"ImageObject","inLanguage":"fr-FR","@id":"https:\/\/bertakomm.ch\/#\/schema\/logo\/image\/","url":"","contentUrl":"","caption":"BERTAKOMM"},"image":{"@id":"https:\/\/bertakomm.ch\/#\/schema\/logo\/image\/"},"sameAs":["https:\/\/www.instagram.com\/bertakomm\/","https:\/\/www.linkedin.com\/company\/bertakomm"],"mainEntityOfPage":{"@id":"https:\/\/bertakomm.ch\/fr\/memre-equipe\/mo-klotz\/"},"description":"BERTAKOMM beherrscht die gesamte Klaviatur anspruchsvoller Kommunikation und bietet L\u00f6sungen aus einer Hand. Mit rund 40 Mitarbeitenden an Standorten in der ganzen Schweiz \u00fcbersetzen wir komplexe Inhalte in verst\u00e4ndliche Kommunikation \u2013 von der ersten Idee bis zur aussagekr\u00e4ftigen Visualisierung, von der konzisen Strategie bis zur reibungslosen Umsetzung.","email":"gruezi@bertakomm.ch","telephone":"+41445204080","legalName":"BERTA KOMM","foundingDate":"2025-01-01","numberOfEmployees":{"@type":"QuantitativeValue","minValue":"51","maxValue":"200"}}]}},"_links":{"self":[{"href":"https:\/\/bertakomm.ch\/fr\/wp-json\/wp\/v2\/mitarbeiter\/4041","targetHints":{"allow":["GET"]}}],"collection":[{"href":"https:\/\/bertakomm.ch\/fr\/wp-json\/wp\/v2\/mitarbeiter"}],"about":[{"href":"https:\/\/bertakomm.ch\/fr\/wp-json\/wp\/v2\/types\/mitarbeiter"}],"version-history":[{"count":1,"href":"https:\/\/bertakomm.ch\/fr\/wp-json\/wp\/v2\/mitarbeiter\/4041\/revisions"}],"predecessor-version":[{"id":4042,"href":"https:\/\/bertakomm.ch\/fr\/wp-json\/wp\/v2\/mitarbeiter\/4041\/revisions\/4042"}],"wp:featuredmedia":[{"embeddable":true,"href":"https:\/\/bertakomm.ch\/fr\/wp-json\/wp\/v2\/media\/4014"}],"wp:attachment":[{"href":"https:\/\/bertakomm.ch\/fr\/wp-json\/wp\/v2\/media?parent=4041"}],"wp:term":[{"taxonomy":"mitarbeiter_tag","embeddable":true,"href":"https:\/\/bertakomm.ch\/fr\/wp-json\/wp\/v2\/mitarbeiter_tag?post=4041"}],"curies":[{"name":"wp","href":"https:\/\/api.w.org\/{rel}","templated":true}]}}

<h2 class="wp-block-heading" id="h-"></h2>



<p><br>Mo Klotz est directeur artistique et concepteur. Il développe des idées fortes et les transforme en univers visuels percutants – des campagnes cross-média aux expériences digitales, jusqu’au print classique. Doté d’un sens stratégique affûté et d’un œil aiguisé pour la typographie, l’image et les nouvelles technologies, il conçoit des identités de marque claires, audacieuses et durables. Fort de plus de 20 ans d’expérience au sein d’agences réputées en Suisse et aux États-Unis, il s’appuie aussi sur sa formation à l’ADC/BSW Kreativschule de Zurich, dont il est diplômé. Mo est par ailleurs membre de l’ADC Suisse.<br></p>

<!-- This site is optimized with the Yoast SEO Premium plugin v27.2 (Yoast SEO v27.2) - https://yoast.com/product/yoast-seo-premium-wordpress/ -->
<title>Mo Klotz - Directeur artistique | BERTAKOMM</title>
<meta name="description" content="Mo Klotz - Directeur artistique | BERTAKOMM donne vie à des idées créatives. Découvrez son parcours et ses projets chez BERTAKOMM ici." />
<meta name="robots" content="index, follow, max-snippet:-1, max-image-preview:large, max-video-preview:-1" />
<link rel="canonical" href="https://bertakomm.ch/fr/memre-equipe/mo-klotz/" />
<meta property="og:locale" content="fr_FR" />
<meta property="og:type" content="article" />
<meta property="og:title" content="Mo Klotz" />
<meta property="og:description" content="Mo Klotz - Directeur artistique | BERTAKOMM donne vie à des idées créatives. Découvrez son parcours et ses projets chez BERTAKOMM ici." />
<meta property="og:url" content="https://bertakomm.ch/fr/memre-equipe/mo-klotz/" />
<meta property="og:site_name" content="BERTAKOMM" />
<meta property="article:modified_time" content="2026-02-19T20:04:54+00:00" />
<meta property="og:image" content="https://bertakomm.ch/wp-content/uploads/2025/06/portrait_hochformat_mit_origami-scaled.jpg" />
	<meta property="og:image:width" content="1" />
	<meta property="og:image:height" content="1" />
	<meta property="og:image:type" content="image/jpeg" />
<meta name="twitter:card" content="summary_large_image" />
<meta name="twitter:label1" content="Est. reading time" />
	<meta name="twitter:data1" content="1 minute" />
<!-- / Yoast SEO Premium plugin. -->

Mo Klotz - Directeur artistique | BERTAKOMM donne vie à des idées créatives. Découvrez son parcours et ses projets chez BERTAKOMM ici.

BERTAKOMM beherrscht die gesamte Klaviatur anspruchsvoller Kommunikation und bietet Lösungen aus einer Hand. Mit rund 40 Mitarbeitenden an Standorten in der ganzen Schweiz übersetzen wir komplexe Inhalte in verständliche Kommunikation – von der ersten Idee bis zur aussagekräftigen Visualisierung, von der konzisen Strategie bis zur reibungslosen Umsetzung.
