{"id":3213,"date":"2025-03-21T15:48:14","date_gmt":"2025-03-21T14:48:14","guid":{"rendered":"https:\/\/dev.bertakomm-v3.berta-bewegt.ch\/mitarbeiter\/urs-rellstab\/"},"modified":"2026-01-12T15:52:39","modified_gmt":"2026-01-12T14:52:39","slug":"urs-rellstab","status":"publish","type":"mitarbeiter","link":"https:\/\/bertakomm.ch\/fr\/memre-equipe\/urs-rellstab\/","title":{"rendered":"Dr. Urs Rellstab"},"content":{"rendered":"\n<h2 class=\"wp-block-heading\" id=\"h-\"><\/h2>\n\n\n\n<p>Conseiller politique et strat\u00e9gique, Urs Rellstab est un campaigner dot\u00e9 d&rsquo;une grande exp\u00e9rience. Il conna\u00eet les m\u00e9canismes d\u2019interaction entre \u00e9conomie, politique et opinion publique sous diff\u00e9rents angles \u2013 aussi bien du c\u00f4t\u00e9 des agences que des associations. De 2000 \u00e0 2010, il a dirig\u00e9 la communication d\u2019economiesuisse et pilot\u00e9 l\u2019ensemble des campagnes de l\u2019association fa\u00eeti\u00e8re. Auparavant, Urs a travaill\u00e9 comme journaliste et r\u00e9dacteur en chef. Il a \u00e9tudi\u00e9 l&rsquo;\u00e9conomie \u00e0 l&rsquo;Universit\u00e9 de Saint-Gall.<\/p>\n","protected":false},"featured_media":2313,"template":"","mitarbeiter_tag":[102,84],"class_list":["post-3213","mitarbeiter","type-mitarbeiter","status-publish","has-post-thumbnail","hentry","mitarbeiter_tag-partner-fr","mitarbeiter_tag-consulting-fr"],"acf":[],"yoast_head":"<!-- This site is optimized with the Yoast SEO Premium plugin v27.2 (Yoast SEO v27.2) - https:\/\/yoast.com\/product\/yoast-seo-premium-wordpress\/ -->\n<title>Urs Rellstab - Chairman of the Board | BERTAKOMM<\/title>\n<meta name=\"robots\" content=\"index, follow, max-snippet:-1, max-image-preview:large, max-video-preview:-1\" \/>\n<link rel=\"canonical\" href=\"https:\/\/bertakomm.ch\/fr\/memre-equipe\/urs-rellstab\/\" \/>\n<meta property=\"og:locale\" content=\"fr_FR\" \/>\n<meta property=\"og:type\" content=\"article\" \/>\n<meta property=\"og:title\" content=\"Dr. Urs Rellstab\" \/>\n<meta property=\"og:description\" content=\"Conseiller politique et strat\u00e9gique, Urs Rellstab est un campaigner dot\u00e9 d&rsquo;une grande exp\u00e9rience. Il conna\u00eet les m\u00e9canismes d\u2019interaction entre \u00e9conomie, politique et opinion publique sous diff\u00e9rents angles \u2013 aussi bien du c\u00f4t\u00e9 des agences que des associations. De 2000 \u00e0 2010, il a dirig\u00e9 la communication d\u2019economiesuisse et pilot\u00e9 l\u2019ensemble des campagnes de l\u2019association fa\u00eeti\u00e8re. [&hellip;]\" \/>\n<meta property=\"og:url\" content=\"https:\/\/bertakomm.ch\/fr\/memre-equipe\/urs-rellstab\/\" \/>\n<meta property=\"og:site_name\" content=\"BERTAKOMM\" \/>\n<meta property=\"article:modified_time\" content=\"2026-01-12T14:52:39+00:00\" \/>\n<meta property=\"og:image\" content=\"https:\/\/bertakomm.ch\/wp-content\/uploads\/2025\/03\/urs-3-72pixel-scaled.jpg\" \/>\n\t<meta property=\"og:image:width\" content=\"1707\" \/>\n\t<meta property=\"og:image:height\" content=\"2560\" \/>\n\t<meta property=\"og:image:type\" content=\"image\/jpeg\" \/>\n<meta name=\"twitter:card\" content=\"summary_large_image\" \/>\n<meta name=\"twitter:label1\" content=\"Est. reading time\" \/>\n\t<meta name=\"twitter:data1\" content=\"2 minutes\" \/>\n<!-- \/ Yoast SEO Premium plugin. -->","yoast_head_json":{"title":"Urs Rellstab - Chairman of the Board | BERTAKOMM","robots":{"index":"index","follow":"follow","max-snippet":"max-snippet:-1","max-image-preview":"max-image-preview:large","max-video-preview":"max-video-preview:-1"},"canonical":"https:\/\/bertakomm.ch\/fr\/memre-equipe\/urs-rellstab\/","og_locale":"fr_FR","og_type":"article","og_title":"Dr. Urs Rellstab","og_description":"Conseiller politique et strat\u00e9gique, Urs Rellstab est un campaigner dot\u00e9 d&rsquo;une grande exp\u00e9rience. Il conna\u00eet les m\u00e9canismes d\u2019interaction entre \u00e9conomie, politique et opinion publique sous diff\u00e9rents angles \u2013 aussi bien du c\u00f4t\u00e9 des agences que des associations. De 2000 \u00e0 2010, il a dirig\u00e9 la communication d\u2019economiesuisse et pilot\u00e9 l\u2019ensemble des campagnes de l\u2019association fa\u00eeti\u00e8re. [&hellip;]","og_url":"https:\/\/bertakomm.ch\/fr\/memre-equipe\/urs-rellstab\/","og_site_name":"BERTAKOMM","article_modified_time":"2026-01-12T14:52:39+00:00","og_image":[{"width":1707,"height":2560,"url":"https:\/\/bertakomm.ch\/wp-content\/uploads\/2025\/03\/urs-3-72pixel-scaled.jpg","type":"image\/jpeg"}],"twitter_card":"summary_large_image","twitter_misc":{"Est. reading time":"2 minutes"},"schema":{"@context":"https:\/\/schema.org","@graph":[{"@type":["WebPage","ProfilePage"],"@id":"https:\/\/bertakomm.ch\/fr\/memre-equipe\/urs-rellstab\/","url":"https:\/\/bertakomm.ch\/fr\/memre-equipe\/urs-rellstab\/","name":"Urs Rellstab - Chairman of the Board | BERTAKOMM","isPartOf":{"@id":"https:\/\/bertakomm.ch\/#website"},"primaryImageOfPage":{"@id":"https:\/\/bertakomm.ch\/fr\/memre-equipe\/urs-rellstab\/#primaryimage"},"image":{"@id":"https:\/\/bertakomm.ch\/fr\/memre-equipe\/urs-rellstab\/#primaryimage"},"thumbnailUrl":"https:\/\/bertakomm.ch\/wp-content\/uploads\/2025\/03\/urs-3-72pixel-scaled.jpg","datePublished":"2025-03-21T14:48:14+00:00","dateModified":"2026-01-12T14:52:39+00:00","breadcrumb":{"@id":"https:\/\/bertakomm.ch\/fr\/memre-equipe\/urs-rellstab\/#breadcrumb"},"inLanguage":"fr-FR","potentialAction":[{"@type":"ReadAction","target":["https:\/\/bertakomm.ch\/fr\/memre-equipe\/urs-rellstab\/"]}]},{"@type":"ImageObject","inLanguage":"fr-FR","@id":"https:\/\/bertakomm.ch\/fr\/memre-equipe\/urs-rellstab\/#primaryimage","url":"https:\/\/bertakomm.ch\/wp-content\/uploads\/2025\/03\/urs-3-72pixel-scaled.jpg","contentUrl":"https:\/\/bertakomm.ch\/wp-content\/uploads\/2025\/03\/urs-3-72pixel-scaled.jpg","width":1707,"height":2560},{"@type":"BreadcrumbList","@id":"https:\/\/bertakomm.ch\/fr\/memre-equipe\/urs-rellstab\/#breadcrumb","itemListElement":[{"@type":"ListItem","position":1,"name":"Home","item":"https:\/\/bertakomm.ch\/fr\/"},{"@type":"ListItem","position":2,"name":"Mitarbeiter","item":"https:\/\/bertakomm.ch\/mitarbeiter\/"},{"@type":"ListItem","position":3,"name":"Dr. Urs Rellstab"}]},{"@type":"WebSite","@id":"https:\/\/bertakomm.ch\/#website","url":"https:\/\/bertakomm.ch\/","name":"BERTAKOMM","description":"Strategisch. Kreativ. Auf den Punkt.","publisher":{"@id":"https:\/\/bertakomm.ch\/#organization"},"potentialAction":[{"@type":"SearchAction","target":{"@type":"EntryPoint","urlTemplate":"https:\/\/bertakomm.ch\/?s={search_term_string}"},"query-input":{"@type":"PropertyValueSpecification","valueRequired":true,"valueName":"search_term_string"}}],"inLanguage":"fr-FR"},{"@type":"Organization","@id":"https:\/\/bertakomm.ch\/#organization","name":"BERTAKOMM","url":"https:\/\/bertakomm.ch\/","logo":{"@type":"ImageObject","inLanguage":"fr-FR","@id":"https:\/\/bertakomm.ch\/#\/schema\/logo\/image\/","url":"","contentUrl":"","caption":"BERTAKOMM"},"image":{"@id":"https:\/\/bertakomm.ch\/#\/schema\/logo\/image\/"},"sameAs":["https:\/\/www.instagram.com\/bertakomm\/","https:\/\/www.linkedin.com\/company\/bertakomm"],"mainEntityOfPage":{"@id":"https:\/\/bertakomm.ch\/fr\/memre-equipe\/urs-rellstab\/"},"description":"BERTAKOMM beherrscht die gesamte Klaviatur anspruchsvoller Kommunikation und bietet L\u00f6sungen aus einer Hand. Mit rund 40 Mitarbeitenden an Standorten in der ganzen Schweiz \u00fcbersetzen wir komplexe Inhalte in verst\u00e4ndliche Kommunikation \u2013 von der ersten Idee bis zur aussagekr\u00e4ftigen Visualisierung, von der konzisen Strategie bis zur reibungslosen Umsetzung.","email":"gruezi@bertakomm.ch","telephone":"+41445204080","legalName":"BERTA KOMM","foundingDate":"2025-01-01","numberOfEmployees":{"@type":"QuantitativeValue","minValue":"51","maxValue":"200"}}]}},"_links":{"self":[{"href":"https:\/\/bertakomm.ch\/fr\/wp-json\/wp\/v2\/mitarbeiter\/3213","targetHints":{"allow":["GET"]}}],"collection":[{"href":"https:\/\/bertakomm.ch\/fr\/wp-json\/wp\/v2\/mitarbeiter"}],"about":[{"href":"https:\/\/bertakomm.ch\/fr\/wp-json\/wp\/v2\/types\/mitarbeiter"}],"version-history":[{"count":2,"href":"https:\/\/bertakomm.ch\/fr\/wp-json\/wp\/v2\/mitarbeiter\/3213\/revisions"}],"predecessor-version":[{"id":3965,"href":"https:\/\/bertakomm.ch\/fr\/wp-json\/wp\/v2\/mitarbeiter\/3213\/revisions\/3965"}],"wp:featuredmedia":[{"embeddable":true,"href":"https:\/\/bertakomm.ch\/fr\/wp-json\/wp\/v2\/media\/2313"}],"wp:attachment":[{"href":"https:\/\/bertakomm.ch\/fr\/wp-json\/wp\/v2\/media?parent=3213"}],"wp:term":[{"taxonomy":"mitarbeiter_tag","embeddable":true,"href":"https:\/\/bertakomm.ch\/fr\/wp-json\/wp\/v2\/mitarbeiter_tag?post=3213"}],"curies":[{"name":"wp","href":"https:\/\/api.w.org\/{rel}","templated":true}]}}

<h2 class="wp-block-heading" id="h-"></h2>



<p>Conseiller politique et stratégique, Urs Rellstab est un campaigner doté d&rsquo;une grande expérience. Il connaît les mécanismes d’interaction entre économie, politique et opinion publique sous différents angles – aussi bien du côté des agences que des associations. De 2000 à 2010, il a dirigé la communication d’economiesuisse et piloté l’ensemble des campagnes de l’association faîtière. Auparavant, Urs a travaillé comme journaliste et rédacteur en chef. Il a étudié l&rsquo;économie à l&rsquo;Université de Saint-Gall.</p>

<!-- This site is optimized with the Yoast SEO Premium plugin v27.2 (Yoast SEO v27.2) - https://yoast.com/product/yoast-seo-premium-wordpress/ -->
<title>Urs Rellstab - Chairman of the Board | BERTAKOMM</title>
<meta name="robots" content="index, follow, max-snippet:-1, max-image-preview:large, max-video-preview:-1" />
<link rel="canonical" href="https://bertakomm.ch/fr/memre-equipe/urs-rellstab/" />
<meta property="og:locale" content="fr_FR" />
<meta property="og:type" content="article" />
<meta property="og:title" content="Dr. Urs Rellstab" />
<meta property="og:description" content="Conseiller politique et stratégique, Urs Rellstab est un campaigner doté d&rsquo;une grande expérience. Il connaît les mécanismes d’interaction entre économie, politique et opinion publique sous différents angles – aussi bien du côté des agences que des associations. De 2000 à 2010, il a dirigé la communication d’economiesuisse et piloté l’ensemble des campagnes de l’association faîtière. [&hellip;]" />
<meta property="og:url" content="https://bertakomm.ch/fr/memre-equipe/urs-rellstab/" />
<meta property="og:site_name" content="BERTAKOMM" />
<meta property="article:modified_time" content="2026-01-12T14:52:39+00:00" />
<meta property="og:image" content="https://bertakomm.ch/wp-content/uploads/2025/03/urs-3-72pixel-scaled.jpg" />
	<meta property="og:image:width" content="1707" />
	<meta property="og:image:height" content="2560" />
	<meta property="og:image:type" content="image/jpeg" />
<meta name="twitter:card" content="summary_large_image" />
<meta name="twitter:label1" content="Est. reading time" />
	<meta name="twitter:data1" content="2 minutes" />
<!-- / Yoast SEO Premium plugin. -->

Conseiller politique et stratégique, Urs Rellstab est un campaigner doté d&rsquo;une grande expérience. Il connaît les mécanismes d’interaction entre économie, politique et opinion publique sous différents angles – aussi bien du côté des agences que des associations. De 2000 à 2010, il a dirigé la communication d’economiesuisse et piloté l’ensemble des campagnes de l’association faîtière. [&hellip;]

BERTAKOMM beherrscht die gesamte Klaviatur anspruchsvoller Kommunikation und bietet Lösungen aus einer Hand. Mit rund 40 Mitarbeitenden an Standorten in der ganzen Schweiz übersetzen wir komplexe Inhalte in verständliche Kommunikation – von der ersten Idee bis zur aussagekräftigen Visualisierung, von der konzisen Strategie bis zur reibungslosen Umsetzung.
