{"id":3130,"date":"2025-03-21T16:03:58","date_gmt":"2025-03-21T15:03:58","guid":{"rendered":"https:\/\/dev.bertakomm-v3.berta-bewegt.ch\/mitarbeiter\/amir-sahi\/"},"modified":"2026-01-12T15:50:02","modified_gmt":"2026-01-12T14:50:02","slug":"amir-sahi","status":"publish","type":"mitarbeiter","link":"https:\/\/bertakomm.ch\/fr\/memre-equipe\/amir-sahi\/","title":{"rendered":"Amir Sahi"},"content":{"rendered":"\n<h2 class=\"wp-block-heading\" id=\"h-\"><\/h2>\n\n\n\n<p>Amir Sahi pense de mani\u00e8re strat\u00e9gique et agit de fa\u00e7on pragmatique. Il est un homme de r\u00e9seau exp\u00e9riment\u00e9 et un conseiller en communication, notamment dans les domaines de la num\u00e9risation et de l\u2019inclusion. Derni\u00e8rement, il a travaill\u00e9 \u00e0 la Haute \u00e9cole sp\u00e9cialis\u00e9e bernoise en tant que charg\u00e9 de cours et collaborateur scientifique, o\u00f9 il a dirig\u00e9 des projets novateurs de transformation num\u00e9rique. Amir est titulaire d\u2019un master en administration des affaires de l\u2019Universit\u00e9 de Berne.<\/p>\n","protected":false},"featured_media":2034,"template":"","mitarbeiter_tag":[84],"class_list":["post-3130","mitarbeiter","type-mitarbeiter","status-publish","has-post-thumbnail","hentry","mitarbeiter_tag-consulting-fr"],"acf":[],"yoast_head":"<!-- This site is optimized with the Yoast SEO Premium plugin v27.2 (Yoast SEO v27.2) - https:\/\/yoast.com\/product\/yoast-seo-premium-wordpress\/ -->\n<title>Amir Sahi - Consultant | BERTAKOMM<\/title>\n<meta name=\"robots\" content=\"index, follow, max-snippet:-1, max-image-preview:large, max-video-preview:-1\" \/>\n<link rel=\"canonical\" href=\"https:\/\/bertakomm.ch\/fr\/memre-equipe\/amir-sahi\/\" \/>\n<meta property=\"og:locale\" content=\"fr_FR\" \/>\n<meta property=\"og:type\" content=\"article\" \/>\n<meta property=\"og:title\" content=\"Amir Sahi\" \/>\n<meta property=\"og:description\" content=\"Amir Sahi pense de mani\u00e8re strat\u00e9gique et agit de fa\u00e7on pragmatique. Il est un homme de r\u00e9seau exp\u00e9riment\u00e9 et un conseiller en communication, notamment dans les domaines de la num\u00e9risation et de l\u2019inclusion. Derni\u00e8rement, il a travaill\u00e9 \u00e0 la Haute \u00e9cole sp\u00e9cialis\u00e9e bernoise en tant que charg\u00e9 de cours et collaborateur scientifique, o\u00f9 il a [&hellip;]\" \/>\n<meta property=\"og:url\" content=\"https:\/\/bertakomm.ch\/fr\/memre-equipe\/amir-sahi\/\" \/>\n<meta property=\"og:site_name\" content=\"BERTAKOMM\" \/>\n<meta property=\"article:modified_time\" content=\"2026-01-12T14:50:02+00:00\" \/>\n<meta property=\"og:image\" content=\"https:\/\/bertakomm.ch\/wp-content\/uploads\/2025\/03\/bertakomm_portraits_amir-4-72pixel-scaled.jpg\" \/>\n\t<meta property=\"og:image:width\" content=\"1707\" \/>\n\t<meta property=\"og:image:height\" content=\"2560\" \/>\n\t<meta property=\"og:image:type\" content=\"image\/jpeg\" \/>\n<meta name=\"twitter:card\" content=\"summary_large_image\" \/>\n<meta name=\"twitter:label1\" content=\"Est. reading time\" \/>\n\t<meta name=\"twitter:data1\" content=\"2 minutes\" \/>\n<!-- \/ Yoast SEO Premium plugin. -->","yoast_head_json":{"title":"Amir Sahi - Consultant | BERTAKOMM","robots":{"index":"index","follow":"follow","max-snippet":"max-snippet:-1","max-image-preview":"max-image-preview:large","max-video-preview":"max-video-preview:-1"},"canonical":"https:\/\/bertakomm.ch\/fr\/memre-equipe\/amir-sahi\/","og_locale":"fr_FR","og_type":"article","og_title":"Amir Sahi","og_description":"Amir Sahi pense de mani\u00e8re strat\u00e9gique et agit de fa\u00e7on pragmatique. Il est un homme de r\u00e9seau exp\u00e9riment\u00e9 et un conseiller en communication, notamment dans les domaines de la num\u00e9risation et de l\u2019inclusion. Derni\u00e8rement, il a travaill\u00e9 \u00e0 la Haute \u00e9cole sp\u00e9cialis\u00e9e bernoise en tant que charg\u00e9 de cours et collaborateur scientifique, o\u00f9 il a [&hellip;]","og_url":"https:\/\/bertakomm.ch\/fr\/memre-equipe\/amir-sahi\/","og_site_name":"BERTAKOMM","article_modified_time":"2026-01-12T14:50:02+00:00","og_image":[{"width":1707,"height":2560,"url":"https:\/\/bertakomm.ch\/wp-content\/uploads\/2025\/03\/bertakomm_portraits_amir-4-72pixel-scaled.jpg","type":"image\/jpeg"}],"twitter_card":"summary_large_image","twitter_misc":{"Est. reading time":"2 minutes"},"schema":{"@context":"https:\/\/schema.org","@graph":[{"@type":["WebPage","ProfilePage"],"@id":"https:\/\/bertakomm.ch\/fr\/memre-equipe\/amir-sahi\/","url":"https:\/\/bertakomm.ch\/fr\/memre-equipe\/amir-sahi\/","name":"Amir Sahi - Consultant | BERTAKOMM","isPartOf":{"@id":"https:\/\/bertakomm.ch\/#website"},"primaryImageOfPage":{"@id":"https:\/\/bertakomm.ch\/fr\/memre-equipe\/amir-sahi\/#primaryimage"},"image":{"@id":"https:\/\/bertakomm.ch\/fr\/memre-equipe\/amir-sahi\/#primaryimage"},"thumbnailUrl":"https:\/\/bertakomm.ch\/wp-content\/uploads\/2025\/03\/bertakomm_portraits_amir-4-72pixel-scaled.jpg","datePublished":"2025-03-21T15:03:58+00:00","dateModified":"2026-01-12T14:50:02+00:00","breadcrumb":{"@id":"https:\/\/bertakomm.ch\/fr\/memre-equipe\/amir-sahi\/#breadcrumb"},"inLanguage":"fr-FR","potentialAction":[{"@type":"ReadAction","target":["https:\/\/bertakomm.ch\/fr\/memre-equipe\/amir-sahi\/"]}]},{"@type":"ImageObject","inLanguage":"fr-FR","@id":"https:\/\/bertakomm.ch\/fr\/memre-equipe\/amir-sahi\/#primaryimage","url":"https:\/\/bertakomm.ch\/wp-content\/uploads\/2025\/03\/bertakomm_portraits_amir-4-72pixel-scaled.jpg","contentUrl":"https:\/\/bertakomm.ch\/wp-content\/uploads\/2025\/03\/bertakomm_portraits_amir-4-72pixel-scaled.jpg","width":1707,"height":2560},{"@type":"BreadcrumbList","@id":"https:\/\/bertakomm.ch\/fr\/memre-equipe\/amir-sahi\/#breadcrumb","itemListElement":[{"@type":"ListItem","position":1,"name":"Home","item":"https:\/\/bertakomm.ch\/fr\/"},{"@type":"ListItem","position":2,"name":"Mitarbeiter","item":"https:\/\/bertakomm.ch\/mitarbeiter\/"},{"@type":"ListItem","position":3,"name":"Amir Sahi"}]},{"@type":"WebSite","@id":"https:\/\/bertakomm.ch\/#website","url":"https:\/\/bertakomm.ch\/","name":"BERTAKOMM","description":"Strategisch. Kreativ. Auf den Punkt.","publisher":{"@id":"https:\/\/bertakomm.ch\/#organization"},"potentialAction":[{"@type":"SearchAction","target":{"@type":"EntryPoint","urlTemplate":"https:\/\/bertakomm.ch\/?s={search_term_string}"},"query-input":{"@type":"PropertyValueSpecification","valueRequired":true,"valueName":"search_term_string"}}],"inLanguage":"fr-FR"},{"@type":"Organization","@id":"https:\/\/bertakomm.ch\/#organization","name":"BERTAKOMM","url":"https:\/\/bertakomm.ch\/","logo":{"@type":"ImageObject","inLanguage":"fr-FR","@id":"https:\/\/bertakomm.ch\/#\/schema\/logo\/image\/","url":"","contentUrl":"","caption":"BERTAKOMM"},"image":{"@id":"https:\/\/bertakomm.ch\/#\/schema\/logo\/image\/"},"sameAs":["https:\/\/www.instagram.com\/bertakomm\/","https:\/\/www.linkedin.com\/company\/bertakomm"],"mainEntityOfPage":{"@id":"https:\/\/bertakomm.ch\/fr\/memre-equipe\/amir-sahi\/"},"description":"BERTAKOMM beherrscht die gesamte Klaviatur anspruchsvoller Kommunikation und bietet L\u00f6sungen aus einer Hand. Mit rund 40 Mitarbeitenden an Standorten in der ganzen Schweiz \u00fcbersetzen wir komplexe Inhalte in verst\u00e4ndliche Kommunikation \u2013 von der ersten Idee bis zur aussagekr\u00e4ftigen Visualisierung, von der konzisen Strategie bis zur reibungslosen Umsetzung.","email":"gruezi@bertakomm.ch","telephone":"+41445204080","legalName":"BERTA KOMM","foundingDate":"2025-01-01","numberOfEmployees":{"@type":"QuantitativeValue","minValue":"51","maxValue":"200"}}]}},"_links":{"self":[{"href":"https:\/\/bertakomm.ch\/fr\/wp-json\/wp\/v2\/mitarbeiter\/3130","targetHints":{"allow":["GET"]}}],"collection":[{"href":"https:\/\/bertakomm.ch\/fr\/wp-json\/wp\/v2\/mitarbeiter"}],"about":[{"href":"https:\/\/bertakomm.ch\/fr\/wp-json\/wp\/v2\/types\/mitarbeiter"}],"version-history":[{"count":2,"href":"https:\/\/bertakomm.ch\/fr\/wp-json\/wp\/v2\/mitarbeiter\/3130\/revisions"}],"predecessor-version":[{"id":3988,"href":"https:\/\/bertakomm.ch\/fr\/wp-json\/wp\/v2\/mitarbeiter\/3130\/revisions\/3988"}],"wp:featuredmedia":[{"embeddable":true,"href":"https:\/\/bertakomm.ch\/fr\/wp-json\/wp\/v2\/media\/2034"}],"wp:attachment":[{"href":"https:\/\/bertakomm.ch\/fr\/wp-json\/wp\/v2\/media?parent=3130"}],"wp:term":[{"taxonomy":"mitarbeiter_tag","embeddable":true,"href":"https:\/\/bertakomm.ch\/fr\/wp-json\/wp\/v2\/mitarbeiter_tag?post=3130"}],"curies":[{"name":"wp","href":"https:\/\/api.w.org\/{rel}","templated":true}]}}

<h2 class="wp-block-heading" id="h-"></h2>



<p>Amir Sahi pense de manière stratégique et agit de façon pragmatique. Il est un homme de réseau expérimenté et un conseiller en communication, notamment dans les domaines de la numérisation et de l’inclusion. Dernièrement, il a travaillé à la Haute école spécialisée bernoise en tant que chargé de cours et collaborateur scientifique, où il a dirigé des projets novateurs de transformation numérique. Amir est titulaire d’un master en administration des affaires de l’Université de Berne.</p>

<!-- This site is optimized with the Yoast SEO Premium plugin v27.2 (Yoast SEO v27.2) - https://yoast.com/product/yoast-seo-premium-wordpress/ -->
<title>Amir Sahi - Consultant | BERTAKOMM</title>
<meta name="robots" content="index, follow, max-snippet:-1, max-image-preview:large, max-video-preview:-1" />
<link rel="canonical" href="https://bertakomm.ch/fr/memre-equipe/amir-sahi/" />
<meta property="og:locale" content="fr_FR" />
<meta property="og:type" content="article" />
<meta property="og:title" content="Amir Sahi" />
<meta property="og:description" content="Amir Sahi pense de manière stratégique et agit de façon pragmatique. Il est un homme de réseau expérimenté et un conseiller en communication, notamment dans les domaines de la numérisation et de l’inclusion. Dernièrement, il a travaillé à la Haute école spécialisée bernoise en tant que chargé de cours et collaborateur scientifique, où il a [&hellip;]" />
<meta property="og:url" content="https://bertakomm.ch/fr/memre-equipe/amir-sahi/" />
<meta property="og:site_name" content="BERTAKOMM" />
<meta property="article:modified_time" content="2026-01-12T14:50:02+00:00" />
<meta property="og:image" content="https://bertakomm.ch/wp-content/uploads/2025/03/bertakomm_portraits_amir-4-72pixel-scaled.jpg" />
	<meta property="og:image:width" content="1707" />
	<meta property="og:image:height" content="2560" />
	<meta property="og:image:type" content="image/jpeg" />
<meta name="twitter:card" content="summary_large_image" />
<meta name="twitter:label1" content="Est. reading time" />
	<meta name="twitter:data1" content="2 minutes" />
<!-- / Yoast SEO Premium plugin. -->

Amir Sahi pense de manière stratégique et agit de façon pragmatique. Il est un homme de réseau expérimenté et un conseiller en communication, notamment dans les domaines de la numérisation et de l’inclusion. Dernièrement, il a travaillé à la Haute école spécialisée bernoise en tant que chargé de cours et collaborateur scientifique, où il a [&hellip;]

BERTAKOMM beherrscht die gesamte Klaviatur anspruchsvoller Kommunikation und bietet Lösungen aus einer Hand. Mit rund 40 Mitarbeitenden an Standorten in der ganzen Schweiz übersetzen wir komplexe Inhalte in verständliche Kommunikation – von der ersten Idee bis zur aussagekräftigen Visualisierung, von der konzisen Strategie bis zur reibungslosen Umsetzung.
