{"id":2966,"date":"2025-03-21T16:07:31","date_gmt":"2025-03-21T15:07:31","guid":{"rendered":"https:\/\/dev.bertakomm-v3.berta-bewegt.ch\/mitarbeiter\/lukas-hadorn\/"},"modified":"2026-01-12T15:48:24","modified_gmt":"2026-01-12T14:48:24","slug":"lukas-hadorn","status":"publish","type":"mitarbeiter","link":"https:\/\/bertakomm.ch\/fr\/memre-equipe\/lukas-hadorn\/","title":{"rendered":"Lukas Hadorn"},"content":{"rendered":"\n<h2 class=\"wp-block-heading\" id=\"h-\"><\/h2>\n\n\n\n<p>Lukas Hadorn est conseiller en m\u00e9dias et en communication. Apr\u00e8s des \u00e9tudes de sciences politiques \u00e0 l&rsquo;Universit\u00e9 de Gen\u00e8ve, il a travaill\u00e9 plusieurs ann\u00e9es comme r\u00e9dacteur et reporter dans le journalisme, avant de partir pour trois ans en Chine. Depuis 2010, il travaille dans le secteur de la communication, notamment pour Migros, UBS et Hirslanden. Parall\u00e8lement, il enseigne au MAZ de Lucerne en tant que charg\u00e9 de cours.<\/p>\n","protected":false},"featured_media":2093,"template":"","mitarbeiter_tag":[84],"class_list":["post-2966","mitarbeiter","type-mitarbeiter","status-publish","has-post-thumbnail","hentry","mitarbeiter_tag-consulting-fr"],"acf":[],"yoast_head":"<!-- This site is optimized with the Yoast SEO Premium plugin v27.2 (Yoast SEO v27.2) - https:\/\/yoast.com\/product\/yoast-seo-premium-wordpress\/ -->\n<title>Lukas Hadorn - Advisor | BERTAKOMM<\/title>\n<meta name=\"description\" content=\"Lukas Hadorn ist Medien- und Kommunikationsberater. Nach dem Studium der Politikwissenschaften an der Universit\u00e4t Genf arbeitete er mehrere Jahre als Redaktor und Reporter im Journalismus.\" \/>\n<meta name=\"robots\" content=\"index, follow, max-snippet:-1, max-image-preview:large, max-video-preview:-1\" \/>\n<link rel=\"canonical\" href=\"https:\/\/bertakomm.ch\/fr\/memre-equipe\/lukas-hadorn\/\" \/>\n<meta property=\"og:locale\" content=\"fr_FR\" \/>\n<meta property=\"og:type\" content=\"article\" \/>\n<meta property=\"og:title\" content=\"Lukas Hadorn\" \/>\n<meta property=\"og:description\" content=\"Lukas Hadorn ist Medien- und Kommunikationsberater. Nach dem Studium der Politikwissenschaften an der Universit\u00e4t Genf arbeitete er mehrere Jahre als Redaktor und Reporter im Journalismus.\" \/>\n<meta property=\"og:url\" content=\"https:\/\/bertakomm.ch\/fr\/memre-equipe\/lukas-hadorn\/\" \/>\n<meta property=\"og:site_name\" content=\"BERTAKOMM\" \/>\n<meta property=\"article:modified_time\" content=\"2026-01-12T14:48:24+00:00\" \/>\n<meta property=\"og:image\" content=\"https:\/\/bertakomm.ch\/wp-content\/uploads\/2025\/03\/bertakomm_portraits_lukas-2-72pixel-scaled.jpg\" \/>\n\t<meta property=\"og:image:width\" content=\"1707\" \/>\n\t<meta property=\"og:image:height\" content=\"2560\" \/>\n\t<meta property=\"og:image:type\" content=\"image\/jpeg\" \/>\n<meta name=\"twitter:card\" content=\"summary_large_image\" \/>\n<meta name=\"twitter:label1\" content=\"Est. reading time\" \/>\n\t<meta name=\"twitter:data1\" content=\"2 minutes\" \/>\n<!-- \/ Yoast SEO Premium plugin. -->","yoast_head_json":{"title":"Lukas Hadorn - Advisor | BERTAKOMM","description":"Lukas Hadorn ist Medien- und Kommunikationsberater. Nach dem Studium der Politikwissenschaften an der Universit\u00e4t Genf arbeitete er mehrere Jahre als Redaktor und Reporter im Journalismus.","robots":{"index":"index","follow":"follow","max-snippet":"max-snippet:-1","max-image-preview":"max-image-preview:large","max-video-preview":"max-video-preview:-1"},"canonical":"https:\/\/bertakomm.ch\/fr\/memre-equipe\/lukas-hadorn\/","og_locale":"fr_FR","og_type":"article","og_title":"Lukas Hadorn","og_description":"Lukas Hadorn ist Medien- und Kommunikationsberater. Nach dem Studium der Politikwissenschaften an der Universit\u00e4t Genf arbeitete er mehrere Jahre als Redaktor und Reporter im Journalismus.","og_url":"https:\/\/bertakomm.ch\/fr\/memre-equipe\/lukas-hadorn\/","og_site_name":"BERTAKOMM","article_modified_time":"2026-01-12T14:48:24+00:00","og_image":[{"width":1707,"height":2560,"url":"https:\/\/bertakomm.ch\/wp-content\/uploads\/2025\/03\/bertakomm_portraits_lukas-2-72pixel-scaled.jpg","type":"image\/jpeg"}],"twitter_card":"summary_large_image","twitter_misc":{"Est. reading time":"2 minutes"},"schema":{"@context":"https:\/\/schema.org","@graph":[{"@type":["WebPage","ProfilePage"],"@id":"https:\/\/bertakomm.ch\/fr\/memre-equipe\/lukas-hadorn\/","url":"https:\/\/bertakomm.ch\/fr\/memre-equipe\/lukas-hadorn\/","name":"Lukas Hadorn - Advisor | BERTAKOMM","isPartOf":{"@id":"https:\/\/bertakomm.ch\/#website"},"primaryImageOfPage":{"@id":"https:\/\/bertakomm.ch\/fr\/memre-equipe\/lukas-hadorn\/#primaryimage"},"image":{"@id":"https:\/\/bertakomm.ch\/fr\/memre-equipe\/lukas-hadorn\/#primaryimage"},"thumbnailUrl":"https:\/\/bertakomm.ch\/wp-content\/uploads\/2025\/03\/bertakomm_portraits_lukas-2-72pixel-scaled.jpg","datePublished":"2025-03-21T15:07:31+00:00","dateModified":"2026-01-12T14:48:24+00:00","description":"Lukas Hadorn ist Medien- und Kommunikationsberater. Nach dem Studium der Politikwissenschaften an der Universit\u00e4t Genf arbeitete er mehrere Jahre als Redaktor und Reporter im Journalismus.","breadcrumb":{"@id":"https:\/\/bertakomm.ch\/fr\/memre-equipe\/lukas-hadorn\/#breadcrumb"},"inLanguage":"fr-FR","potentialAction":[{"@type":"ReadAction","target":["https:\/\/bertakomm.ch\/fr\/memre-equipe\/lukas-hadorn\/"]}]},{"@type":"ImageObject","inLanguage":"fr-FR","@id":"https:\/\/bertakomm.ch\/fr\/memre-equipe\/lukas-hadorn\/#primaryimage","url":"https:\/\/bertakomm.ch\/wp-content\/uploads\/2025\/03\/bertakomm_portraits_lukas-2-72pixel-scaled.jpg","contentUrl":"https:\/\/bertakomm.ch\/wp-content\/uploads\/2025\/03\/bertakomm_portraits_lukas-2-72pixel-scaled.jpg","width":1707,"height":2560},{"@type":"BreadcrumbList","@id":"https:\/\/bertakomm.ch\/fr\/memre-equipe\/lukas-hadorn\/#breadcrumb","itemListElement":[{"@type":"ListItem","position":1,"name":"Home","item":"https:\/\/bertakomm.ch\/fr\/"},{"@type":"ListItem","position":2,"name":"Mitarbeiter","item":"https:\/\/bertakomm.ch\/mitarbeiter\/"},{"@type":"ListItem","position":3,"name":"Lukas Hadorn"}]},{"@type":"WebSite","@id":"https:\/\/bertakomm.ch\/#website","url":"https:\/\/bertakomm.ch\/","name":"BERTAKOMM","description":"Strategisch. Kreativ. Auf den Punkt.","publisher":{"@id":"https:\/\/bertakomm.ch\/#organization"},"potentialAction":[{"@type":"SearchAction","target":{"@type":"EntryPoint","urlTemplate":"https:\/\/bertakomm.ch\/?s={search_term_string}"},"query-input":{"@type":"PropertyValueSpecification","valueRequired":true,"valueName":"search_term_string"}}],"inLanguage":"fr-FR"},{"@type":"Organization","@id":"https:\/\/bertakomm.ch\/#organization","name":"BERTAKOMM","url":"https:\/\/bertakomm.ch\/","logo":{"@type":"ImageObject","inLanguage":"fr-FR","@id":"https:\/\/bertakomm.ch\/#\/schema\/logo\/image\/","url":"","contentUrl":"","caption":"BERTAKOMM"},"image":{"@id":"https:\/\/bertakomm.ch\/#\/schema\/logo\/image\/"},"sameAs":["https:\/\/www.instagram.com\/bertakomm\/","https:\/\/www.linkedin.com\/company\/bertakomm"],"mainEntityOfPage":{"@id":"https:\/\/bertakomm.ch\/fr\/memre-equipe\/lukas-hadorn\/"},"description":"BERTAKOMM beherrscht die gesamte Klaviatur anspruchsvoller Kommunikation und bietet L\u00f6sungen aus einer Hand. Mit rund 40 Mitarbeitenden an Standorten in der ganzen Schweiz \u00fcbersetzen wir komplexe Inhalte in verst\u00e4ndliche Kommunikation \u2013 von der ersten Idee bis zur aussagekr\u00e4ftigen Visualisierung, von der konzisen Strategie bis zur reibungslosen Umsetzung.","email":"gruezi@bertakomm.ch","telephone":"+41445204080","legalName":"BERTA KOMM","foundingDate":"2025-01-01","numberOfEmployees":{"@type":"QuantitativeValue","minValue":"51","maxValue":"200"}}]}},"_links":{"self":[{"href":"https:\/\/bertakomm.ch\/fr\/wp-json\/wp\/v2\/mitarbeiter\/2966","targetHints":{"allow":["GET"]}}],"collection":[{"href":"https:\/\/bertakomm.ch\/fr\/wp-json\/wp\/v2\/mitarbeiter"}],"about":[{"href":"https:\/\/bertakomm.ch\/fr\/wp-json\/wp\/v2\/types\/mitarbeiter"}],"version-history":[{"count":2,"href":"https:\/\/bertakomm.ch\/fr\/wp-json\/wp\/v2\/mitarbeiter\/2966\/revisions"}],"predecessor-version":[{"id":3996,"href":"https:\/\/bertakomm.ch\/fr\/wp-json\/wp\/v2\/mitarbeiter\/2966\/revisions\/3996"}],"wp:featuredmedia":[{"embeddable":true,"href":"https:\/\/bertakomm.ch\/fr\/wp-json\/wp\/v2\/media\/2093"}],"wp:attachment":[{"href":"https:\/\/bertakomm.ch\/fr\/wp-json\/wp\/v2\/media?parent=2966"}],"wp:term":[{"taxonomy":"mitarbeiter_tag","embeddable":true,"href":"https:\/\/bertakomm.ch\/fr\/wp-json\/wp\/v2\/mitarbeiter_tag?post=2966"}],"curies":[{"name":"wp","href":"https:\/\/api.w.org\/{rel}","templated":true}]}}

<h2 class="wp-block-heading" id="h-"></h2>



<p>Lukas Hadorn est conseiller en médias et en communication. Après des études de sciences politiques à l&rsquo;Université de Genève, il a travaillé plusieurs années comme rédacteur et reporter dans le journalisme, avant de partir pour trois ans en Chine. Depuis 2010, il travaille dans le secteur de la communication, notamment pour Migros, UBS et Hirslanden. Parallèlement, il enseigne au MAZ de Lucerne en tant que chargé de cours.</p>

<!-- This site is optimized with the Yoast SEO Premium plugin v27.2 (Yoast SEO v27.2) - https://yoast.com/product/yoast-seo-premium-wordpress/ -->
<title>Lukas Hadorn - Advisor | BERTAKOMM</title>
<meta name="description" content="Lukas Hadorn ist Medien- und Kommunikationsberater. Nach dem Studium der Politikwissenschaften an der Universität Genf arbeitete er mehrere Jahre als Redaktor und Reporter im Journalismus." />
<meta name="robots" content="index, follow, max-snippet:-1, max-image-preview:large, max-video-preview:-1" />
<link rel="canonical" href="https://bertakomm.ch/fr/memre-equipe/lukas-hadorn/" />
<meta property="og:locale" content="fr_FR" />
<meta property="og:type" content="article" />
<meta property="og:title" content="Lukas Hadorn" />
<meta property="og:description" content="Lukas Hadorn ist Medien- und Kommunikationsberater. Nach dem Studium der Politikwissenschaften an der Universität Genf arbeitete er mehrere Jahre als Redaktor und Reporter im Journalismus." />
<meta property="og:url" content="https://bertakomm.ch/fr/memre-equipe/lukas-hadorn/" />
<meta property="og:site_name" content="BERTAKOMM" />
<meta property="article:modified_time" content="2026-01-12T14:48:24+00:00" />
<meta property="og:image" content="https://bertakomm.ch/wp-content/uploads/2025/03/bertakomm_portraits_lukas-2-72pixel-scaled.jpg" />
	<meta property="og:image:width" content="1707" />
	<meta property="og:image:height" content="2560" />
	<meta property="og:image:type" content="image/jpeg" />
<meta name="twitter:card" content="summary_large_image" />
<meta name="twitter:label1" content="Est. reading time" />
	<meta name="twitter:data1" content="2 minutes" />
<!-- / Yoast SEO Premium plugin. -->

Lukas Hadorn ist Medien- und Kommunikationsberater. Nach dem Studium der Politikwissenschaften an der Universität Genf arbeitete er mehrere Jahre als Redaktor und Reporter im Journalismus.

BERTAKOMM beherrscht die gesamte Klaviatur anspruchsvoller Kommunikation und bietet Lösungen aus einer Hand. Mit rund 40 Mitarbeitenden an Standorten in der ganzen Schweiz übersetzen wir komplexe Inhalte in verständliche Kommunikation – von der ersten Idee bis zur aussagekräftigen Visualisierung, von der konzisen Strategie bis zur reibungslosen Umsetzung.
