{"id":2937,"date":"2025-02-24T11:07:19","date_gmt":"2025-02-24T10:07:19","guid":{"rendered":"https:\/\/dev.bertakomm-v3.berta-bewegt.ch\/angebot\/krisenkommunikation\/"},"modified":"2026-01-13T14:06:14","modified_gmt":"2026-01-13T13:06:14","slug":"communication-de-crise","status":"publish","type":"angebot","link":"https:\/\/bertakomm.ch\/fr\/offre\/communication-de-crise\/","title":{"rendered":"Communication de crise"},"content":{"rendered":"\n            <section class=\"text-narrow-block block-margins scrollMagic-block visibleInBackend\" data-uid=\"69f5287060513\" id=\"\">\n            <div class=\"text-narrow-block-inner-container\">\n                <div class=\"default-text-wrapper lead-text-wrapper\">\n                    <p><span style=\"font-weight: 400;\">Chaque crise suit sa propre dynamique &#8211; mais toutes mettent en jeu la r\u00e9putation. Nous accompagnons nos clients rapidement, 24 heures sur 24, face aux d\u00e9dales des nombreuses questions et exigences des parties prenantes. Forts de notre expertise en communication strat\u00e9gique, nous posons les bases d&rsquo;une gestion de crise sereine.<\/span><\/p>\n<p><span style=\"font-weight: 400;\">En guise de pr\u00e9paration, nous \u00e9laborons des manuels de crise, analysons les risques en amont et d\u00e9veloppons des strat\u00e9gies pour les situations d&rsquo;urgence. Lors de revues de crise et d\u2019exercices de simulation, nous affinons la perception des sc\u00e9narios sensibles et pr\u00e9parons les \u00e9quipes \u00e0 adopter une attitude professionnelle face aux m\u00e9dias, au public et aux parties prenantes.<\/span><\/p>\n                <\/div>\n\n                            <\/div>\n        <\/section>\n    \n\n\n\n\n\n\n\n\n    <section class=\"images-slider-block block-margins\" id=\"\">\n        \n                    <div class=\"images-as-block\">\n                                                            <div class=\"image-inner-container scrollMagic-block  visibleInBackend\" data-uid=\"69f5287065859\">\n                            <div class=\"image-wrapper image-wrapper-left\" style=\"background-image: url('https:\/\/bertakomm.ch\/wp-content\/uploads\/2025\/02\/20251126_bk_website-2026_office-23-scaled.jpg')\">\n                                <img decoding=\"async\" src=\"https:\/\/bertakomm.ch\/wp-content\/themes\/bertakomm_new\/assets\/images\/placeholder_square.png\" alt=\"Placeholder\" \/>\n                            <\/div>\n                        <\/div>\n                                                                                <div class=\"image-inner-container scrollMagic-block delay-1 visibleInBackend\" data-uid=\"69f5287065873\">\n                            <div class=\"image-wrapper image-wrapper-right\" style=\"background-image: url('https:\/\/bertakomm.ch\/wp-content\/uploads\/2025\/02\/20251126_bk_website-2026_office-26-scaled.jpg')\">\n                                <img decoding=\"async\" src=\"https:\/\/bertakomm.ch\/wp-content\/themes\/bertakomm_new\/assets\/images\/placeholder_square.png\" alt=\"Placeholder\" \/>\n                            <\/div>\n                        <\/div>\n                                                <\/div>\n            <\/section>\n\n\n\n\n\n\n\n            <section class=\"points-block block-margins\" id=\"\">\n            <div class=\"points-cards\">\n                            <div class=\"point-card scrollMagic-block  visibleInBackend\" data-uid=\"69f5287065ea2\">\n                    <div class=\"point-card-inner-wrapper\">\n                        <div>\n                                                            <div class=\"point-card-title-wrapper \">\n                                    <h3 class=\"text-orange mb_0\">\n                                        Plan de crise                                    <\/h3>\n                                <\/div>\n                            \n                            \n                                                            <div class=\"small-text-wrapper default-text-wrapper medium-text-wrapper\">\n                                    <p class=\"mb_0\">Nous construisons votre plan de gestion de crise \u2013 avec des processus structur\u00e9s, des r\u00f4les clairement attribu\u00e9s et des messages coh\u00e9rents.<\/p>\n                                <\/div>\n                            \n                                                    <\/div>\n                    <\/div>\n                <\/div>\n                            <div class=\"point-card scrollMagic-block delay-1 visibleInBackend\" data-uid=\"69f5287065ea5\">\n                    <div class=\"point-card-inner-wrapper\">\n                        <div>\n                                                            <div class=\"point-card-title-wrapper \">\n                                    <h3 class=\"text-orange mb_0\">\n                                        Pr\u00e9paration &#038; formation                                    <\/h3>\n                                <\/div>\n                            \n                            \n                                                            <div class=\"small-text-wrapper default-text-wrapper medium-text-wrapper\">\n                                    <p class=\"mb_0\">Pr\u00e9parer les \u00e9quipes aux situations de crise, entra\u00eener les processus et renforcer la capacit\u00e9 de r\u00e9action : nous veillons \u00e0 ce que vous soyez pr\u00eat.<\/p>\n                                <\/div>\n                            \n                                                    <\/div>\n                    <\/div>\n                <\/div>\n                            <div class=\"point-card scrollMagic-block  visibleInBackend\" data-uid=\"69f5287065ea6\">\n                    <div class=\"point-card-inner-wrapper\">\n                        <div>\n                                                            <div class=\"point-card-title-wrapper \">\n                                    <h3 class=\"text-orange mb_0\">\n                                        Suivi en situation de crise                                    <\/h3>\n                                <\/div>\n                            \n                            \n                                                            <div class=\"small-text-wrapper default-text-wrapper medium-text-wrapper\">\n                                    <p class=\"mb_0\">En cas de crise, nous sommes \u00e0 vos c\u00f4t\u00e9s : \u00e9valuations rapides, communication coordonn\u00e9e et pilotage strat\u00e9gique \u2013 pour une capacit\u00e9 d\u2019action maximale.<\/p>\n                                <\/div>\n                            \n                                                    <\/div>\n                    <\/div>\n                <\/div>\n                        <\/div>\n        <\/section>\n    \n\n\n\n\n\n\n            <section class=\"flexible-image-block image-full-width-block  image-with-hover scrollMagic-block visibleInBackend\" data-uid=\"69f5287067362\" id=\"\">\n            <div class=\"image-wrapper\">\n                <div class=\"image-bg\" style=\"background-image: url('https:\/\/bertakomm.ch\/wp-content\/uploads\/2025\/02\/office_bern-1-scaled.jpg')\"><\/div>\n\n                                    <div class=\"image-filter image-filter-bottom\"><\/div>\n                \n                                    <img decoding=\"async\" src=\"https:\/\/bertakomm.ch\/wp-content\/themes\/bertakomm_new\/assets\/images\/image_21_9_big.png\" class=\"image-big\" alt=\"Format\" \/>\n                    <img decoding=\"async\" src=\"https:\/\/bertakomm.ch\/wp-content\/themes\/bertakomm_new\/assets\/images\/image_text.png\" class=\"image-desk\" alt=\"Format\" \/>\n                    <img decoding=\"async\" src=\"https:\/\/bertakomm.ch\/wp-content\/themes\/bertakomm_new\/assets\/images\/image_9_16.png\" class=\"image-mob\" alt=\"Format\" \/>\n                            <\/div>\n\n                            <div class=\"image-text-wrapper image-text-wrapper-bottom\">\n                    \n                                            <div class=\"default-text-wrapper-white-with-orange-strong lead-text-wrapper\">\n                            <p>Bureau Berne<\/p>\n                        <\/div>\n                                    <\/div>\n                    <\/section>\n    \n\n\n\n","protected":false},"featured_media":5775,"template":"","class_list":["post-2937","angebot","type-angebot","status-publish","has-post-thumbnail","hentry"],"acf":[],"yoast_head":"<!-- This site is optimized with the Yoast SEO Premium plugin v27.2 (Yoast SEO v27.2) - https:\/\/yoast.com\/product\/yoast-seo-premium-wordpress\/ -->\n<title>Communication de crise | BERTAKOMM<\/title>\n<meta name=\"description\" content=\"Communication de crise rapide et professionnelle : BERTAKOMM prot\u00e8ge votre r\u00e9putation gr\u00e2ce \u00e0 des strat\u00e9gies r\u00e9fl\u00e9chies en situation exceptionnelle.\" \/>\n<meta name=\"robots\" content=\"index, follow, max-snippet:-1, max-image-preview:large, max-video-preview:-1\" \/>\n<link rel=\"canonical\" href=\"https:\/\/bertakomm.ch\/fr\/offre\/communication-de-crise\/\" \/>\n<meta property=\"og:locale\" content=\"fr_FR\" \/>\n<meta property=\"og:type\" content=\"article\" \/>\n<meta property=\"og:title\" content=\"Communication de crise\" \/>\n<meta property=\"og:description\" content=\"Communication de crise rapide et professionnelle : BERTAKOMM prot\u00e8ge votre r\u00e9putation gr\u00e2ce \u00e0 des strat\u00e9gies r\u00e9fl\u00e9chies en situation exceptionnelle.\" \/>\n<meta property=\"og:url\" content=\"https:\/\/bertakomm.ch\/fr\/offre\/communication-de-crise\/\" \/>\n<meta property=\"og:site_name\" content=\"BERTAKOMM\" \/>\n<meta property=\"article:modified_time\" content=\"2026-01-13T13:06:14+00:00\" \/>\n<meta property=\"og:image\" content=\"https:\/\/bertakomm.ch\/wp-content\/uploads\/2025\/02\/Rettungsring-Orange-600x315.png\" \/>\n<meta name=\"twitter:card\" content=\"summary_large_image\" \/>\n<meta name=\"twitter:label1\" content=\"Est. reading time\" \/>\n\t<meta name=\"twitter:data1\" content=\"2 minutes\" \/>\n<!-- \/ Yoast SEO Premium plugin. -->","yoast_head_json":{"title":"Communication de crise | BERTAKOMM","description":"Communication de crise rapide et professionnelle : BERTAKOMM prot\u00e8ge votre r\u00e9putation gr\u00e2ce \u00e0 des strat\u00e9gies r\u00e9fl\u00e9chies en situation exceptionnelle.","robots":{"index":"index","follow":"follow","max-snippet":"max-snippet:-1","max-image-preview":"max-image-preview:large","max-video-preview":"max-video-preview:-1"},"canonical":"https:\/\/bertakomm.ch\/fr\/offre\/communication-de-crise\/","og_locale":"fr_FR","og_type":"article","og_title":"Communication de crise","og_description":"Communication de crise rapide et professionnelle : BERTAKOMM prot\u00e8ge votre r\u00e9putation gr\u00e2ce \u00e0 des strat\u00e9gies r\u00e9fl\u00e9chies en situation exceptionnelle.","og_url":"https:\/\/bertakomm.ch\/fr\/offre\/communication-de-crise\/","og_site_name":"BERTAKOMM","article_modified_time":"2026-01-13T13:06:14+00:00","og_image":[{"url":"https:\/\/bertakomm.ch\/wp-content\/uploads\/2025\/02\/Rettungsring-Orange-600x315.png","type":"","width":"","height":""}],"twitter_card":"summary_large_image","twitter_misc":{"Est. reading time":"2 minutes"},"schema":{"@context":"https:\/\/schema.org","@graph":[{"@type":"WebPage","@id":"https:\/\/bertakomm.ch\/fr\/offre\/communication-de-crise\/","url":"https:\/\/bertakomm.ch\/fr\/offre\/communication-de-crise\/","name":"Communication de crise | BERTAKOMM","isPartOf":{"@id":"https:\/\/bertakomm.ch\/#website"},"primaryImageOfPage":{"@id":"https:\/\/bertakomm.ch\/fr\/offre\/communication-de-crise\/#primaryimage"},"image":{"@id":"https:\/\/bertakomm.ch\/fr\/offre\/communication-de-crise\/#primaryimage"},"thumbnailUrl":"https:\/\/bertakomm.ch\/wp-content\/uploads\/2025\/12\/20251126_bk_website-2026_office-44-scaled.jpg","datePublished":"2025-02-24T10:07:19+00:00","dateModified":"2026-01-13T13:06:14+00:00","description":"Communication de crise rapide et professionnelle : BERTAKOMM prot\u00e8ge votre r\u00e9putation gr\u00e2ce \u00e0 des strat\u00e9gies r\u00e9fl\u00e9chies en situation exceptionnelle.","breadcrumb":{"@id":"https:\/\/bertakomm.ch\/fr\/offre\/communication-de-crise\/#breadcrumb"},"inLanguage":"fr-FR","potentialAction":[{"@type":"ReadAction","target":["https:\/\/bertakomm.ch\/fr\/offre\/communication-de-crise\/"]}]},{"@type":"ImageObject","inLanguage":"fr-FR","@id":"https:\/\/bertakomm.ch\/fr\/offre\/communication-de-crise\/#primaryimage","url":"https:\/\/bertakomm.ch\/wp-content\/uploads\/2025\/12\/20251126_bk_website-2026_office-44-scaled.jpg","contentUrl":"https:\/\/bertakomm.ch\/wp-content\/uploads\/2025\/12\/20251126_bk_website-2026_office-44-scaled.jpg","width":2560,"height":1707},{"@type":"BreadcrumbList","@id":"https:\/\/bertakomm.ch\/fr\/offre\/communication-de-crise\/#breadcrumb","itemListElement":[{"@type":"ListItem","position":1,"name":"Home","item":"https:\/\/bertakomm.ch\/fr\/"},{"@type":"ListItem","position":2,"name":"Angebote","item":"https:\/\/bertakomm.ch\/angebot\/"},{"@type":"ListItem","position":3,"name":"Communication de crise"}]},{"@type":"WebSite","@id":"https:\/\/bertakomm.ch\/#website","url":"https:\/\/bertakomm.ch\/","name":"BERTAKOMM","description":"Strategisch. Kreativ. Auf den Punkt.","publisher":{"@id":"https:\/\/bertakomm.ch\/#organization"},"potentialAction":[{"@type":"SearchAction","target":{"@type":"EntryPoint","urlTemplate":"https:\/\/bertakomm.ch\/?s={search_term_string}"},"query-input":{"@type":"PropertyValueSpecification","valueRequired":true,"valueName":"search_term_string"}}],"inLanguage":"fr-FR"},{"@type":"Organization","@id":"https:\/\/bertakomm.ch\/#organization","name":"BERTAKOMM","url":"https:\/\/bertakomm.ch\/","logo":{"@type":"ImageObject","inLanguage":"fr-FR","@id":"https:\/\/bertakomm.ch\/#\/schema\/logo\/image\/","url":"","contentUrl":"","caption":"BERTAKOMM"},"image":{"@id":"https:\/\/bertakomm.ch\/#\/schema\/logo\/image\/"},"sameAs":["https:\/\/www.instagram.com\/bertakomm\/","https:\/\/www.linkedin.com\/company\/bertakomm"],"description":"BERTAKOMM beherrscht die gesamte Klaviatur anspruchsvoller Kommunikation und bietet L\u00f6sungen aus einer Hand. Mit rund 40 Mitarbeitenden an Standorten in der ganzen Schweiz \u00fcbersetzen wir komplexe Inhalte in verst\u00e4ndliche Kommunikation \u2013 von der ersten Idee bis zur aussagekr\u00e4ftigen Visualisierung, von der konzisen Strategie bis zur reibungslosen Umsetzung.","email":"gruezi@bertakomm.ch","telephone":"+41445204080","legalName":"BERTA KOMM","foundingDate":"2025-01-01","numberOfEmployees":{"@type":"QuantitativeValue","minValue":"51","maxValue":"200"}}]}},"_links":{"self":[{"href":"https:\/\/bertakomm.ch\/fr\/wp-json\/wp\/v2\/angebot\/2937","targetHints":{"allow":["GET"]}}],"collection":[{"href":"https:\/\/bertakomm.ch\/fr\/wp-json\/wp\/v2\/angebot"}],"about":[{"href":"https:\/\/bertakomm.ch\/fr\/wp-json\/wp\/v2\/types\/angebot"}],"version-history":[{"count":6,"href":"https:\/\/bertakomm.ch\/fr\/wp-json\/wp\/v2\/angebot\/2937\/revisions"}],"predecessor-version":[{"id":7973,"href":"https:\/\/bertakomm.ch\/fr\/wp-json\/wp\/v2\/angebot\/2937\/revisions\/7973"}],"wp:featuredmedia":[{"embeddable":true,"href":"https:\/\/bertakomm.ch\/fr\/wp-json\/wp\/v2\/media\/5775"}],"wp:attachment":[{"href":"https:\/\/bertakomm.ch\/fr\/wp-json\/wp\/v2\/media?parent=2937"}],"curies":[{"name":"wp","href":"https:\/\/api.w.org\/{rel}","templated":true}]}}

<section class="text-narrow-block block-margins scrollMagic-block visibleInBackend" data-uid="69f5287060513" id="">
            <div class="text-narrow-block-inner-container">
                <div class="default-text-wrapper lead-text-wrapper">
                    <p><span style="font-weight: 400;">Chaque crise suit sa propre dynamique &#8211; mais toutes mettent en jeu la réputation. Nous accompagnons nos clients rapidement, 24 heures sur 24, face aux dédales des nombreuses questions et exigences des parties prenantes. Forts de notre expertise en communication stratégique, nous posons les bases d&rsquo;une gestion de crise sereine.</span></p>
<p><span style="font-weight: 400;">En guise de préparation, nous élaborons des manuels de crise, analysons les risques en amont et développons des stratégies pour les situations d&rsquo;urgence. Lors de revues de crise et d’exercices de simulation, nous affinons la perception des scénarios sensibles et préparons les équipes à adopter une attitude professionnelle face aux médias, au public et aux parties prenantes.</span></p>
                </div>

                            </div>
        </section>
    








    <section class="images-slider-block block-margins" id="">
        
                    <div class="images-as-block">
                                                            <div class="image-inner-container scrollMagic-block  visibleInBackend" data-uid="69f5287065859">
                            <div class="image-wrapper image-wrapper-left" style="background-image: url('https://bertakomm.ch/wp-content/uploads/2025/02/20251126_bk_website-2026_office-23-scaled.jpg')">
                                <img decoding="async" src="https://bertakomm.ch/wp-content/themes/bertakomm_new/assets/images/placeholder_square.png" alt="Placeholder" />
                            </div>
                        </div>
                                                                                <div class="image-inner-container scrollMagic-block delay-1 visibleInBackend" data-uid="69f5287065873">
                            <div class="image-wrapper image-wrapper-right" style="background-image: url('https://bertakomm.ch/wp-content/uploads/2025/02/20251126_bk_website-2026_office-26-scaled.jpg')">
                                <img decoding="async" src="https://bertakomm.ch/wp-content/themes/bertakomm_new/assets/images/placeholder_square.png" alt="Placeholder" />
                            </div>
                        </div>
                                                </div>
            </section>







            <section class="points-block block-margins" id="">
            <div class="points-cards">
                            <div class="point-card scrollMagic-block  visibleInBackend" data-uid="69f5287065ea2">
                    <div class="point-card-inner-wrapper">
                        <div>
                                                            <div class="point-card-title-wrapper ">
                                    <h3 class="text-orange mb_0">
                                        Plan de crise                                    </h3>
                                </div>
                            
                            
                                                            <div class="small-text-wrapper default-text-wrapper medium-text-wrapper">
                                    <p class="mb_0">Nous construisons votre plan de gestion de crise – avec des processus structurés, des rôles clairement attribués et des messages cohérents.</p>
                                </div>
                            
                                                    </div>
                    </div>
                </div>
                            <div class="point-card scrollMagic-block delay-1 visibleInBackend" data-uid="69f5287065ea5">
                    <div class="point-card-inner-wrapper">
                        <div>
                                                            <div class="point-card-title-wrapper ">
                                    <h3 class="text-orange mb_0">
                                        Préparation &#038; formation                                    </h3>
                                </div>
                            
                            
                                                            <div class="small-text-wrapper default-text-wrapper medium-text-wrapper">
                                    <p class="mb_0">Préparer les équipes aux situations de crise, entraîner les processus et renforcer la capacité de réaction : nous veillons à ce que vous soyez prêt.</p>
                                </div>
                            
                                                    </div>
                    </div>
                </div>
                            <div class="point-card scrollMagic-block  visibleInBackend" data-uid="69f5287065ea6">
                    <div class="point-card-inner-wrapper">
                        <div>
                                                            <div class="point-card-title-wrapper ">
                                    <h3 class="text-orange mb_0">
                                        Suivi en situation de crise                                    </h3>
                                </div>
                            
                            
                                                            <div class="small-text-wrapper default-text-wrapper medium-text-wrapper">
                                    <p class="mb_0">En cas de crise, nous sommes à vos côtés : évaluations rapides, communication coordonnée et pilotage stratégique – pour une capacité d’action maximale.</p>
                                </div>
                            
                                                    </div>
                    </div>
                </div>
                        </div>
        </section>
    






            <section class="flexible-image-block image-full-width-block  image-with-hover scrollMagic-block visibleInBackend" data-uid="69f5287067362" id="">
            <div class="image-wrapper">
                <div class="image-bg" style="background-image: url('https://bertakomm.ch/wp-content/uploads/2025/02/office_bern-1-scaled.jpg')"></div>

                                    <div class="image-filter image-filter-bottom"></div>
                
                                    <img decoding="async" src="https://bertakomm.ch/wp-content/themes/bertakomm_new/assets/images/image_21_9_big.png" class="image-big" alt="Format" />
                    <img decoding="async" src="https://bertakomm.ch/wp-content/themes/bertakomm_new/assets/images/image_text.png" class="image-desk" alt="Format" />
                    <img decoding="async" src="https://bertakomm.ch/wp-content/themes/bertakomm_new/assets/images/image_9_16.png" class="image-mob" alt="Format" />
                            </div>

                            <div class="image-text-wrapper image-text-wrapper-bottom">
                    
                                            <div class="default-text-wrapper-white-with-orange-strong lead-text-wrapper">
                            <p>Bureau Berne</p>
                        </div>
                                    </div>
                    </section>

<!-- This site is optimized with the Yoast SEO Premium plugin v27.2 (Yoast SEO v27.2) - https://yoast.com/product/yoast-seo-premium-wordpress/ -->
<title>Communication de crise | BERTAKOMM</title>
<meta name="description" content="Communication de crise rapide et professionnelle : BERTAKOMM protège votre réputation grâce à des stratégies réfléchies en situation exceptionnelle." />
<meta name="robots" content="index, follow, max-snippet:-1, max-image-preview:large, max-video-preview:-1" />
<link rel="canonical" href="https://bertakomm.ch/fr/offre/communication-de-crise/" />
<meta property="og:locale" content="fr_FR" />
<meta property="og:type" content="article" />
<meta property="og:title" content="Communication de crise" />
<meta property="og:description" content="Communication de crise rapide et professionnelle : BERTAKOMM protège votre réputation grâce à des stratégies réfléchies en situation exceptionnelle." />
<meta property="og:url" content="https://bertakomm.ch/fr/offre/communication-de-crise/" />
<meta property="og:site_name" content="BERTAKOMM" />
<meta property="article:modified_time" content="2026-01-13T13:06:14+00:00" />
<meta property="og:image" content="https://bertakomm.ch/wp-content/uploads/2025/02/Rettungsring-Orange-600x315.png" />
<meta name="twitter:card" content="summary_large_image" />
<meta name="twitter:label1" content="Est. reading time" />
	<meta name="twitter:data1" content="2 minutes" />
<!-- / Yoast SEO Premium plugin. -->

Communication de crise rapide et professionnelle : BERTAKOMM protège votre réputation grâce à des stratégies réfléchies en situation exceptionnelle.

BERTAKOMM beherrscht die gesamte Klaviatur anspruchsvoller Kommunikation und bietet Lösungen aus einer Hand. Mit rund 40 Mitarbeitenden an Standorten in der ganzen Schweiz übersetzen wir komplexe Inhalte in verständliche Kommunikation – von der ersten Idee bis zur aussagekräftigen Visualisierung, von der konzisen Strategie bis zur reibungslosen Umsetzung.
