{"id":4038,"date":"2025-06-16T11:18:23","date_gmt":"2025-06-16T09:18:23","guid":{"rendered":"https:\/\/dev.bertakomm-v3.berta-bewegt.ch\/teammitglied\/mo-klotz\/"},"modified":"2026-02-16T23:57:18","modified_gmt":"2026-02-16T22:57:18","slug":"mo-klotz","status":"publish","type":"mitarbeiter","link":"https:\/\/bertakomm.ch\/en\/team-member\/mo-klotz\/","title":{"rendered":"Mo Klotz"},"content":{"rendered":"\n<h2 class=\"wp-block-heading\" id=\"h-\"><\/h2>\n\n\n\n<p>Mo Klotz is an art director and concept developer. He develops strong ideas and uses them to create striking visual worlds &#8211; from cross-media campaigns and digital experiences to classic print. With strategic flair and a keen sense of typography, imagery and new technologies, he designs brand identities that are clear, bold and sustainable. He builds on more than 20 years of experience in renowned agencies in Switzerland and the USA as well as on the foundation of the ADC\/BSW Creative School Zurich, of which he is a graduate. Mo is also a member of ADC Switzerland.<br><\/p>\n","protected":false},"featured_media":4013,"template":"","mitarbeiter_tag":[95],"class_list":["post-4038","mitarbeiter","type-mitarbeiter","status-publish","has-post-thumbnail","hentry","mitarbeiter_tag-graphic-design-en-2"],"acf":[],"yoast_head":"<!-- This site is optimized with the Yoast SEO Premium plugin v27.2 (Yoast SEO v27.2) - https:\/\/yoast.com\/product\/yoast-seo-premium-wordpress\/ -->\n<title>Mo Klotz - Art Director | BERTAKOMM<\/title>\n<meta name=\"description\" content=\"Learn more about Mo Klotz Art Director at Berta Kommunikation. Discover the creative expertise and passion behind our visual communication.\" \/>\n<meta name=\"robots\" content=\"index, follow, max-snippet:-1, max-image-preview:large, max-video-preview:-1\" \/>\n<link rel=\"canonical\" href=\"https:\/\/bertakomm.ch\/en\/team-member\/mo-klotz\/\" \/>\n<meta property=\"og:locale\" content=\"en_US\" \/>\n<meta property=\"og:type\" content=\"article\" \/>\n<meta property=\"og:title\" content=\"Mo Klotz\" \/>\n<meta property=\"og:description\" content=\"Learn more about Mo Klotz Art Director at Berta Kommunikation. Discover the creative expertise and passion behind our visual communication.\" \/>\n<meta property=\"og:url\" content=\"https:\/\/bertakomm.ch\/en\/team-member\/mo-klotz\/\" \/>\n<meta property=\"og:site_name\" content=\"BERTAKOMM\" \/>\n<meta property=\"article:modified_time\" content=\"2026-02-16T22:57:18+00:00\" \/>\n<meta property=\"og:image\" content=\"https:\/\/bertakomm.ch\/wp-content\/uploads\/2025\/06\/portrait_hochformat_mit_origami-scaled.jpg\" \/>\n\t<meta property=\"og:image:width\" content=\"1\" \/>\n\t<meta property=\"og:image:height\" content=\"1\" \/>\n\t<meta property=\"og:image:type\" content=\"image\/jpeg\" \/>\n<meta name=\"twitter:card\" content=\"summary_large_image\" \/>\n<meta name=\"twitter:label1\" content=\"Est. reading time\" \/>\n\t<meta name=\"twitter:data1\" content=\"1 minute\" \/>\n<!-- \/ Yoast SEO Premium plugin. -->","yoast_head_json":{"title":"Mo Klotz - Art Director | BERTAKOMM","description":"Learn more about Mo Klotz Art Director at Berta Kommunikation. Discover the creative expertise and passion behind our visual communication.","robots":{"index":"index","follow":"follow","max-snippet":"max-snippet:-1","max-image-preview":"max-image-preview:large","max-video-preview":"max-video-preview:-1"},"canonical":"https:\/\/bertakomm.ch\/en\/team-member\/mo-klotz\/","og_locale":"en_US","og_type":"article","og_title":"Mo Klotz","og_description":"Learn more about Mo Klotz Art Director at Berta Kommunikation. Discover the creative expertise and passion behind our visual communication.","og_url":"https:\/\/bertakomm.ch\/en\/team-member\/mo-klotz\/","og_site_name":"BERTAKOMM","article_modified_time":"2026-02-16T22:57:18+00:00","og_image":[{"url":"https:\/\/bertakomm.ch\/wp-content\/uploads\/2025\/06\/portrait_hochformat_mit_origami-scaled.jpg","width":1,"height":1,"type":"image\/jpeg"}],"twitter_card":"summary_large_image","twitter_misc":{"Est. reading time":"1 minute"},"schema":{"@context":"https:\/\/schema.org","@graph":[{"@type":["WebPage","ProfilePage"],"@id":"https:\/\/bertakomm.ch\/en\/team-member\/mo-klotz\/","url":"https:\/\/bertakomm.ch\/en\/team-member\/mo-klotz\/","name":"Mo Klotz - Art Director | BERTAKOMM","isPartOf":{"@id":"https:\/\/bertakomm.ch\/#website"},"primaryImageOfPage":{"@id":"https:\/\/bertakomm.ch\/en\/team-member\/mo-klotz\/#primaryimage"},"image":{"@id":"https:\/\/bertakomm.ch\/en\/team-member\/mo-klotz\/#primaryimage"},"thumbnailUrl":"https:\/\/bertakomm.ch\/wp-content\/uploads\/2025\/06\/portrait_hochformat_mit_origami-scaled.jpg","datePublished":"2025-06-16T09:18:23+00:00","dateModified":"2026-02-16T22:57:18+00:00","description":"Learn more about Mo Klotz Art Director at Berta Kommunikation. Discover the creative expertise and passion behind our visual communication.","breadcrumb":{"@id":"https:\/\/bertakomm.ch\/en\/team-member\/mo-klotz\/#breadcrumb"},"inLanguage":"en-US","potentialAction":[{"@type":"ReadAction","target":["https:\/\/bertakomm.ch\/en\/team-member\/mo-klotz\/"]}]},{"@type":"ImageObject","inLanguage":"en-US","@id":"https:\/\/bertakomm.ch\/en\/team-member\/mo-klotz\/#primaryimage","url":"https:\/\/bertakomm.ch\/wp-content\/uploads\/2025\/06\/portrait_hochformat_mit_origami-scaled.jpg","contentUrl":"https:\/\/bertakomm.ch\/wp-content\/uploads\/2025\/06\/portrait_hochformat_mit_origami-scaled.jpg"},{"@type":"BreadcrumbList","@id":"https:\/\/bertakomm.ch\/en\/team-member\/mo-klotz\/#breadcrumb","itemListElement":[{"@type":"ListItem","position":1,"name":"Home","item":"https:\/\/bertakomm.ch\/en\/"},{"@type":"ListItem","position":2,"name":"Mitarbeiter","item":"https:\/\/bertakomm.ch\/mitarbeiter\/"},{"@type":"ListItem","position":3,"name":"Mo Klotz"}]},{"@type":"WebSite","@id":"https:\/\/bertakomm.ch\/#website","url":"https:\/\/bertakomm.ch\/","name":"BERTAKOMM","description":"Strategisch. Kreativ. Auf den Punkt.","publisher":{"@id":"https:\/\/bertakomm.ch\/#organization"},"potentialAction":[{"@type":"SearchAction","target":{"@type":"EntryPoint","urlTemplate":"https:\/\/bertakomm.ch\/?s={search_term_string}"},"query-input":{"@type":"PropertyValueSpecification","valueRequired":true,"valueName":"search_term_string"}}],"inLanguage":"en-US"},{"@type":"Organization","@id":"https:\/\/bertakomm.ch\/#organization","name":"BERTAKOMM","url":"https:\/\/bertakomm.ch\/","logo":{"@type":"ImageObject","inLanguage":"en-US","@id":"https:\/\/bertakomm.ch\/#\/schema\/logo\/image\/","url":"","contentUrl":"","caption":"BERTAKOMM"},"image":{"@id":"https:\/\/bertakomm.ch\/#\/schema\/logo\/image\/"},"sameAs":["https:\/\/www.instagram.com\/bertakomm\/","https:\/\/www.linkedin.com\/company\/bertakomm"],"mainEntityOfPage":{"@id":"https:\/\/bertakomm.ch\/en\/team-member\/mo-klotz\/"},"description":"BERTAKOMM beherrscht die gesamte Klaviatur anspruchsvoller Kommunikation und bietet L\u00f6sungen aus einer Hand. Mit rund 40 Mitarbeitenden an Standorten in der ganzen Schweiz \u00fcbersetzen wir komplexe Inhalte in verst\u00e4ndliche Kommunikation \u2013 von der ersten Idee bis zur aussagekr\u00e4ftigen Visualisierung, von der konzisen Strategie bis zur reibungslosen Umsetzung.","email":"gruezi@bertakomm.ch","telephone":"+41445204080","legalName":"BERTA KOMM","foundingDate":"2025-01-01","numberOfEmployees":{"@type":"QuantitativeValue","minValue":"51","maxValue":"200"}}]}},"_links":{"self":[{"href":"https:\/\/bertakomm.ch\/en\/wp-json\/wp\/v2\/mitarbeiter\/4038","targetHints":{"allow":["GET"]}}],"collection":[{"href":"https:\/\/bertakomm.ch\/en\/wp-json\/wp\/v2\/mitarbeiter"}],"about":[{"href":"https:\/\/bertakomm.ch\/en\/wp-json\/wp\/v2\/types\/mitarbeiter"}],"version-history":[{"count":1,"href":"https:\/\/bertakomm.ch\/en\/wp-json\/wp\/v2\/mitarbeiter\/4038\/revisions"}],"predecessor-version":[{"id":4039,"href":"https:\/\/bertakomm.ch\/en\/wp-json\/wp\/v2\/mitarbeiter\/4038\/revisions\/4039"}],"wp:featuredmedia":[{"embeddable":true,"href":"https:\/\/bertakomm.ch\/en\/wp-json\/wp\/v2\/media\/4013"}],"wp:attachment":[{"href":"https:\/\/bertakomm.ch\/en\/wp-json\/wp\/v2\/media?parent=4038"}],"wp:term":[{"taxonomy":"mitarbeiter_tag","embeddable":true,"href":"https:\/\/bertakomm.ch\/en\/wp-json\/wp\/v2\/mitarbeiter_tag?post=4038"}],"curies":[{"name":"wp","href":"https:\/\/api.w.org\/{rel}","templated":true}]}}

BERTAKOMM beherrscht die gesamte Klaviatur anspruchsvoller Kommunikation und bietet Lösungen aus einer Hand. Mit rund 40 Mitarbeitenden an Standorten in der ganzen Schweiz übersetzen wir komplexe Inhalte in verständliche Kommunikation – von der ersten Idee bis zur aussagekräftigen Visualisierung, von der konzisen Strategie bis zur reibungslosen Umsetzung.
