{"id":3390,"date":"2025-03-21T15:42:24","date_gmt":"2025-03-21T14:42:24","guid":{"rendered":"https:\/\/dev.bertakomm-v3.berta-bewegt.ch\/mitarbeiter\/michel-thoma\/"},"modified":"2026-01-12T16:34:32","modified_gmt":"2026-01-12T15:34:32","slug":"michel-thoma","status":"publish","type":"mitarbeiter","link":"https:\/\/bertakomm.ch\/en\/team-member\/michel-thoma\/","title":{"rendered":"Michel Thoma"},"content":{"rendered":"\n<h2 class=\"wp-block-heading\" id=\"h-\"><\/h2>\n\n\n\n<p>Michel Thoma is a multimedia producer and is responsible for video and photo productions &#8211; both in the studio and on set. With a keen eye for detail, he takes care of post-production, including colour grading, and ensures high-quality visual results. As a drone pilot &#8211; also with FPV flights &#8211; he realises impressive aerial shots. From idea to realisation, he brings creative concepts to the table and combines technical expertise with visual storytelling. Michel Thoma holds a filmmaking certificate from Studio 1.<br><\/p>\n","protected":false},"featured_media":3392,"template":"","mitarbeiter_tag":[98],"class_list":["post-3390","mitarbeiter","type-mitarbeiter","status-publish","has-post-thumbnail","hentry","mitarbeiter_tag-multimedia-en"],"acf":[],"yoast_head":"<!-- This site is optimized with the Yoast SEO Premium plugin v27.2 (Yoast SEO v27.2) - https:\/\/yoast.com\/product\/yoast-seo-premium-wordpress\/ -->\n<title>Michel Thoma - Multimedia Producer | BERTAKOMM<\/title>\n<meta name=\"description\" content=\"Michel Thoma is a multimedia producer responsible for video and photo productions \u2013 both in the studio and on set.\" \/>\n<meta name=\"robots\" content=\"index, follow, max-snippet:-1, max-image-preview:large, max-video-preview:-1\" \/>\n<link rel=\"canonical\" href=\"https:\/\/bertakomm.ch\/en\/team-member\/michel-thoma\/\" \/>\n<meta property=\"og:locale\" content=\"en_US\" \/>\n<meta property=\"og:type\" content=\"article\" \/>\n<meta property=\"og:title\" content=\"Michel Thoma\" \/>\n<meta property=\"og:description\" content=\"Michel Thoma is a multimedia producer responsible for video and photo productions \u2013 both in the studio and on set.\" \/>\n<meta property=\"og:url\" content=\"https:\/\/bertakomm.ch\/en\/team-member\/michel-thoma\/\" \/>\n<meta property=\"og:site_name\" content=\"BERTAKOMM\" \/>\n<meta property=\"article:modified_time\" content=\"2026-01-12T15:34:32+00:00\" \/>\n<meta property=\"og:image\" content=\"https:\/\/bertakomm.ch\/wp-content\/uploads\/2025\/03\/bertakomm_portraits_michel-5-72pixel-scaled.jpg\" \/>\n\t<meta property=\"og:image:width\" content=\"1707\" \/>\n\t<meta property=\"og:image:height\" content=\"2560\" \/>\n\t<meta property=\"og:image:type\" content=\"image\/jpeg\" \/>\n<meta name=\"twitter:card\" content=\"summary_large_image\" \/>\n<meta name=\"twitter:label1\" content=\"Est. reading time\" \/>\n\t<meta name=\"twitter:data1\" content=\"1 minute\" \/>\n<!-- \/ Yoast SEO Premium plugin. -->","yoast_head_json":{"title":"Michel Thoma - Multimedia Producer | BERTAKOMM","description":"Michel Thoma is a multimedia producer responsible for video and photo productions \u2013 both in the studio and on set.","robots":{"index":"index","follow":"follow","max-snippet":"max-snippet:-1","max-image-preview":"max-image-preview:large","max-video-preview":"max-video-preview:-1"},"canonical":"https:\/\/bertakomm.ch\/en\/team-member\/michel-thoma\/","og_locale":"en_US","og_type":"article","og_title":"Michel Thoma","og_description":"Michel Thoma is a multimedia producer responsible for video and photo productions \u2013 both in the studio and on set.","og_url":"https:\/\/bertakomm.ch\/en\/team-member\/michel-thoma\/","og_site_name":"BERTAKOMM","article_modified_time":"2026-01-12T15:34:32+00:00","og_image":[{"width":1707,"height":2560,"url":"https:\/\/bertakomm.ch\/wp-content\/uploads\/2025\/03\/bertakomm_portraits_michel-5-72pixel-scaled.jpg","type":"image\/jpeg"}],"twitter_card":"summary_large_image","twitter_misc":{"Est. reading time":"1 minute"},"schema":{"@context":"https:\/\/schema.org","@graph":[{"@type":["WebPage","ProfilePage"],"@id":"https:\/\/bertakomm.ch\/en\/team-member\/michel-thoma\/","url":"https:\/\/bertakomm.ch\/en\/team-member\/michel-thoma\/","name":"Michel Thoma - Multimedia Producer | BERTAKOMM","isPartOf":{"@id":"https:\/\/bertakomm.ch\/#website"},"primaryImageOfPage":{"@id":"https:\/\/bertakomm.ch\/en\/team-member\/michel-thoma\/#primaryimage"},"image":{"@id":"https:\/\/bertakomm.ch\/en\/team-member\/michel-thoma\/#primaryimage"},"thumbnailUrl":"https:\/\/bertakomm.ch\/wp-content\/uploads\/2025\/03\/bertakomm_portraits_michel-5-72pixel-scaled.jpg","datePublished":"2025-03-21T14:42:24+00:00","dateModified":"2026-01-12T15:34:32+00:00","description":"Michel Thoma is a multimedia producer responsible for video and photo productions \u2013 both in the studio and on set.","breadcrumb":{"@id":"https:\/\/bertakomm.ch\/en\/team-member\/michel-thoma\/#breadcrumb"},"inLanguage":"en-US","potentialAction":[{"@type":"ReadAction","target":["https:\/\/bertakomm.ch\/en\/team-member\/michel-thoma\/"]}]},{"@type":"ImageObject","inLanguage":"en-US","@id":"https:\/\/bertakomm.ch\/en\/team-member\/michel-thoma\/#primaryimage","url":"https:\/\/bertakomm.ch\/wp-content\/uploads\/2025\/03\/bertakomm_portraits_michel-5-72pixel-scaled.jpg","contentUrl":"https:\/\/bertakomm.ch\/wp-content\/uploads\/2025\/03\/bertakomm_portraits_michel-5-72pixel-scaled.jpg","width":1707,"height":2560},{"@type":"BreadcrumbList","@id":"https:\/\/bertakomm.ch\/en\/team-member\/michel-thoma\/#breadcrumb","itemListElement":[{"@type":"ListItem","position":1,"name":"Home","item":"https:\/\/bertakomm.ch\/en\/"},{"@type":"ListItem","position":2,"name":"Mitarbeiter","item":"https:\/\/bertakomm.ch\/mitarbeiter\/"},{"@type":"ListItem","position":3,"name":"Michel Thoma"}]},{"@type":"WebSite","@id":"https:\/\/bertakomm.ch\/#website","url":"https:\/\/bertakomm.ch\/","name":"BERTAKOMM","description":"Strategisch. Kreativ. Auf den Punkt.","publisher":{"@id":"https:\/\/bertakomm.ch\/#organization"},"potentialAction":[{"@type":"SearchAction","target":{"@type":"EntryPoint","urlTemplate":"https:\/\/bertakomm.ch\/?s={search_term_string}"},"query-input":{"@type":"PropertyValueSpecification","valueRequired":true,"valueName":"search_term_string"}}],"inLanguage":"en-US"},{"@type":"Organization","@id":"https:\/\/bertakomm.ch\/#organization","name":"BERTAKOMM","url":"https:\/\/bertakomm.ch\/","logo":{"@type":"ImageObject","inLanguage":"en-US","@id":"https:\/\/bertakomm.ch\/#\/schema\/logo\/image\/","url":"","contentUrl":"","caption":"BERTAKOMM"},"image":{"@id":"https:\/\/bertakomm.ch\/#\/schema\/logo\/image\/"},"sameAs":["https:\/\/www.instagram.com\/bertakomm\/","https:\/\/www.linkedin.com\/company\/bertakomm"],"mainEntityOfPage":{"@id":"https:\/\/bertakomm.ch\/en\/team-member\/michel-thoma\/"},"description":"BERTAKOMM beherrscht die gesamte Klaviatur anspruchsvoller Kommunikation und bietet L\u00f6sungen aus einer Hand. Mit rund 40 Mitarbeitenden an Standorten in der ganzen Schweiz \u00fcbersetzen wir komplexe Inhalte in verst\u00e4ndliche Kommunikation \u2013 von der ersten Idee bis zur aussagekr\u00e4ftigen Visualisierung, von der konzisen Strategie bis zur reibungslosen Umsetzung.","email":"gruezi@bertakomm.ch","telephone":"+41445204080","legalName":"BERTA KOMM","foundingDate":"2025-01-01","numberOfEmployees":{"@type":"QuantitativeValue","minValue":"51","maxValue":"200"}}]}},"_links":{"self":[{"href":"https:\/\/bertakomm.ch\/en\/wp-json\/wp\/v2\/mitarbeiter\/3390","targetHints":{"allow":["GET"]}}],"collection":[{"href":"https:\/\/bertakomm.ch\/en\/wp-json\/wp\/v2\/mitarbeiter"}],"about":[{"href":"https:\/\/bertakomm.ch\/en\/wp-json\/wp\/v2\/types\/mitarbeiter"}],"version-history":[{"count":4,"href":"https:\/\/bertakomm.ch\/en\/wp-json\/wp\/v2\/mitarbeiter\/3390\/revisions"}],"predecessor-version":[{"id":3951,"href":"https:\/\/bertakomm.ch\/en\/wp-json\/wp\/v2\/mitarbeiter\/3390\/revisions\/3951"}],"wp:featuredmedia":[{"embeddable":true,"href":"https:\/\/bertakomm.ch\/en\/wp-json\/wp\/v2\/media\/3392"}],"wp:attachment":[{"href":"https:\/\/bertakomm.ch\/en\/wp-json\/wp\/v2\/media?parent=3390"}],"wp:term":[{"taxonomy":"mitarbeiter_tag","embeddable":true,"href":"https:\/\/bertakomm.ch\/en\/wp-json\/wp\/v2\/mitarbeiter_tag?post=3390"}],"curies":[{"name":"wp","href":"https:\/\/api.w.org\/{rel}","templated":true}]}}

BERTAKOMM beherrscht die gesamte Klaviatur anspruchsvoller Kommunikation und bietet Lösungen aus einer Hand. Mit rund 40 Mitarbeitenden an Standorten in der ganzen Schweiz übersetzen wir komplexe Inhalte in verständliche Kommunikation – von der ersten Idee bis zur aussagekräftigen Visualisierung, von der konzisen Strategie bis zur reibungslosen Umsetzung.
