{"id":3210,"date":"2025-03-21T15:48:14","date_gmt":"2025-03-21T14:48:14","guid":{"rendered":"https:\/\/dev.bertakomm-v3.berta-bewegt.ch\/mitarbeiter\/urs-rellstab\/"},"modified":"2026-01-12T16:31:02","modified_gmt":"2026-01-12T15:31:02","slug":"urs-rellstab","status":"publish","type":"mitarbeiter","link":"https:\/\/bertakomm.ch\/en\/team-member\/urs-rellstab\/","title":{"rendered":"Dr. Urs Rellstab"},"content":{"rendered":"\n<h2 class=\"wp-block-heading\" id=\"h-\"><\/h2>\n\n\n\n<p>Urs Rellstab is a strategic political consultant and campaigner with extensive experience. He knows the interplay between business, politics and the public from different perspectives &#8211; both on the agency and association side. Between 2000 and 2010, he was Head of Communications at economiesuisse and was responsible for all of the umbrella organisation&#8217;s campaigns. He previously worked as a journalist and editor-in-chief. Urs Rellstab studied economics at the University of St. Gallen (HSG).<\/p>\n","protected":false},"featured_media":3212,"template":"","mitarbeiter_tag":[101,83],"class_list":["post-3210","mitarbeiter","type-mitarbeiter","status-publish","has-post-thumbnail","hentry","mitarbeiter_tag-partner-en-2","mitarbeiter_tag-consulting-en"],"acf":[],"yoast_head":"<!-- This site is optimized with the Yoast SEO Premium plugin v27.2 (Yoast SEO v27.2) - https:\/\/yoast.com\/product\/yoast-seo-premium-wordpress\/ -->\n<title>Urs Rellstab - Chairman of the Board | BERTAKOMM<\/title>\n<meta name=\"description\" content=\"Urs Rellstab is a strategic political advisor and campaigner with extensive experience. He understands the interplay between business, politics, and the public from multiple perspectives.\" \/>\n<meta name=\"robots\" content=\"index, follow, max-snippet:-1, max-image-preview:large, max-video-preview:-1\" \/>\n<link rel=\"canonical\" href=\"https:\/\/bertakomm.ch\/en\/team-member\/urs-rellstab\/\" \/>\n<meta property=\"og:locale\" content=\"en_US\" \/>\n<meta property=\"og:type\" content=\"article\" \/>\n<meta property=\"og:title\" content=\"Dr. Urs Rellstab\" \/>\n<meta property=\"og:description\" content=\"Urs Rellstab is a strategic political advisor and campaigner with extensive experience. He understands the interplay between business, politics, and the public from multiple perspectives.\" \/>\n<meta property=\"og:url\" content=\"https:\/\/bertakomm.ch\/en\/team-member\/urs-rellstab\/\" \/>\n<meta property=\"og:site_name\" content=\"BERTAKOMM\" \/>\n<meta property=\"article:modified_time\" content=\"2026-01-12T15:31:02+00:00\" \/>\n<meta property=\"og:image\" content=\"https:\/\/bertakomm.ch\/wp-content\/uploads\/2025\/03\/urs-3-72pixel-scaled.jpg\" \/>\n\t<meta property=\"og:image:width\" content=\"1707\" \/>\n\t<meta property=\"og:image:height\" content=\"2560\" \/>\n\t<meta property=\"og:image:type\" content=\"image\/jpeg\" \/>\n<meta name=\"twitter:card\" content=\"summary_large_image\" \/>\n<meta name=\"twitter:label1\" content=\"Est. reading time\" \/>\n\t<meta name=\"twitter:data1\" content=\"1 minute\" \/>\n<!-- \/ Yoast SEO Premium plugin. -->","yoast_head_json":{"title":"Urs Rellstab - Chairman of the Board | BERTAKOMM","description":"Urs Rellstab is a strategic political advisor and campaigner with extensive experience. He understands the interplay between business, politics, and the public from multiple perspectives.","robots":{"index":"index","follow":"follow","max-snippet":"max-snippet:-1","max-image-preview":"max-image-preview:large","max-video-preview":"max-video-preview:-1"},"canonical":"https:\/\/bertakomm.ch\/en\/team-member\/urs-rellstab\/","og_locale":"en_US","og_type":"article","og_title":"Dr. Urs Rellstab","og_description":"Urs Rellstab is a strategic political advisor and campaigner with extensive experience. He understands the interplay between business, politics, and the public from multiple perspectives.","og_url":"https:\/\/bertakomm.ch\/en\/team-member\/urs-rellstab\/","og_site_name":"BERTAKOMM","article_modified_time":"2026-01-12T15:31:02+00:00","og_image":[{"width":1707,"height":2560,"url":"https:\/\/bertakomm.ch\/wp-content\/uploads\/2025\/03\/urs-3-72pixel-scaled.jpg","type":"image\/jpeg"}],"twitter_card":"summary_large_image","twitter_misc":{"Est. reading time":"1 minute"},"schema":{"@context":"https:\/\/schema.org","@graph":[{"@type":["WebPage","ProfilePage"],"@id":"https:\/\/bertakomm.ch\/en\/team-member\/urs-rellstab\/","url":"https:\/\/bertakomm.ch\/en\/team-member\/urs-rellstab\/","name":"Urs Rellstab - Chairman of the Board | BERTAKOMM","isPartOf":{"@id":"https:\/\/bertakomm.ch\/#website"},"primaryImageOfPage":{"@id":"https:\/\/bertakomm.ch\/en\/team-member\/urs-rellstab\/#primaryimage"},"image":{"@id":"https:\/\/bertakomm.ch\/en\/team-member\/urs-rellstab\/#primaryimage"},"thumbnailUrl":"https:\/\/bertakomm.ch\/wp-content\/uploads\/2025\/03\/urs-3-72pixel-scaled.jpg","datePublished":"2025-03-21T14:48:14+00:00","dateModified":"2026-01-12T15:31:02+00:00","description":"Urs Rellstab is a strategic political advisor and campaigner with extensive experience. He understands the interplay between business, politics, and the public from multiple perspectives.","breadcrumb":{"@id":"https:\/\/bertakomm.ch\/en\/team-member\/urs-rellstab\/#breadcrumb"},"inLanguage":"en-US","potentialAction":[{"@type":"ReadAction","target":["https:\/\/bertakomm.ch\/en\/team-member\/urs-rellstab\/"]}]},{"@type":"ImageObject","inLanguage":"en-US","@id":"https:\/\/bertakomm.ch\/en\/team-member\/urs-rellstab\/#primaryimage","url":"https:\/\/bertakomm.ch\/wp-content\/uploads\/2025\/03\/urs-3-72pixel-scaled.jpg","contentUrl":"https:\/\/bertakomm.ch\/wp-content\/uploads\/2025\/03\/urs-3-72pixel-scaled.jpg","width":1707,"height":2560},{"@type":"BreadcrumbList","@id":"https:\/\/bertakomm.ch\/en\/team-member\/urs-rellstab\/#breadcrumb","itemListElement":[{"@type":"ListItem","position":1,"name":"Home","item":"https:\/\/bertakomm.ch\/en\/"},{"@type":"ListItem","position":2,"name":"Mitarbeiter","item":"https:\/\/bertakomm.ch\/mitarbeiter\/"},{"@type":"ListItem","position":3,"name":"Dr. Urs Rellstab"}]},{"@type":"WebSite","@id":"https:\/\/bertakomm.ch\/#website","url":"https:\/\/bertakomm.ch\/","name":"BERTAKOMM","description":"Strategisch. Kreativ. Auf den Punkt.","publisher":{"@id":"https:\/\/bertakomm.ch\/#organization"},"potentialAction":[{"@type":"SearchAction","target":{"@type":"EntryPoint","urlTemplate":"https:\/\/bertakomm.ch\/?s={search_term_string}"},"query-input":{"@type":"PropertyValueSpecification","valueRequired":true,"valueName":"search_term_string"}}],"inLanguage":"en-US"},{"@type":"Organization","@id":"https:\/\/bertakomm.ch\/#organization","name":"BERTAKOMM","url":"https:\/\/bertakomm.ch\/","logo":{"@type":"ImageObject","inLanguage":"en-US","@id":"https:\/\/bertakomm.ch\/#\/schema\/logo\/image\/","url":"","contentUrl":"","caption":"BERTAKOMM"},"image":{"@id":"https:\/\/bertakomm.ch\/#\/schema\/logo\/image\/"},"sameAs":["https:\/\/www.instagram.com\/bertakomm\/","https:\/\/www.linkedin.com\/company\/bertakomm"],"mainEntityOfPage":{"@id":"https:\/\/bertakomm.ch\/en\/team-member\/urs-rellstab\/"},"description":"BERTAKOMM beherrscht die gesamte Klaviatur anspruchsvoller Kommunikation und bietet L\u00f6sungen aus einer Hand. Mit rund 40 Mitarbeitenden an Standorten in der ganzen Schweiz \u00fcbersetzen wir komplexe Inhalte in verst\u00e4ndliche Kommunikation \u2013 von der ersten Idee bis zur aussagekr\u00e4ftigen Visualisierung, von der konzisen Strategie bis zur reibungslosen Umsetzung.","email":"gruezi@bertakomm.ch","telephone":"+41445204080","legalName":"BERTA KOMM","foundingDate":"2025-01-01","numberOfEmployees":{"@type":"QuantitativeValue","minValue":"51","maxValue":"200"}}]}},"_links":{"self":[{"href":"https:\/\/bertakomm.ch\/en\/wp-json\/wp\/v2\/mitarbeiter\/3210","targetHints":{"allow":["GET"]}}],"collection":[{"href":"https:\/\/bertakomm.ch\/en\/wp-json\/wp\/v2\/mitarbeiter"}],"about":[{"href":"https:\/\/bertakomm.ch\/en\/wp-json\/wp\/v2\/types\/mitarbeiter"}],"version-history":[{"count":2,"href":"https:\/\/bertakomm.ch\/en\/wp-json\/wp\/v2\/mitarbeiter\/3210\/revisions"}],"predecessor-version":[{"id":3966,"href":"https:\/\/bertakomm.ch\/en\/wp-json\/wp\/v2\/mitarbeiter\/3210\/revisions\/3966"}],"wp:featuredmedia":[{"embeddable":true,"href":"https:\/\/bertakomm.ch\/en\/wp-json\/wp\/v2\/media\/3212"}],"wp:attachment":[{"href":"https:\/\/bertakomm.ch\/en\/wp-json\/wp\/v2\/media?parent=3210"}],"wp:term":[{"taxonomy":"mitarbeiter_tag","embeddable":true,"href":"https:\/\/bertakomm.ch\/en\/wp-json\/wp\/v2\/mitarbeiter_tag?post=3210"}],"curies":[{"name":"wp","href":"https:\/\/api.w.org\/{rel}","templated":true}]}}

BERTAKOMM beherrscht die gesamte Klaviatur anspruchsvoller Kommunikation und bietet Lösungen aus einer Hand. Mit rund 40 Mitarbeitenden an Standorten in der ganzen Schweiz übersetzen wir komplexe Inhalte in verständliche Kommunikation – von der ersten Idee bis zur aussagekräftigen Visualisierung, von der konzisen Strategie bis zur reibungslosen Umsetzung.
