{"id":3040,"date":"2025-03-21T16:06:35","date_gmt":"2025-03-21T15:06:35","guid":{"rendered":"https:\/\/dev.bertakomm-v3.berta-bewegt.ch\/mitarbeiter\/dr-marcel-kamm\/"},"modified":"2025-07-09T11:09:49","modified_gmt":"2025-07-09T09:09:49","slug":"dr-marcel-kamm","status":"publish","type":"mitarbeiter","link":"https:\/\/bertakomm.ch\/en\/team-member\/dr-marcel-kamm\/","title":{"rendered":"Dr. Marcel Kamm"},"content":{"rendered":"\n<h2 class=\"wp-block-heading\" id=\"h-\"><\/h2>\n\n\n\n<p>Marcel Kamm has been working as a communications consultant for over 20 years. During this time, he has supported clients in a wide range of industries and disciplines. In particular, he has extensive experience in crisis communication and as a media trainer. After studying economics in Zurich and St. Gallen and working as a local journalist, he spent seven years at the Swissmem association and 15 years as a senior consultant at a large PR agency.<\/p>\n","protected":false},"featured_media":3041,"template":"","mitarbeiter_tag":[83],"class_list":["post-3040","mitarbeiter","type-mitarbeiter","status-publish","has-post-thumbnail","hentry","mitarbeiter_tag-consulting-en"],"acf":[],"yoast_head":"<!-- This site is optimized with the Yoast SEO Premium plugin v27.2 (Yoast SEO v27.2) - https:\/\/yoast.com\/product\/yoast-seo-premium-wordpress\/ -->\n<title>Dr. Marcel Kamm - Advisor | BERTAKOMM<\/title>\n<meta name=\"description\" content=\"Marcel Kamm has been working as a communications consultant for over 20 years.During this time, he has supported clients across a wide range of industries and disciplines.\" \/>\n<meta name=\"robots\" content=\"index, follow, max-snippet:-1, max-image-preview:large, max-video-preview:-1\" \/>\n<link rel=\"canonical\" href=\"https:\/\/bertakomm.ch\/en\/team-member\/dr-marcel-kamm\/\" \/>\n<meta property=\"og:locale\" content=\"en_US\" \/>\n<meta property=\"og:type\" content=\"article\" \/>\n<meta property=\"og:title\" content=\"Dr. Marcel Kamm\" \/>\n<meta property=\"og:description\" content=\"Marcel Kamm has been working as a communications consultant for over 20 years.During this time, he has supported clients across a wide range of industries and disciplines.\" \/>\n<meta property=\"og:url\" content=\"https:\/\/bertakomm.ch\/en\/team-member\/dr-marcel-kamm\/\" \/>\n<meta property=\"og:site_name\" content=\"BERTAKOMM\" \/>\n<meta property=\"article:modified_time\" content=\"2025-07-09T09:09:49+00:00\" \/>\n<meta property=\"og:image\" content=\"https:\/\/bertakomm.ch\/wp-content\/uploads\/2025\/03\/marcel-5-72pixel-scaled.jpg\" \/>\n\t<meta property=\"og:image:width\" content=\"1707\" \/>\n\t<meta property=\"og:image:height\" content=\"2560\" \/>\n\t<meta property=\"og:image:type\" content=\"image\/jpeg\" \/>\n<meta name=\"twitter:card\" content=\"summary_large_image\" \/>\n<meta name=\"twitter:label1\" content=\"Est. reading time\" \/>\n\t<meta name=\"twitter:data1\" content=\"1 minute\" \/>\n<!-- \/ Yoast SEO Premium plugin. -->","yoast_head_json":{"title":"Dr. Marcel Kamm - Advisor | BERTAKOMM","description":"Marcel Kamm has been working as a communications consultant for over 20 years.During this time, he has supported clients across a wide range of industries and disciplines.","robots":{"index":"index","follow":"follow","max-snippet":"max-snippet:-1","max-image-preview":"max-image-preview:large","max-video-preview":"max-video-preview:-1"},"canonical":"https:\/\/bertakomm.ch\/en\/team-member\/dr-marcel-kamm\/","og_locale":"en_US","og_type":"article","og_title":"Dr. Marcel Kamm","og_description":"Marcel Kamm has been working as a communications consultant for over 20 years.During this time, he has supported clients across a wide range of industries and disciplines.","og_url":"https:\/\/bertakomm.ch\/en\/team-member\/dr-marcel-kamm\/","og_site_name":"BERTAKOMM","article_modified_time":"2025-07-09T09:09:49+00:00","og_image":[{"width":1707,"height":2560,"url":"https:\/\/bertakomm.ch\/wp-content\/uploads\/2025\/03\/marcel-5-72pixel-scaled.jpg","type":"image\/jpeg"}],"twitter_card":"summary_large_image","twitter_misc":{"Est. reading time":"1 minute"},"schema":{"@context":"https:\/\/schema.org","@graph":[{"@type":["WebPage","ProfilePage"],"@id":"https:\/\/bertakomm.ch\/en\/team-member\/dr-marcel-kamm\/","url":"https:\/\/bertakomm.ch\/en\/team-member\/dr-marcel-kamm\/","name":"Dr. Marcel Kamm - Advisor | BERTAKOMM","isPartOf":{"@id":"https:\/\/bertakomm.ch\/#website"},"primaryImageOfPage":{"@id":"https:\/\/bertakomm.ch\/en\/team-member\/dr-marcel-kamm\/#primaryimage"},"image":{"@id":"https:\/\/bertakomm.ch\/en\/team-member\/dr-marcel-kamm\/#primaryimage"},"thumbnailUrl":"https:\/\/bertakomm.ch\/wp-content\/uploads\/2025\/03\/marcel-5-72pixel-scaled.jpg","datePublished":"2025-03-21T15:06:35+00:00","dateModified":"2025-07-09T09:09:49+00:00","description":"Marcel Kamm has been working as a communications consultant for over 20 years.During this time, he has supported clients across a wide range of industries and disciplines.","breadcrumb":{"@id":"https:\/\/bertakomm.ch\/en\/team-member\/dr-marcel-kamm\/#breadcrumb"},"inLanguage":"en-US","potentialAction":[{"@type":"ReadAction","target":["https:\/\/bertakomm.ch\/en\/team-member\/dr-marcel-kamm\/"]}]},{"@type":"ImageObject","inLanguage":"en-US","@id":"https:\/\/bertakomm.ch\/en\/team-member\/dr-marcel-kamm\/#primaryimage","url":"https:\/\/bertakomm.ch\/wp-content\/uploads\/2025\/03\/marcel-5-72pixel-scaled.jpg","contentUrl":"https:\/\/bertakomm.ch\/wp-content\/uploads\/2025\/03\/marcel-5-72pixel-scaled.jpg","width":1707,"height":2560},{"@type":"BreadcrumbList","@id":"https:\/\/bertakomm.ch\/en\/team-member\/dr-marcel-kamm\/#breadcrumb","itemListElement":[{"@type":"ListItem","position":1,"name":"Home","item":"https:\/\/bertakomm.ch\/en\/"},{"@type":"ListItem","position":2,"name":"Mitarbeiter","item":"https:\/\/bertakomm.ch\/mitarbeiter\/"},{"@type":"ListItem","position":3,"name":"Dr. Marcel Kamm"}]},{"@type":"WebSite","@id":"https:\/\/bertakomm.ch\/#website","url":"https:\/\/bertakomm.ch\/","name":"BERTAKOMM","description":"Strategisch. Kreativ. Auf den Punkt.","publisher":{"@id":"https:\/\/bertakomm.ch\/#organization"},"potentialAction":[{"@type":"SearchAction","target":{"@type":"EntryPoint","urlTemplate":"https:\/\/bertakomm.ch\/?s={search_term_string}"},"query-input":{"@type":"PropertyValueSpecification","valueRequired":true,"valueName":"search_term_string"}}],"inLanguage":"en-US"},{"@type":"Organization","@id":"https:\/\/bertakomm.ch\/#organization","name":"BERTAKOMM","url":"https:\/\/bertakomm.ch\/","logo":{"@type":"ImageObject","inLanguage":"en-US","@id":"https:\/\/bertakomm.ch\/#\/schema\/logo\/image\/","url":"","contentUrl":"","caption":"BERTAKOMM"},"image":{"@id":"https:\/\/bertakomm.ch\/#\/schema\/logo\/image\/"},"sameAs":["https:\/\/www.instagram.com\/bertakomm\/","https:\/\/www.linkedin.com\/company\/bertakomm"],"mainEntityOfPage":{"@id":"https:\/\/bertakomm.ch\/en\/team-member\/dr-marcel-kamm\/"},"description":"BERTAKOMM beherrscht die gesamte Klaviatur anspruchsvoller Kommunikation und bietet L\u00f6sungen aus einer Hand. Mit rund 40 Mitarbeitenden an Standorten in der ganzen Schweiz \u00fcbersetzen wir komplexe Inhalte in verst\u00e4ndliche Kommunikation \u2013 von der ersten Idee bis zur aussagekr\u00e4ftigen Visualisierung, von der konzisen Strategie bis zur reibungslosen Umsetzung.","email":"gruezi@bertakomm.ch","telephone":"+41445204080","legalName":"BERTA KOMM","foundingDate":"2025-01-01","numberOfEmployees":{"@type":"QuantitativeValue","minValue":"51","maxValue":"200"}}]}},"_links":{"self":[{"href":"https:\/\/bertakomm.ch\/en\/wp-json\/wp\/v2\/mitarbeiter\/3040","targetHints":{"allow":["GET"]}}],"collection":[{"href":"https:\/\/bertakomm.ch\/en\/wp-json\/wp\/v2\/mitarbeiter"}],"about":[{"href":"https:\/\/bertakomm.ch\/en\/wp-json\/wp\/v2\/types\/mitarbeiter"}],"version-history":[{"count":3,"href":"https:\/\/bertakomm.ch\/en\/wp-json\/wp\/v2\/mitarbeiter\/3040\/revisions"}],"predecessor-version":[{"id":3992,"href":"https:\/\/bertakomm.ch\/en\/wp-json\/wp\/v2\/mitarbeiter\/3040\/revisions\/3992"}],"wp:featuredmedia":[{"embeddable":true,"href":"https:\/\/bertakomm.ch\/en\/wp-json\/wp\/v2\/media\/3041"}],"wp:attachment":[{"href":"https:\/\/bertakomm.ch\/en\/wp-json\/wp\/v2\/media?parent=3040"}],"wp:term":[{"taxonomy":"mitarbeiter_tag","embeddable":true,"href":"https:\/\/bertakomm.ch\/en\/wp-json\/wp\/v2\/mitarbeiter_tag?post=3040"}],"curies":[{"name":"wp","href":"https:\/\/api.w.org\/{rel}","templated":true}]}}

BERTAKOMM beherrscht die gesamte Klaviatur anspruchsvoller Kommunikation und bietet Lösungen aus einer Hand. Mit rund 40 Mitarbeitenden an Standorten in der ganzen Schweiz übersetzen wir komplexe Inhalte in verständliche Kommunikation – von der ersten Idee bis zur aussagekräftigen Visualisierung, von der konzisen Strategie bis zur reibungslosen Umsetzung.
